000
CXUS55 KLOX 291155
CF6PRB
PRELIMINARY LOCAL CLIMATOLOGICAL DATA (WS FORM: F-6)

                                          STATION:   PASO ROBLES AIRPORT CA
                                          MONTH:     MAY
                                          YEAR:      2017
                                          LATITUDE:   35 40 N
                                          LONGITUDE: 120 38 W

  TEMPERATURE IN F:       :PCPN:    SNOW:  WIND      :SUNSHINE: SKY     :PK WND
================================================================================
1   2   3   4   5  6A  6B    7    8   9   10  11  12  13   14  15   16   17  18
                                     12Z  AVG MX 2MIN
DY MAX MIN AVG DEP HDD CDD  WTR  SNW DPTH SPD SPD DIR MIN PSBL S-S WX    SPD DR
================================================================================

 1  93  45  69   9   0   4 0.00  0.0    0  4.6 18 350   M    M   0        22 320
 2  96  50  73  13   0   8 0.00  0.0    0  3.7 14 350   M    M   0        18 340
 3  97  53  75  14   0  10 0.00  0.0    0  4.5 16 210   M    M   0        19 200
 4  88  54  71  10   0   6 0.00  0.0    0  8.0 21 200   M    M   0        24 200
 5  83  50  67   6   0   2 0.00  0.0    0 12.4 23 320   M    M   3 1      30 320
 6  63  45  54  -7  11   0    T    M    0 11.2 21 330   M    M   5        26 340
 7  66  48  57  -5   8   0 0.18    M    0  7.0 20 210   M    M   5 1      26 240
 8  79  46  63   1   2   0 0.00  0.0    0  5.6 18 200   M    M   2        22 200
 9  85  46  66   4   0   1 0.00  0.0    0  9.8 29 210   M    M   2        36 210
10  68  54  61  -1   4   0 0.00  0.0    0  9.2 20 210   M    M   7        22 230
11  76  53  65   3   0   0 0.00  0.0    0  8.0 21 210   M    M   4        25 200
12  71  49  60  -3   5   0 0.00  0.0    0 14.2 26 330   M    M   4        33 320
13  74  44  59  -4   6   0 0.00  0.0    0 11.1 21 320   M    M   0        26 320
14  70  44  57  -6   8   0 0.00  0.0    0 11.3 18 310   M    M   1        24 310
15  67  43  55  -8  10   0 0.00  0.0    0  8.8 23 200   M    M   4        28 190
16  74  45  60  -4   5   0 0.00  0.0    0  9.5 24 320   M    M   2        28 320
17  79  51  65   1   0   0 0.00  0.0    0 12.4 24 330   M    M   1        29 340
18  86  40  63  -1   2   0 0.00  0.0    0  5.7 21 330   M    M   0        27 330
19  89  46  68   4   0   3 0.00  0.0    0  6.0 21 210   M    M   0        26 230
20  96  47  72   8   0   7 0.00  0.0    0  4.2 15 330   M    M   0        20 310
21  98  51  75  11   0  10 0.00  0.0    0  5.4 18 240   M    M   0        26 230
22  99  50  75  11   0  10 0.00  0.0    0  5.9 23 200   M    M   0        26 210
23  94  51  73   8   0   8 0.00  0.0    0  6.2 25 210   M    M   0        31 210
24  82  51  67   2   0   2 0.00  0.0    0 11.0 26 210   M    M   0        33 210
25  62  53  58  -7   7   0 0.00  0.0    0  9.7 18 240   M    M  10        22 240
26  69  50  60  -5   5   0 0.00  0.0    0  7.1 15 220   M    M   7        20 160
27  83  43  63  -2   2   0 0.00  0.0    0  6.6 22 190   M    M   2        26 190
28  92  45  69   3   0   4 0.00  0.0    0  7.0 18 300   M    M   0        23 300
================================================================================
SM 2279 1347        75  75  0.18     0.0 226.2          M       59
================================================================================
AV 81.4 48.1                               8.1 FASTST   M    M   2    MAX(MPH)
                                 MISC ---->  # 29 210               # 36  210
================================================================================
NOTES:
# LAST OF SEVERAL OCCURRENCES

COLUMN 17 PEAK WIND IN M.P.H.

PRELIMINARY LOCAL CLIMATOLOGICAL DATA (WS FORM: F-6) , PAGE 2

                                          STATION:  PASO ROBLES AIRPORT CA
                                          MONTH:    MAY
                                          YEAR:     2017
                                          LATITUDE:   35 40 N
                                          LONGITUDE: 120 38 W

[TEMPERATURE DATA]      [PRECIPITATION DATA]       SYMBOLS USED IN COLUMN 16

AVERAGE MONTHLY: 64.8   TOTAL FOR MONTH:   0.18    1 = FOG OR MIST
DPTR FM NORMAL:   1.7   DPTR FM NORMAL:   -0.07    2 = FOG REDUCING VISIBILITY
HIGHEST:    99 ON 22    GRTST 24HR  0.18 ON  7- 7      TO 1/4 MILE OR LESS
LOWEST:     40 ON 18                               3 = THUNDER
                        SNOW, ICE PELLETS, HAIL    4 = ICE PELLETS
                        TOTAL MONTH:   0.0 INCH    5 = HAIL
                        GRTST 24HR     0.0         6 = FREEZING RAIN OR DRIZZLE
                        GRTST DEPTH:   0           7 = DUSTSTORM OR SANDSTORM:
                                                       VSBY 1/2 MILE OR LESS
                                                   8 = SMOKE OR HAZE
[NO. OF DAYS WITH]      [WEATHER - DAYS WITH]      9 = BLOWING SNOW
                                                   X = TORNADO
MAX 32 OR BELOW:   0    0.01 INCH OR MORE:   1
MAX 90 OR ABOVE:   8    0.10 INCH OR MORE:   1
MIN 32 OR BELOW:   0    0.50 INCH OR MORE:   0
MIN  0 OR BELOW:   0    1.00 INCH OR MORE:   0

[HDD (BASE 65) ]
TOTAL THIS MO.    75    CLEAR  (SCALE 0-3)  20
DPTR FM NORMAL   -27    PTCLDY (SCALE 4-7)   7
TOTAL FM JUL 1  2327    CLOUDY (SCALE 8-10)  1
DPTR FM NORMAL  -487

[CDD (BASE 65) ]
TOTAL THIS MO.    75
DPTR FM NORMAL    25    [PRESSURE DATA]
TOTAL FM JAN 1    76    HIGHEST SLP M ON M
DPTR FM NORMAL    17    LOWEST  SLP 29.67 ON  6

[REMARKS]
