000
CXUS56 KPDT 191032
CF6PSC
PRELIMINARY LOCAL CLIMATOLOGICAL DATA (WS FORM: F-6)

                                          STATION:   PASCO WA
                                          MONTH:     DECEMBER
                                          YEAR:      2014
                                          LATITUDE:   46 16 N
                                          LONGITUDE: 119  7 W

  TEMPERATURE IN F:       :PCPN:    SNOW:  WIND      :SUNSHINE: SKY     :PK WND
================================================================================
1   2   3   4   5  6A  6B    7    8   9   10  11  12  13   14  15   16   17  18
                                     12Z  AVG MX 2MIN
DY MAX MIN AVG DEP HDD CDD  WTR  SNW DPTH SPD SPD DIR MIN PSBL S-S WX    SPD DR
================================================================================

 1  28  10  19 -17  46   0    T    T    M  3.2  7 320   M    M   8         9 130
 2  31  10  21 -15  44   0    T    T    0  7.5 16 330   M    M   5 1      20 330
 3  30  20  25 -10  40   0    T  0.0    0  2.0 10 330   M    M   8 6      12 330
 4  35  30  33  -2  32   0 0.11  0.0    0  2.5  7 310   M    M  10 14      8 120
 5  38  32  35   0  30   0 0.00  0.0    0  2.8  9 350   M    M  10 1      10 350
 6  52  30  41   7  24   0 0.13  0.0    0  4.4 14 220   M    M   5 1      17 220
 7  42  29  36   2  29   0 0.00  0.0    0  4.2 10 330   M    M   8 1      14 340
 8  45  35  40   6  25   0 0.00  0.0    0  2.4  8  80   M    M  10        10  90
 9  43  37  40   6  25   0 0.06    M    0  3.3 12 130   M    M   8 1      13 130
10  48  38  43   9  22   0 0.03  0.0    0  3.9 18 290   M    M   7 18     25 290
11  63  37  50  17  15   0 0.02    M    0  6.9 21 120   M    M   6 1      29 130
12  55  33  44  11  21   0 0.04    M    0  4.0 14 180   M    M   8        18 260
13  53  27  40   7  25   0 0.00  0.0    0  1.1 10 240   M    M   0 1      11 230
14  39  25  32  -1  33   0 0.00  0.0    0  5.2 12 320   M    M   7 1      13 320
15  36  31  34   1  31   0    T    M    0  4.3 13 360   M    M   9 16     15 360
16  40  32  36   4  29   0 0.04    M    0  3.4 10 320   M    M  10 1      11 320
17  40  35  38   6  27   0    T    M    0  2.5 10  10   M    M  10 1      13  10
18  41  31  36   4  29   0 0.05    M    0  2.1  7 300   M    M   8 18      8 300
================================================================================
SM  759  522       527   0  0.48    T     65.7          M      137
================================================================================
AV 42.2 29.0                               3.7 FASTST   M    M   8    MAX(MPH)
                                 MISC ---->  # 21 120               # 29  130
================================================================================
NOTES:
# LAST OF SEVERAL OCCURRENCES

COLUMN 17 PEAK WIND IN M.P.H.

PRELIMINARY LOCAL CLIMATOLOGICAL DATA (WS FORM: F-6) , PAGE 2

                                          STATION:  PASCO WA
                                          MONTH:    DECEMBER
                                          YEAR:     2014
                                          LATITUDE:   46 16 N
                                          LONGITUDE: 119  7 W

[TEMPERATURE DATA]      [PRECIPITATION DATA]       SYMBOLS USED IN COLUMN 16

AVERAGE MONTHLY: 35.6   TOTAL FOR MONTH:   0.48    1 = FOG OR MIST
DPTR FM NORMAL:   1.8   DPTR FM NORMAL:   -0.11    2 = FOG REDUCING VISIBILITY
HIGHEST:    63 ON 11    GRTST 24HR  0.13 ON  6- 6      TO 1/4 MILE OR LESS
LOWEST:     10 ON  2, 1                            3 = THUNDER
                        SNOW, ICE PELLETS, HAIL    4 = ICE PELLETS
                        TOTAL MONTH:    T          5 = HAIL
                        GRTST 24HR    T  ON  2- 2  6 = FREEZING RAIN OR DRIZZLE
                        GRTST DEPTH:   0           7 = DUSTSTORM OR SANDSTORM:
                                                       VSBY 1/2 MILE OR LESS
                                                   8 = SMOKE OR HAZE
[NO. OF DAYS WITH]      [WEATHER - DAYS WITH]      9 = BLOWING SNOW
                                                   X = TORNADO
MAX 32 OR BELOW:   3    0.01 INCH OR MORE:   8
MAX 90 OR ABOVE:   0    0.10 INCH OR MORE:   2
MIN 32 OR BELOW:  12    0.50 INCH OR MORE:   0
MIN  0 OR BELOW:   0    1.00 INCH OR MORE:   0

[HDD (BASE 65) ]
TOTAL THIS MO.   527    CLEAR  (SCALE 0-3)   1
DPTR FM NORMAL   -34    PTCLDY (SCALE 4-7)  10
TOTAL FM JUL 1  1592    CLOUDY (SCALE 8-10)  7
DPTR FM NORMAL  -198

[CDD (BASE 65) ]
TOTAL THIS MO.     0
DPTR FM NORMAL     0    [PRESSURE DATA]
TOTAL FM JAN 1   991    HIGHEST SLP M ON M
DPTR FM NORMAL   281    LOWEST  SLP 29.28 ON 11

[REMARKS]
