000
CXUS55 KALY 280710
CF6PSF
PRELIMINARY LOCAL CLIMATOLOGICAL DATA (WS FORM: F-6)

                                          STATION:   PITTSFIELD MA
                                          MONTH:     MAY
                                          YEAR:      2015
                                          LATITUDE:   42 25 N
                                          LONGITUDE:  73 18 W

  TEMPERATURE IN F:       :PCPN:    SNOW:  WIND      :SUNSHINE: SKY     :PK WND
================================================================================
1   2   3   4   5  6A  6B    7    8   9   10  11  12  13   14  15   16   17  18
                                     12Z  AVG MX 2MIN
DY MAX MIN AVG DEP HDD CDD  WTR  SNW DPTH SPD SPD DIR MIN PSBL S-S WX    SPD DR
================================================================================

 1  58  40  49  -1  16   0 0.00    M    M  1.9  9 150   M    M   8        13  70
 2  70  37  54   3  11   0 0.00    M    M  3.5 13 280   M    M   6 1      18 290
 3  75  41  58   7   7   0 0.00    M    M  5.1 17 300   M    M   1        23 290
 4  81  43  62  11   3   0 0.00    M    M  7.9 21 230   M    M   3 1      29 210
 5  76  55  66  14   0   1    T    M    M  8.1 21 300   M    M   4        26 310
 6  73  51  62  10   3   0 0.00    M    M  4.3 13 260   M    M   1        16 260
 7  80  41  61   9   4   0 0.00    M    M  2.8 14 280   M    M   0 1      18 270
 8  85  48  67  15   0   2 0.00    M    M  4.2 20 140   M    M   2        24 140
 9  77  50  64  11   1   0 0.00    M    M  8.1 17 170   M    M   3        24 170
10  84  62  73  20   0   8 0.00    M    M  8.5 18 300   M    M   4 3      22 290
11  83  60  72  19   0   7 0.00    M    M  9.2 22 180   M    M   2 1      28 160
12  79  51  65  11   0   0 0.07    M    M 11.6 28 280   M    M   7 1      37 290
13  57  38  48  -6  17   0 0.00    M    M 11.5 30 290   M    M   7        44 270
14  64  33  49  -5  16   0 0.00    M    M  4.7 16 290   M    M   0        22 300
15  70  35  53  -2  12   0 0.00    M    M  3.2 15 240   M    M   2        18 230
16  73  51  62   7   3   0 0.06    M    M  3.8 12 230   M    M   7 1      18 230
17  80  54  67  12   0   2 0.00    M    M  6.1 15 270   M    M   3 1      21 270
18  76  52  64   8   1   0 0.00    M    M  7.0 17 210   M    M   6 1      24 210
19  78  49  64   8   1   0 0.12    M    M  5.5 26 290   M    M   8 13     35 300
20  53  42  48  -8  17   0 0.00    M    M 14.1 24 280   M    M   6        33 310
21  61  41  51  -5  14   0 0.00    M    M  5.6 13 230   M    M   6        17 210
22  64  42  53  -4  12   0    T    M    M 12.3 28 260   M    M   3        39 290
23  60  34  47 -10  18   0 0.00    M    M  8.6 22 290   M    M   0        32 330
24  77  33  55  -2  10   0 0.00    M    M  4.9 18 280   M    M   0        26 290
25  81  49  65   7   0   0 0.00    M    M  6.0 20 200   M    M   3        29 210
26  84  65  75  17   0  10    T    M    M  7.4 21 210   M    M   4 3      33 220
27  83  60  72  14   0   7 0.77    M    M  6.2 33 270   M    M   5 13     45 290
================================================================================
SM 1982 1257       166  37  1.02    M    182.1          M      101
================================================================================
AV 73.4 46.6                               6.7 FASTST   M    M   4    MAX(MPH)
                                 MISC ---->  # 33 270               # 45  290
================================================================================
NOTES:
# LAST OF SEVERAL OCCURRENCES

COLUMN 17 PEAK WIND IN M.P.H.

PRELIMINARY LOCAL CLIMATOLOGICAL DATA (WS FORM: F-6) , PAGE 2

                                          STATION:  PITTSFIELD MA
                                          MONTH:    MAY
                                          YEAR:     2015
                                          LATITUDE:   42 25 N
                                          LONGITUDE:  73 18 W

[TEMPERATURE DATA]      [PRECIPITATION DATA]       SYMBOLS USED IN COLUMN 16

AVERAGE MONTHLY: 60.0   TOTAL FOR MONTH:   1.02    1 = FOG OR MIST
DPTR FM NORMAL:   5.7   DPTR FM NORMAL:   -2.55    2 = FOG REDUCING VISIBILITY
HIGHEST:    85 ON  8    GRTST 24HR  0.77 ON 27-27      TO 1/4 MILE OR LESS
LOWEST:     33 ON 24,14                            3 = THUNDER
                        SNOW, ICE PELLETS, HAIL    4 = ICE PELLETS
                        TOTAL MONTH:    M          5 = HAIL
                        GRTST 24HR    M  ON   M    6 = FREEZING RAIN OR DRIZZLE
                        GRTST DEPTH:  M  ON   M    7 = DUSTSTORM OR SANDSTORM:
                                                       VSBY 1/2 MILE OR LESS
                                                   8 = SMOKE OR HAZE
[NO. OF DAYS WITH]      [WEATHER - DAYS WITH]      9 = BLOWING SNOW
                                                   X = TORNADO
MAX 32 OR BELOW:   0    0.01 INCH OR MORE:   4
MAX 90 OR ABOVE:   0    0.10 INCH OR MORE:   2
MIN 32 OR BELOW:   0    0.50 INCH OR MORE:   1
MIN  0 OR BELOW:   0    1.00 INCH OR MORE:   0

[HDD (BASE 65) ]
TOTAL THIS MO.   166    CLEAR  (SCALE 0-3)  13
DPTR FM NORMAL  -132    PTCLDY (SCALE 4-7)  14
TOTAL FM JUL 1  7658    CLOUDY (SCALE 8-10)  0
DPTR FM NORMAL   325

[CDD (BASE 65) ]
TOTAL THIS MO.    37
DPTR FM NORMAL    36    [PRESSURE DATA]
TOTAL FM JAN 1    37    HIGHEST SLP M ON M
DPTR FM NORMAL    34    LOWEST  SLP 29.70 ON 12

[REMARKS]
