832
CXUS54 KFWD 170730
CF6PSN
PRELIMINARY LOCAL CLIMATOLOGICAL DATA (WS FORM: F-6)

                                          STATION:   PALESTINE
                                          MONTH:     JANUARY
                                          YEAR:      2017
                                          LATITUDE:   31 46 N
                                          LONGITUDE:  95 42 W

  TEMPERATURE IN F:       :PCPN:    SNOW:  WIND      :SUNSHINE: SKY     :PK WND
================================================================================
1   2   3   4   5  6A  6B    7    8   9   10  11  12  13   14  15   16   17  18
                                     12Z  AVG MX 2MIN
DY MAX MIN AVG DEP HDD CDD  WTR  SNW DPTH SPD SPD DIR MIN PSBL S-S WX    SPD DR
================================================================================

 1  69  55  62  16   3   0 0.02  0.0    0  4.1  8 120   M    M   8 12      M  M
 2  72  49  61  15   4   0 0.33    M    0  6.4 28 290   M    M   4 1      38 290
 3  69  42  56  10   9   0 0.00  0.0    0  7.6 17 280   M    M   3        30 320
 4  42  35  39  -7  26   0 0.00  0.0    0  4.9 10 340   M    M   7        18 350
 5  53  32  43  -3  22   0 0.00  0.0    0  6.8 16 360   M    M   8        24 340
 6  32  19  26 -20  39   0 0.00  0.0    0 10.7 15 350   M    M   9        24 340
 7  40  13  27 -19  38   0 0.00  0.0    0  3.8  8 350   M    M   0         M  M
 8  48  19  34 -12  31   0 0.00  0.0    0  4.7 13 190   M    M   0        18 190
 9  64  36  50   4  15   0 0.00  0.0    0  8.6 16 170   M    M   6        24 180
10  77  60  69  23   0   4 0.00  0.0    0 13.9 23 200   M    M   6        30 200
11  79  66  73  27   0   8 0.00  0.0    0 14.8 25 190   M    M   8        36 190
12  79  67  73  27   0   8 0.00  0.0    0  8.5 13 210   M    M   9        23 160
13  79  53  66  20   0   1 0.00  0.0    0  5.7 14 150   M    M   7        21 150
14  64  51  58  12   7   0 0.05  0.0    0  2.8  7 270   M    M   7 12      M  M
15  69  54  62  16   3   0 0.23  0.0    0  6.5 14 120   M    M  10 1      21 120
16  68  56  62  16   3   0 0.62  0.0    0  5.1 13 230   M    M  10        21 150
================================================================================
SM 1004  707       200  21  1.25     0.0 114.9          M      102
================================================================================
AV 62.8 44.2                               7.2 FASTST   M    M   6    MAX(MPH)
                                 MISC ---->    28   M               # 38  290
================================================================================
NOTES:
# LAST OF SEVERAL OCCURRENCES

COLUMN 17 PEAK WIND IN M.P.H.

PRELIMINARY LOCAL CLIMATOLOGICAL DATA (WS FORM: F-6) , PAGE 2

                                          STATION:  PALESTINE
                                          MONTH:    JANUARY
                                          YEAR:     2017
                                          LATITUDE:   31 46 N
                                          LONGITUDE:  95 42 W

[TEMPERATURE DATA]      [PRECIPITATION DATA]       SYMBOLS USED IN COLUMN 16

AVERAGE MONTHLY: 53.5   TOTAL FOR MONTH:   1.25    1 = FOG OR MIST
DPTR FM NORMAL:   7.5   DPTR FM NORMAL:   -0.56    2 = FOG REDUCING VISIBILITY
HIGHEST:    79 ON 13,12 GRTST 24HR  0.62 ON 16-16      TO 1/4 MILE OR LESS
LOWEST:     13 ON  7                               3 = THUNDER
                        SNOW, ICE PELLETS, HAIL    4 = ICE PELLETS
                        TOTAL MONTH:   0.0 INCH    5 = HAIL
                        GRTST 24HR     0.0         6 = FREEZING RAIN OR DRIZZLE
                        GRTST DEPTH:   0           7 = DUSTSTORM OR SANDSTORM:
                                                       VSBY 1/2 MILE OR LESS
                                                   8 = SMOKE OR HAZE
[NO. OF DAYS WITH]      [WEATHER - DAYS WITH]      9 = BLOWING SNOW
                                                   X = TORNADO
MAX 32 OR BELOW:   1    0.01 INCH OR MORE:   5
MAX 90 OR ABOVE:   0    0.10 INCH OR MORE:   3
MIN 32 OR BELOW:   4    0.50 INCH OR MORE:   1
MIN  0 OR BELOW:   0    1.00 INCH OR MORE:   0

[HDD (BASE 65) ]
TOTAL THIS MO.   200    CLEAR  (SCALE 0-3)   2
DPTR FM NORMAL  -112    PTCLDY (SCALE 4-7)   8
TOTAL FM JUL 1   719    CLOUDY (SCALE 8-10)  6
DPTR FM NORMAL  -529

[CDD (BASE 65) ]
TOTAL THIS MO.    21
DPTR FM NORMAL    21    [PRESSURE DATA]
TOTAL FM JAN 1    21    HIGHEST SLP M ON M
DPTR FM NORMAL    21    LOWEST  SLP M ON M

[REMARKS]
