000
CXUS55 KPUB 292143
CF6PUB
PRELIMINARY LOCAL CLIMATOLOGICAL DATA (WS FORM: F-6)

                                          STATION:   PUEBLO CO
                                          MONTH:     JUNE
                                          YEAR:      2015
                                          LATITUDE:   38 16 N
                                          LONGITUDE: 104 31 W

  TEMPERATURE IN F:       :PCPN:    SNOW:  WIND      :SUNSHINE: SKY     :PK WND
================================================================================
1   2   3   4   5  6A  6B    7    8   9   10  11  12  13   14  15   16   17  18
                                     12Z  AVG MX 2MIN
DY MAX MIN AVG DEP HDD CDD  WTR  SNW DPTH SPD SPD DIR MIN PSBL S-S WX    SPD DR
================================================================================

 1  87  52  70   5   0   5 0.01  0.0    0  6.6 25 160   M    M   1 3      29 140
 2  88  51  70   4   0   5 0.00  0.0    0  5.5 16 120   M    M   0        20 110
 3  80  51  66   0   0   1 0.00  0.0    0  9.9 21  60   M    M   2        26  30
 4  85  65  75   9   0  10    T  0.0    0  8.1 22 130   M    M   4        28 130
 5  79  60  70   3   0   5    T  0.0    0  9.8 24 150   M    M   3        31 150
 6  85  54  70   3   0   5 0.01  0.0    0  7.1 39 290   M    M   0 3      53 290
 7  82  50  66  -1   0   1 0.01  0.0    0  5.8 37 310   M    M   1 13     45 320
 8  83  50  67  -1   0   2 0.00  0.0    0  5.8 15  90   M    M   0 1      20 150
 9  89  54  72   4   0   7 0.00  0.0    0  8.3 18 110   M    M   0        22 110
10  88  61  75   7   0  10 0.16  0.0    0  6.4 35 290   M    M   1 38     45 200
11  83  56  70   1   0   5 0.64  0.0    0  9.0 36  50   M    M   1 13     42  40
12  74  56  65  -4   0   0 0.05  0.0    0  5.0 15 360   M    M   4 1      18 360
13  85  58  72   3   0   7 0.00  0.0    0  7.0 18  30   M    M   4 1      25 360
14  81  54  68  -2   0   3 0.19  0.0    0  6.2 30  40   M    M   1 3      35  40
15  79  51  65  -5   0   0 0.00  0.0    0  7.7 22 110   M    M   2 3      28 110
16  83  57  70   0   0   5 0.00  0.0    0  7.1 21 320   M    M   1 3      27 300
17  90  60  75   4   0  10 0.12  0.0    0  7.1 26 340   M    M   1 3      41 330
18  86  55  71   0   0   6 0.00  0.0    0  8.4 22  70   M    M   0        31 260
19  95  59  77   6   0  12 0.00  0.0    0  5.0 18 110   M    M   1 1      23 120
20  93  59  76   4   0  11 0.00  0.0    0  8.8 21 120   M    M   0        28 120
21 100  60  80   8   0  15 0.00  0.0    0  8.1 24 100   M    M   0        28 110
22  94  56  75   3   0  10 0.00  0.0    0 11.0 25 100   M    M   1        31  80
23  98  61  80   8   0  15 0.00  0.0    0  8.7 43 210   M    M   3 3      54 220
24 101  60  81   8   0  16 0.01  0.0    0  9.3 26 320   M    M   0 3      35 320
25  95  60  78   5   0  13 0.00  0.0    0  7.2 24  50   M    M   0        33  50
26  89  61  75   2   0  10 0.00  0.0    0  8.0 26  80   M    M   3        31  70
27  96  62  79   5   0  14 0.00  0.0    0  5.8 18  70   M    M   1        35  70
28  96  62  79   5   0  14 0.02  0.0    0  7.3 31 360   M    M   1 3      39 360
================================================================================
SM 2464 1595         0 217  1.22     0.0 210.0          M       36
================================================================================
AV 88.0 57.0                               7.5 FASTST   M    M   1    MAX(MPH)
                                 MISC ---->  # 43 210               # 54  220
================================================================================
NOTES:
# LAST OF SEVERAL OCCURRENCES

COLUMN 17 PEAK WIND IN M.P.H.

PRELIMINARY LOCAL CLIMATOLOGICAL DATA (WS FORM: F-6) , PAGE 2

                                          STATION:  PUEBLO CO
                                          MONTH:    JUNE
                                          YEAR:     2015
                                          LATITUDE:   38 16 N
                                          LONGITUDE: 104 31 W

[TEMPERATURE DATA]      [PRECIPITATION DATA]       SYMBOLS USED IN COLUMN 16

AVERAGE MONTHLY: 72.5   TOTAL FOR MONTH:   1.22    1 = FOG OR MIST
DPTR FM NORMAL:   2.7   DPTR FM NORMAL:   -0.04    2 = FOG REDUCING VISIBILITY
HIGHEST:   101 ON 24    GRTST 24HR  0.69 ON 11-12      TO 1/4 MILE OR LESS
LOWEST:     50 ON  8, 7                            3 = THUNDER
                        SNOW, ICE PELLETS, HAIL    4 = ICE PELLETS
                        TOTAL MONTH:   0.0 INCH    5 = HAIL
                        GRTST 24HR     0.0         6 = FREEZING RAIN OR DRIZZLE
                        GRTST DEPTH:   0           7 = DUSTSTORM OR SANDSTORM:
                                                       VSBY 1/2 MILE OR LESS
                                                   8 = SMOKE OR HAZE
[NO. OF DAYS WITH]      [WEATHER - DAYS WITH]      9 = BLOWING SNOW
                                                   X = TORNADO
MAX 32 OR BELOW:   0    0.01 INCH OR MORE:  10
MAX 90 OR ABOVE:  10    0.10 INCH OR MORE:   4
MIN 32 OR BELOW:   0    0.50 INCH OR MORE:   1
MIN  0 OR BELOW:   0    1.00 INCH OR MORE:   0

[HDD (BASE 65) ]
TOTAL THIS MO.     0    CLEAR  (SCALE 0-3)  23
DPTR FM NORMAL   -22    PTCLDY (SCALE 4-7)   5
TOTAL FM JUL 1  5254    CLOUDY (SCALE 8-10)  0
DPTR FM NORMAL  -381

[CDD (BASE 65) ]
TOTAL THIS MO.   217
DPTR FM NORMAL    60    [PRESSURE DATA]
TOTAL FM JAN 1   221    HIGHEST SLP M ON M
DPTR FM NORMAL    30    LOWEST  SLP 29.65 ON 11

[REMARKS]
