000
CXUS55 KPUB 231343
CF6PUB
PRELIMINARY LOCAL CLIMATOLOGICAL DATA (WS FORM: F-6)

                                          STATION:   PUEBLO CO
                                          MONTH:     JANUARY
                                          YEAR:      2018
                                          LATITUDE:   38 16 N
                                          LONGITUDE: 104 31 W

  TEMPERATURE IN F:       :PCPN:    SNOW:  WIND      :SUNSHINE: SKY     :PK WND
================================================================================
1   2   3   4   5  6A  6B    7    8   9   10  11  12  13   14  15   16   17  18
                                     12Z  AVG MX 2MIN
DY MAX MIN AVG DEP HDD CDD  WTR  SNW DPTH SPD SPD DIR MIN PSBL S-S WX    SPD DR
================================================================================

 1  27  -3  12 -18  53   0 0.00  0.0    0  2.5 12 120   M    M   0        15 130
 2  42  -2  20 -10  45   0 0.00  0.0    0  4.7 13 290   M    M   0        14 270
 3  53   2  28  -2  37   0 0.00  0.0    0  5.5 14 100   M    M   0        17 100
 4  56   9  33   3  32   0 0.00  0.0    0  5.5 12 120   M    M   0        15 140
 5  57  10  34   4  31   0 0.00  0.0    0  3.5 13 360   M    M   0        14 360
 6  52  18  35   5  30   0 0.00  0.0    0  3.1 10  70   M    M   1        11  80
 7  54  21  38   8  27   0 0.00  0.0    0  8.3 28  20   M    M   2        34  20
 8  58  16  37   7  28   0 0.00  0.0    0  4.5 12 280   M    M   0        12 280
 9  69  31  50  20  15   0 0.00  0.0    0  8.0 14  40   M    M   0        18  40
10  63  25  44  14  21   0 0.13  0.0    0 11.3 44  10   M    M   3 1      56  20
11  43  21  32   2  33   0 0.00  0.0    0  8.5 40  10   M    M   2        46  10
12  60  15  38   8  27   0    T  0.0    0  8.4 31  30   M    M   3 1      39  30
13  50  21  36   6  29   0 0.00  0.0    0  4.9 15 100   M    M   4 12     18 120
14  52  15  34   4  31   0 0.00  0.0    0  5.9 13  30   M    M   0 1      17 140
15  32  13  23  -7  42   0 0.01  0.2    0  6.9 21  50   M    M   8 18     24  50
16  33  -1  16 -14  49   0 0.00  0.0    T  3.9 10 120   M    M   0        14 100
17  54   4  29  -2  36   0 0.00  0.0    0  3.1 10 100   M    M   0        11 100
18  62  13  38   7  27   0 0.00  0.0    0  4.2 10  70   M    M   0        12  60
19  72  23  48  17  17   0 0.00  0.0    0  7.8 23 280   M    M   0        28 300
20  70  26  48  17  17   0 0.00  0.0    0  6.1 25  70   M    M   0        29  60
21  34  28  31   0  34   0 0.09  1.0    T 12.6 30  10   M    M   9 18     39  10
22  51  13  32   1  33   0 0.00  0.0    1 12.1 28 280   M    M   1        36 290
================================================================================
SM 1144  318       694   0  0.23     1.2 141.3          M       33
================================================================================
AV 52.0 14.5                               6.4 FASTST   M    M   2    MAX(MPH)
                                 MISC ---->  # 44  10               # 56   20
================================================================================
NOTES:
# LAST OF SEVERAL OCCURRENCES

COLUMN 17 PEAK WIND IN M.P.H.

PRELIMINARY LOCAL CLIMATOLOGICAL DATA (WS FORM: F-6) , PAGE 2

                                          STATION:  PUEBLO CO
                                          MONTH:    JANUARY
                                          YEAR:     2018
                                          LATITUDE:   38 16 N
                                          LONGITUDE: 104 31 W

[TEMPERATURE DATA]      [PRECIPITATION DATA]       SYMBOLS USED IN COLUMN 16

AVERAGE MONTHLY: 33.2   TOTAL FOR MONTH:   0.23    1 = FOG OR MIST
DPTR FM NORMAL:   3.0   DPTR FM NORMAL:   -0.02    2 = FOG REDUCING VISIBILITY
HIGHEST:    72 ON 19    GRTST 24HR  0.13 ON 10-10      TO 1/4 MILE OR LESS
LOWEST:     -3 ON  1                               3 = THUNDER
                        SNOW, ICE PELLETS, HAIL    4 = ICE PELLETS
                        TOTAL MONTH:   1.2 INCHES  5 = HAIL
                        GRTST 24HR   1.0 ON 21-21  6 = FREEZING RAIN OR DRIZZLE
                        GRTST DEPTH:   1 ON 22     7 = DUSTSTORM OR SANDSTORM:
                                                       VSBY 1/2 MILE OR LESS
                                                   8 = SMOKE OR HAZE
[NO. OF DAYS WITH]      [WEATHER - DAYS WITH]      9 = BLOWING SNOW
                                                   X = TORNADO
MAX 32 OR BELOW:   2    0.01 INCH OR MORE:   3
MAX 90 OR ABOVE:   0    0.10 INCH OR MORE:   1
MIN 32 OR BELOW:  22    0.50 INCH OR MORE:   0
MIN  0 OR BELOW:   3    1.00 INCH OR MORE:   0

[HDD (BASE 65) ]
TOTAL THIS MO.   694    CLEAR  (SCALE 0-3)  19
DPTR FM NORMAL   -68    PTCLDY (SCALE 4-7)   1
TOTAL FM JUL 1  2701    CLOUDY (SCALE 8-10)  2
DPTR FM NORMAL  -424

[CDD (BASE 65) ]
TOTAL THIS MO.     0
DPTR FM NORMAL     0    [PRESSURE DATA]
TOTAL FM JAN 1     0    HIGHEST SLP M ON M
DPTR FM NORMAL     0    LOWEST  SLP 29.41 ON 10

[REMARKS]
