000
CXUS56 KOTX 281500
CF6PUW
PRELIMINARY LOCAL CLIMATOLOGICAL DATA (WS FORM: F-6)

                                          STATION:   PULLMAN-MOSCOW  AIRPORT
                                          MONTH:     JULY
                                          YEAR:      2016
                                          LATITUDE:   46 44 N
                                          LONGITUDE: 117  7 W

  TEMPERATURE IN F:       :PCPN:    SNOW:  WIND      :SUNSHINE: SKY     :PK WND
================================================================================
1   2   3   4   5  6A  6B    7    8   9   10  11  12  13   14  15   16   17  18
                                     12Z  AVG MX 2MIN
DY MAX MIN AVG DEP HDD CDD  WTR  SNW DPTH SPD SPD DIR MIN PSBL S-S WX    SPD DR
================================================================================

 1  84  46  65   3   0   0 0.00    M    M  3.4 13 270   M    M   0        16 270
 2  81  49  65   3   0   0 0.00    M    M  3.0 10 260   M    M   1        15 270
 3  80  52  66   3   0   1 0.00    M    M 12.0 25 230   M    M   0        34 240
 4  73  46  60  -3   5   0 0.00    M    M  9.9 21 270   M    M   0        29 270
 5  72  45  59  -4   6   0 0.06    M    M  7.6 16 250   M    M   3        19 290
 6  72  49  61  -3   4   0 0.02    M    M  6.4 17 250   M    M   3        26 240
 7  77  51  64   0   1   0 0.00    M    M  6.1 21 270   M    M   2        26 270
 8  66  56  61  -3   4   0 0.31    M    M  5.3 16 280   M    M   7        18 270
 9  72  52  62  -2   3   0 0.26    M    M  4.7 21 190   M    M   8 1      27 200
10  55  47  51 -14  14   0 0.07    M    M  7.1 17 270   M    M   7        22 270
11  70  50  60  -5   5   0 0.00    M    M  8.9 18 230   M    M   5        23 230
12  71  49  60  -5   5   0 0.03    M    M  4.5 13 220   M    M   3        18 250
13  77  46  62  -3   3   0 0.00    M    M  1.6  9 220   M    M   3        12 220
14  83  45  64  -2   1   0 0.00    M    M  2.8  9 150   M    M   0        13 170
15  75  48  62  -4   3   0 0.00    M    M  9.1 22 250   M    M   0        27 240
16  75  45  60  -6   5   0 0.00    M    M  4.8 14 280   M    M   4        19 240
17  82  50  66   0   0   1    T    M    M  3.1 28 160   M    M   1        35 170
18  79  50  65  -1   0   0    T    M    M  5.5 24 250   M    M   0 3      31 250
19  79  47  63  -4   2   0    T    M    M  3.7 16 300   M    M   2        21 300
20  82  51  67   0   0   2 0.00    M    M  3.3 13 250   M    M   0        17 280
21  93  48  71   4   0   6 0.00    M    M  3.7 13 140   M    M   0        18  90
22  77  51  64  -3   1   0    T    M    M 12.0 24 240   M    M   2        32 250
23  77  46  62  -5   3   0 0.00    M    M  5.0 14 270   M    M   1        21 290
24  85  45  65  -2   0   0 0.00    M    M  2.1 10 210   M    M   0        13 230
25  91  50  71   4   0   6 0.00    M    M  2.3 12  20   M    M   0        16  20
26  90  52  71   4   0   6 0.00    M    M  3.5 13 280   M    M   1        17 280
27  91  53  72   5   0   7 0.00    M    M  2.6 12 310   M    M   0        15 270
================================================================================
SM 2109 1319        65  29  0.75    M    144.0          M       53
================================================================================
AV 78.1 48.9                               5.3 FASTST   M    M   2    MAX(MPH)
                                 MISC ---->  # 28 160               # 35  170
================================================================================
NOTES:
# LAST OF SEVERAL OCCURRENCES

COLUMN 17 PEAK WIND IN M.P.H.

PRELIMINARY LOCAL CLIMATOLOGICAL DATA (WS FORM: F-6) , PAGE 2

                                          STATION:  PULLMAN-MOSCOW  AIRPORT
                                          MONTH:    JULY
                                          YEAR:     2016
                                          LATITUDE:   46 44 N
                                          LONGITUDE: 117  7 W

[TEMPERATURE DATA]      [PRECIPITATION DATA]       SYMBOLS USED IN COLUMN 16

AVERAGE MONTHLY: 63.5   TOTAL FOR MONTH:   0.75    1 = FOG OR MIST
DPTR FM NORMAL:  -1.8   DPTR FM NORMAL:    0.13    2 = FOG REDUCING VISIBILITY
HIGHEST:    93 ON 21    GRTST 24HR  0.39 ON  8- 9      TO 1/4 MILE OR LESS
LOWEST:     45 ON 24,16                            3 = THUNDER
                        SNOW, ICE PELLETS, HAIL    4 = ICE PELLETS
                        TOTAL MONTH:    M          5 = HAIL
                        GRTST 24HR    M  ON   M    6 = FREEZING RAIN OR DRIZZLE
                        GRTST DEPTH:  M  ON   M    7 = DUSTSTORM OR SANDSTORM:
                                                       VSBY 1/2 MILE OR LESS
                                                   8 = SMOKE OR HAZE
[NO. OF DAYS WITH]      [WEATHER - DAYS WITH]      9 = BLOWING SNOW
                                                   X = TORNADO
MAX 32 OR BELOW:   0    0.01 INCH OR MORE:   6
MAX 90 OR ABOVE:   4    0.10 INCH OR MORE:   2
MIN 32 OR BELOW:   0    0.50 INCH OR MORE:   0
MIN  0 OR BELOW:   0    1.00 INCH OR MORE:   0

[HDD (BASE 65) ]
TOTAL THIS MO.    65    CLEAR  (SCALE 0-3)  22
DPTR FM NORMAL     7    PTCLDY (SCALE 4-7)   5
TOTAL FM JUL 1    65    CLOUDY (SCALE 8-10)  0
DPTR FM NORMAL     7

[CDD (BASE 65) ]
TOTAL THIS MO.    29
DPTR FM NORMAL   -37    [PRESSURE DATA]
TOTAL FM JAN 1    73    HIGHEST SLP M ON M
DPTR FM NORMAL   -11    LOWEST  SLP  0.00 ON M

[REMARKS]
