000
CXUS56 KMFR 271000
CF6RBG
PRELIMINARY LOCAL CLIMATOLOGICAL DATA (WS FORM: F-6)

                                          STATION:   ROSEBURG OR
                                          MONTH:     JUNE
                                          YEAR:      2017
                                          LATITUDE:   43 13 N
                                          LONGITUDE: 123 22 W

  TEMPERATURE IN F:       :PCPN:    SNOW:  WIND      :SUNSHINE: SKY     :PK WND
================================================================================
1   2   3   4   5  6A  6B    7    8   9   10  11  12  13   14  15   16   17  18
                                     12Z  AVG MX 2MIN
DY MAX MIN AVG DEP HDD CDD  WTR  SNW DPTH SPD SPD DIR MIN PSBL S-S WX    SPD DR
================================================================================

 1  75  58  67   6   0   2 0.02    M    M  4.5 15 330   M    M   6 18     21 360
 2  80  56  68   7   0   3 0.00    M    M  5.5 15 320   M    M   5        20 320
 3  69  54  62   0   3   0 0.00    M    M  6.3 13  10   M    M   7        16 360
 4  71  52  62   0   3   0 0.00    M    M  6.5 15 330   M    M   6        20  10
 5  80  45  63   1   2   0 0.00    M    M  4.1 15  10   M    M   0        20  10
 6  84  51  68   6   0   3 0.00    M    M  4.6 15 300   M    M   0        20 330
 7  76  54  65   3   0   0 0.11    M    M  2.5  8  30   M    M   3        10 320
 8  64  55  60  -2   5   0 0.25    M    M  4.2 15 230   M    M  10 1      24 230
 9  62  51  57  -5   8   0 0.12    M    M  3.8 13 310   M    M  10        19 260
10  56  47  52 -11  13   0 0.25    M    M  3.2 13 310   M    M   9 1      19 310
11  66  47  57  -6   8   0 0.02    M    M  4.5 16 320   M    M  10        21 330
12  61  52  57  -6   8   0 0.02    M    M  3.1 13 320   M    M  10 1      19 290
13  68  46  57  -6   8   0 0.00    M    M  2.2  9 330   M    M   6        14 330
14  72  45  59  -4   6   0    T    M    M  3.0 13  10   M    M   4        17 360
15  72  57  65   1   0   0 0.04    M    M   M   M   M   M    M   M         M  M
16  73  58  66   2   0   1 0.00    M    M  5.2 14  10   M    M  10        19  10
17  83  55  69   5   0   4 0.00    M    M  3.5 12  10   M    M   3        15  30
18  90  53  72   8   0   7 0.00    M    M  5.8 18  10   M    M   0        24  10
19  90  62  76  12   0  11 0.00    M    M  6.3 15 320   M    M   0        21 330
20  85  57  71   6   0   6 0.00    M    M  6.3 17  10   M    M   1        22  10
21   M  56   M   M   M   M 0.00    M    M 11.1 22 360   M    M   3        29  10
22  86  57  72   7   0   7 0.00    M    M  9.1 23  10   M    M   0        32  10
23  94  55  75  10   0  10 0.00    M    M  4.4 17  10   M    M   0        22  10
24 103  60  82  16   0  17 0.00    M    M  3.2 14  10   M    M   0        19 360
25  94  65  80  14   0  15 0.00    M    M  4.8 16  10   M    M   0        20  10
26  80  60  70   4   0   5 0.00    M    M  8.1 18 330   M    M   4        24 320
================================================================================
SM 1934 1408        64  91  0.83    M    125.8          M      107
================================================================================
AV 77.4 54.2                               5.0 FASTST   M    M   4    MAX(MPH)
                                 MISC ---->  # 23  10               # 32   10
================================================================================
NOTES:
# LAST OF SEVERAL OCCURRENCES

COLUMN 17 PEAK WIND IN M.P.H.

PRELIMINARY LOCAL CLIMATOLOGICAL DATA (WS FORM: F-6) , PAGE 2

                                          STATION:  ROSEBURG OR
                                          MONTH:    JUNE
                                          YEAR:     2017
                                          LATITUDE:   43 13 N
                                          LONGITUDE: 123 22 W

[TEMPERATURE DATA]      [PRECIPITATION DATA]       SYMBOLS USED IN COLUMN 16

AVERAGE MONTHLY: 65.8   TOTAL FOR MONTH:   0.83    1 = FOG OR MIST
DPTR FM NORMAL:   2.3   DPTR FM NORMAL:   -0.27    2 = FOG REDUCING VISIBILITY
HIGHEST:   103 ON 24    GRTST 24HR  0.25 ON 10-10      TO 1/4 MILE OR LESS
LOWEST:     45 ON 14, 5                            3 = THUNDER
                        SNOW, ICE PELLETS, HAIL    4 = ICE PELLETS
                        TOTAL MONTH:    M          5 = HAIL
                        GRTST 24HR    M  ON   M    6 = FREEZING RAIN OR DRIZZLE
                        GRTST DEPTH:  M  ON   M    7 = DUSTSTORM OR SANDSTORM:
                                                       VSBY 1/2 MILE OR LESS
                                                   8 = SMOKE OR HAZE
[NO. OF DAYS WITH]      [WEATHER - DAYS WITH]      9 = BLOWING SNOW
                                                   X = TORNADO
MAX 32 OR BELOW:   0    0.01 INCH OR MORE:   8
MAX 90 OR ABOVE:   5    0.10 INCH OR MORE:   4
MIN 32 OR BELOW:   0    0.50 INCH OR MORE:   0
MIN  0 OR BELOW:   0    1.00 INCH OR MORE:   0

[HDD (BASE 65) ]
TOTAL THIS MO.    64    CLEAR  (SCALE 0-3)  11
DPTR FM NORMAL   -14    PTCLDY (SCALE 4-7)   8
TOTAL FM JUL 1  3749    CLOUDY (SCALE 8-10)  6
DPTR FM NORMAL  -312

[CDD (BASE 65) ]
TOTAL THIS MO.    91
DPTR FM NORMAL    56    [PRESSURE DATA]
TOTAL FM JAN 1   140    HIGHEST SLP M ON M
DPTR FM NORMAL    85    LOWEST  SLP  0.00 ON 17

[REMARKS]
