000
CXUS56 KSTO 291355
CF6RDD
PRELIMINARY LOCAL CLIMATOLOGICAL DATA (WS FORM: F-6)

                                          STATION:   REDDING AIRPORT CA
                                          MONTH:     MAY
                                          YEAR:      2015
                                          LATITUDE:   40 30 N
                                          LONGITUDE: 122 18 W

  TEMPERATURE IN F:       :PCPN:    SNOW:  WIND      :SUNSHINE: SKY     :PK WND
================================================================================
1   2   3   4   5  6A  6B    7    8   9   10  11  12  13   14  15   16   17  18
                                     12Z  AVG MX 2MIN
DY MAX MIN AVG DEP HDD CDD  WTR  SNW DPTH SPD SPD DIR MIN PSBL S-S WX    SPD DR
================================================================================

 1  95  61  78  15   0  13 0.00  0.0    0  5.9 15 170   M    M   0        20 160
 2  89  56  73  10   0   8 0.00  0.0    0  5.5 15 160   M    M   0 8      18 150
 3  88  56  72   9   0   7 0.00  0.0    0  4.8 15 180   M    M   0 8      24 180
 4  86  54  70   6   0   5 0.00  0.0    0  4.5 17 180   M    M   0        21 150
 5  83  54  69   5   0   4 0.00  0.0    0  5.8 14 180   M    M   0        17 160
 6  82  60  71   7   0   6 0.00  0.0    0 14.0 25  10   M    M   1        34 360
 7  79  56  68   4   0   3 0.00  0.0    0 16.5 31  20   M    M   0        43  10
 8  84  47  66   1   0   1 0.00  0.0    0  7.4 23 160   M    M   0        27 170
 9  87  52  70   5   0   5 0.00  0.0    0  2.3 10 160   M    M   0        13 180
10  82  55  69   3   0   4 0.00  0.0    0  4.6 14 190   M    M   1        17 190
11  79  58  69   3   0   4 0.00  0.0    0  8.2 23 190   M    M   4        28 190
12  70  56  63  -3   2   0    T  0.0    0  7.1 18 360   M    M   7        24  10
13  73  54  64  -2   1   0 0.00  0.0    0  6.7 18 180   M    M   2        25 170
14  74  53  64  -3   1   0    T  0.0    0  5.7 16 190   M    M   3        21 180
15  74  50  62  -5   3   0 0.00  0.0    0  3.7 15 190   M    M   5        20 190
16  78  51  65  -2   0   0 0.26  0.0    0  4.1 16 160   M    M   3 8      21 160
17  79  56  68   0   0   3 0.00  0.0    0  4.8 21 180   M    M   1        25 180
18  81  60  71   3   0   6    T  0.0    0  5.2 16 160   M    M   6        22 190
19  79  59  69   1   0   4 0.00  0.0    0  5.4 14 150   M    M   7        18 150
20  82  60  71   2   0   6 0.07  0.0    0  5.5 18 240   M    M   6        22 270
21  82  59  71   2   0   6 0.01  0.0    0  6.1 20 190   M    M   5 8      25 200
22  80  60  70   1   0   5 0.00  0.0    0  4.7 12 270   M    M   7        17 140
23  82  59  71   1   0   6 0.00  0.0    0  5.6 13 180   M    M   3        16 150
24  92  58  75   5   0  10 0.00  0.0    0  6.5 20 170   M    M   0        24 170
25  88  62  75   5   0  10 0.00  0.0    0  6.5 17 180   M    M   1 3      29 190
26  88  60  74   4   0   9 0.00  0.0    0  6.7 17 190   M    M   0 8      24 160
27  90  60  75   4   0  10 0.00  0.0    0  4.8 16 160   M    M   1        22 160
28  95  61  78   7   0  13 0.00  0.0    0  4.3 15 160   M    M   0        19 170
================================================================================
SM 2321 1587         7 148  0.34     0.0 172.9          M       63
================================================================================
AV 82.9 56.7                               6.2 FASTST   M    M   2    MAX(MPH)
                                 MISC ---->  # 31  20               # 43   10
================================================================================
NOTES:
# LAST OF SEVERAL OCCURRENCES

COLUMN 17 PEAK WIND IN M.P.H.

PRELIMINARY LOCAL CLIMATOLOGICAL DATA (WS FORM: F-6) , PAGE 2

                                          STATION:  REDDING AIRPORT CA
                                          MONTH:    MAY
                                          YEAR:     2015
                                          LATITUDE:   40 30 N
                                          LONGITUDE: 122 18 W

[TEMPERATURE DATA]      [PRECIPITATION DATA]       SYMBOLS USED IN COLUMN 16

AVERAGE MONTHLY: 69.8   TOTAL FOR MONTH:   0.34    1 = FOG OR MIST
DPTR FM NORMAL:   2.9   DPTR FM NORMAL:   -1.35    2 = FOG REDUCING VISIBILITY
HIGHEST:    95 ON 28, 1 GRTST 24HR  0.26 ON 16-16      TO 1/4 MILE OR LESS
LOWEST:     47 ON  8                               3 = THUNDER
                        SNOW, ICE PELLETS, HAIL    4 = ICE PELLETS
                        TOTAL MONTH:   0.0 INCH    5 = HAIL
                        GRTST 24HR     0.0         6 = FREEZING RAIN OR DRIZZLE
                        GRTST DEPTH:   0           7 = DUSTSTORM OR SANDSTORM:
                                                       VSBY 1/2 MILE OR LESS
                                                   8 = SMOKE OR HAZE
[NO. OF DAYS WITH]      [WEATHER - DAYS WITH]      9 = BLOWING SNOW
                                                   X = TORNADO
MAX 32 OR BELOW:   0    0.01 INCH OR MORE:   3
MAX 90 OR ABOVE:   4    0.10 INCH OR MORE:   1
MIN 32 OR BELOW:   0    0.50 INCH OR MORE:   0
MIN  0 OR BELOW:   0    1.00 INCH OR MORE:   0

[HDD (BASE 65) ]
TOTAL THIS MO.     7    CLEAR  (SCALE 0-3)  20
DPTR FM NORMAL   -62    PTCLDY (SCALE 4-7)   8
TOTAL FM JUL 1  1755    CLOUDY (SCALE 8-10)  0
DPTR FM NORMAL -1050

[CDD (BASE 65) ]
TOTAL THIS MO.   148
DPTR FM NORMAL    25    [PRESSURE DATA]
TOTAL FM JAN 1   250    HIGHEST SLP M ON M
DPTR FM NORMAL   103    LOWEST  SLP 29.67 ON 14

[REMARKS]
