000
CXUS56 KSTO 181455
CF6RDD
PRELIMINARY LOCAL CLIMATOLOGICAL DATA (WS FORM: F-6)

                                          STATION:   REDDING AIRPORT CA
                                          MONTH:     APRIL
                                          YEAR:      2014
                                          LATITUDE:   40 30 N
                                          LONGITUDE: 122 18 W

  TEMPERATURE IN F:       :PCPN:    SNOW:  WIND      :SUNSHINE: SKY     :PK WND
================================================================================
1   2   3   4   5  6A  6B    7    8   9   10  11  12  13   14  15   16   17  18
                                     12Z  AVG MX 2MIN
DY MAX MIN AVG DEP HDD CDD  WTR  SNW DPTH SPD SPD DIR MIN PSBL S-S WX    SPD DR
================================================================================

 1  52  43  48  -7  17   0 0.07    M    0 10.0 25 170   M    M  10 1      31 170
 2  63  35  49  -7  16   0 0.00  0.0    0  3.0  9 200   M    M   1 1      12 190
 3  60  43  52  -4  13   0    T    M    0  3.9 15 170   M    M   7        17 160
 4  58  47  53  -3  12   0 0.01    M    0  3.3  9 150   M    M   7        14 110
 5  72  40  56   0   9   0 0.00  0.0    0  3.4 12  20   M    M   1 1      16  40
 6  80  44  62   6   3   0 0.00  0.0    0  4.7 13  40   M    M   0        17  20
 7  79  49  64   8   1   0 0.00  0.0    0  4.9 12 140   M    M   0        14 170
 8  82  48  65   9   0   0 0.00  0.0    0  2.3  8 140   M    M   0        12 130
 9  80  50  65   8   0   0 0.00  0.0    0  4.2 14 160   M    M   0        17 150
10  82  51  67  10   0   2 0.00  0.0    0  3.5  9 170   M    M   0        12 160
11  83  48  66   9   0   1 0.00  0.0    0  4.2 13 190   M    M   0        16 140
12  79  51  65   8   0   0 0.00  0.0    0  3.6 15 160   M    M   0        19 180
13  82  51  67  10   0   2 0.00  0.0    0  9.0 26  10   M    M   0        32  20
14  81  43  62   4   3   0 0.00  0.0    0  3.9 13 170   M    M   0        20 170
15  83  47  65   7   0   0 0.00  0.0    0  3.9 10 350   M    M   0        14 350
16  83  55  69  11   0   4 0.00  0.0    0  7.6 18  10   M    M   0        26 350
17  80  50  65   7   0   0 0.02  0.0    0  6.4 20 320   M    M   3        30 320
================================================================================
SM 1279  795        74   9  0.10     0.0  81.8          M       29
================================================================================
AV 75.2 46.8                               4.8 FASTST   M    M   2    MAX(MPH)
                                 MISC ---->  # 26  10               # 32   20
================================================================================
NOTES:
# LAST OF SEVERAL OCCURRENCES

COLUMN 17 PEAK WIND IN M.P.H.

PRELIMINARY LOCAL CLIMATOLOGICAL DATA (WS FORM: F-6) , PAGE 2

                                          STATION:  REDDING AIRPORT CA
                                          MONTH:    APRIL
                                          YEAR:     2014
                                          LATITUDE:   40 30 N
                                          LONGITUDE: 122 18 W

[TEMPERATURE DATA]      [PRECIPITATION DATA]       SYMBOLS USED IN COLUMN 16

AVERAGE MONTHLY: 61.0   TOTAL FOR MONTH:   0.10    1 = FOG OR MIST
DPTR FM NORMAL:   4.3   DPTR FM NORMAL:   -1.35    2 = FOG REDUCING VISIBILITY
HIGHEST:    83 ON 16,15 GRTST 24HR  0.32 ON 31- 1      TO 1/4 MILE OR LESS
LOWEST:     35 ON  2                               3 = THUNDER
                        SNOW, ICE PELLETS, HAIL    4 = ICE PELLETS
                        TOTAL MONTH:   0.0 INCH    5 = HAIL
                        GRTST 24HR     0.0         6 = FREEZING RAIN OR DRIZZLE
                        GRTST DEPTH:   0           7 = DUSTSTORM OR SANDSTORM:
                                                       VSBY 1/2 MILE OR LESS
                                                   8 = SMOKE OR HAZE
[NO. OF DAYS WITH]      [WEATHER - DAYS WITH]      9 = BLOWING SNOW
                                                   X = TORNADO
MAX 32 OR BELOW:   0    0.01 INCH OR MORE:   3
MAX 90 OR ABOVE:   0    0.10 INCH OR MORE:   0
MIN 32 OR BELOW:   0    0.50 INCH OR MORE:   0
MIN  0 OR BELOW:   0    1.00 INCH OR MORE:   0

[HDD (BASE 65) ]
TOTAL THIS MO.    74    CLEAR  (SCALE 0-3)  14
DPTR FM NORMAL   -76    PTCLDY (SCALE 4-7)   2
TOTAL FM JUL 1  2164    CLOUDY (SCALE 8-10)  1
DPTR FM NORMAL  -500

[CDD (BASE 65) ]
TOTAL THIS MO.     9
DPTR FM NORMAL     2    [PRESSURE DATA]
TOTAL FM JAN 1     9    HIGHEST SLP M ON M
DPTR FM NORMAL    -1    LOWEST  SLP 29.71 ON 12

[REMARKS]
