000
CXUS56 KSTO 311355
CF6RDD
PRELIMINARY LOCAL CLIMATOLOGICAL DATA (WS FORM: F-6)

                                          STATION:   REDDING AIRPORT CA
                                          MONTH:     JULY
                                          YEAR:      2015
                                          LATITUDE:   40 30 N
                                          LONGITUDE: 122 18 W

  TEMPERATURE IN F:       :PCPN:    SNOW:  WIND      :SUNSHINE: SKY     :PK WND
================================================================================
1   2   3   4   5  6A  6B    7    8   9   10  11  12  13   14  15   16   17  18
                                     12Z  AVG MX 2MIN
DY MAX MIN AVG DEP HDD CDD  WTR  SNW DPTH SPD SPD DIR MIN PSBL S-S WX    SPD DR
================================================================================

 1 111  77  94  14   0  29 0.00  0.0    0  7.5 30 170   M    M   0        35 170
 2 109  76  93  13   0  28 0.00  0.0    0  7.2 26 180   M    M   0        33 170
 3 103  79  91  10   0  26 0.00  0.0    0  6.6 15 200   M    M   1        19 190
 4 106  76  91  10   0  26 0.00  0.0    0  5.6 17 180   M    M   0        23 170
 5 103  78  91  10   0  26 0.00  0.0    0  6.9 18 150   M    M   0        29 170
 6  98  73  86   5   0  21 0.00  0.0    0  6.9 15 180   M    M   0        20 140
 7  99  71  85   3   0  20 0.00  0.0    0  6.4 18 160   M    M   0        21 150
 8  95  72  84   2   0  19 0.00  0.0    0  7.3 28 170   M    M   2        32 160
 9  80  67  74  -8   0   9 0.04  0.0    0  7.3 17 190   M    M   4        21 180
10  85  67  76  -6   0  11 0.00  0.0    0  7.2 16 160   M    M   6        21 180
11  90  67  79  -3   0  14 0.00  0.0    0  6.4 15 180   M    M   3        19 160
12  89  69  79  -3   0  14 0.00  0.0    0  5.4 16 270   M    M   1        21 270
13  95  67  81  -1   0  16 0.00  0.0    0  4.1 15 150   M    M   1        19 160
14  98  69  84   1   0  19 0.00  0.0    0  5.0 16 160   M    M   0        21 170
15 104  67  86   3   0  21 0.00  0.0    0  5.4 15 160   M    M   0        21  10
16 106  70  88   5   0  23 0.00  0.0    0  7.3 21 170   M    M   0        25 170
17 106  75  91   8   0  26 0.00  0.0    0  8.6 21 170   M    M   0        25 150
18 100  76  88   5   0  23 0.00  0.0    0  6.6 16 170   M    M   2        22 190
19 100  68  84   1   0  19 0.00  0.0    0  4.3 18 180   M    M   0        22 190
20 107  75  91   8   0  26 0.00  0.0    0  5.5 15 180   M    M   0        21 240
21 102  77  90   7   0  25 0.00  0.0    0  7.9 22 180   M    M   0        27 180
22  96  73  85   2   0  20 0.00  0.0    0 10.2 18 170   M    M   0        25 160
23  90  63  77  -6   0  12 0.00  0.0    0  6.4 17 180   M    M   0        22 170
24  94  61  78  -5   0  13 0.00  0.0    0  4.8 16 150   M    M   0        25 180
25  96  62  79  -4   0  14 0.00  0.0    0  5.4 18 150   M    M   0        22 140
26  97  61  79  -4   0  14 0.00  0.0    0  6.6 21 210   M    M   0        28 220
27  98  73  86   3   0  21 0.00  0.0    0 12.6 22  10   M    M   0        26 360
28 105  79  92   9   0  27 0.00  0.0    0 10.6 23  10   M    M   0        29  20
29 111  76  94  11   0  29 0.00  0.0    0  6.6 16 170   M    M   0        21 140
30 114  70  92  10   0  27 0.00  0.0    0  4.4 15 280   M    M   0        19 270
================================================================================
SM 2987 2134         0 618  0.04     0.0 203.0          M       20
================================================================================
AV 99.6 71.1                               6.8 FASTST   M    M   1    MAX(MPH)
                                 MISC ---->  # 30 170               # 35  170
================================================================================
NOTES:
# LAST OF SEVERAL OCCURRENCES

COLUMN 17 PEAK WIND IN M.P.H.

PRELIMINARY LOCAL CLIMATOLOGICAL DATA (WS FORM: F-6) , PAGE 2

                                          STATION:  REDDING AIRPORT CA
                                          MONTH:    JULY
                                          YEAR:     2015
                                          LATITUDE:   40 30 N
                                          LONGITUDE: 122 18 W

[TEMPERATURE DATA]      [PRECIPITATION DATA]       SYMBOLS USED IN COLUMN 16

AVERAGE MONTHLY: 85.3   TOTAL FOR MONTH:   0.04    1 = FOG OR MIST
DPTR FM NORMAL:   3.1   DPTR FM NORMAL:   -0.05    2 = FOG REDUCING VISIBILITY
HIGHEST:   114 ON 30    GRTST 24HR  0.04 ON  9- 9      TO 1/4 MILE OR LESS
LOWEST:     61 ON 26,24                            3 = THUNDER
                        SNOW, ICE PELLETS, HAIL    4 = ICE PELLETS
                        TOTAL MONTH:   0.0 INCH    5 = HAIL
                        GRTST 24HR     0.0         6 = FREEZING RAIN OR DRIZZLE
                        GRTST DEPTH:   0           7 = DUSTSTORM OR SANDSTORM:
                                                       VSBY 1/2 MILE OR LESS
                                                   8 = SMOKE OR HAZE
[NO. OF DAYS WITH]      [WEATHER - DAYS WITH]      9 = BLOWING SNOW
                                                   X = TORNADO
MAX 32 OR BELOW:   0    0.01 INCH OR MORE:   1
MAX 90 OR ABOVE:  27    0.10 INCH OR MORE:   0
MIN 32 OR BELOW:   0    0.50 INCH OR MORE:   0
MIN  0 OR BELOW:   0    1.00 INCH OR MORE:   0

[HDD (BASE 65) ]
TOTAL THIS MO.     0    CLEAR  (SCALE 0-3)  28
DPTR FM NORMAL     0    PTCLDY (SCALE 4-7)   2
TOTAL FM JUL 1     0    CLOUDY (SCALE 8-10)  0
DPTR FM NORMAL     0

[CDD (BASE 65) ]
TOTAL THIS MO.   618
DPTR FM NORMAL   101    [PRESSURE DATA]
TOTAL FM JAN 1  1499    HIGHEST SLP M ON M
DPTR FM NORMAL   479    LOWEST  SLP 29.59 ON 17

[REMARKS]
