000
CXUS51 KPHI 220800
CF6RDG
PRELIMINARY LOCAL CLIMATOLOGICAL DATA (WS FORM: F-6)

                                          STATION:   READING PA
                                          MONTH:     SEPTEMBER
                                          YEAR:      2017
                                          LATITUDE:   40 22 N
                                          LONGITUDE:  75 58 W

  TEMPERATURE IN F:       :PCPN:    SNOW:  WIND      :SUNSHINE: SKY     :PK WND
================================================================================
1   2   3   4   5  6A  6B    7    8   9   10  11  12  13   14  15   16   17  18
                                     12Z  AVG MX 2MIN
DY MAX MIN AVG DEP HDD CDD  WTR  SNW DPTH SPD SPD DIR MIN PSBL S-S WX    SPD DR
================================================================================

 1  70  51  61  -9   4   0 0.00    M    M  4.9 14 330   M    M   0        19 350
 2  61  49  55 -15  10   0 0.87    M    M  4.0 12  80   M    M   6 1      16  80
 3  73  57  65  -5   0   0 0.22    M    M  5.3 14 260   M    M   7 1      19 280
 4  82  53  68  -2   0   3 0.00    M    M  5.9 17 220   M    M   1 1      22 220
 5  85  63  74   5   0   9 1.02    M    M  4.6 25 260   M    M   5 13     33 270
 6  65  59  62  -7   3   0 0.77    M    M  2.8 13 290   M    M   9 1      16 290
 7  72  53  63  -6   2   0 0.00    M    M  6.1 17 260   M    M   5 12     24 250
 8  72  50  61  -7   4   0 0.01    M    M  4.4 16 310   M    M   4 1      24 290
 9  69  47  58 -10   7   0 0.00    M    M  6.0 18 350   M    M   2 1      23  10
10  73  47  60  -8   5   0 0.00    M    M  4.1 13 350   M    M   1        18 340
11  75  46  61  -6   4   0 0.00    M    M  2.7  8  10   M    M   0 1      10  10
12  78  53  66  -1   0   1 0.00    M    M  1.6  6 220   M    M   0 1       9 290
13  71  59  65  -2   0   0 0.68    M    M  0.6  8 250   M    M   8 123     9 260
14  80  63  72   6   0   7 0.04    M    M  3.2 13 280   M    M   5 12     17 290
15  83  60  72   6   0   7 0.00    M    M  2.1 10 310   M    M   2 1      13 290
16  85  63  74   9   0   9 0.00    M    M  1.2  8 150   M    M   4 12     12 150
17  83  66  75  10   0  10 0.00    M    M  2.0  9 150   M    M   5 1      13 120
18  74  64  69   5   0   4 0.00    M    M  3.2  9 360   M    M   7 1      11 100
19  82  65  74  10   0   9    T    M    M  6.2 15  50   M    M   7 1      20  60
20  87  65  76  12   0  11 0.00    M    M  5.7 15 320   M    M   2        19 330
21  87  62  75  12   0  10 0.00    M    M  3.2 12 350   M    M   0        16 340
================================================================================
SM 1607 1195        39  80  3.61    M     79.8          M       80
================================================================================
AV 76.5 56.9                               3.8 FASTST   M    M   4    MAX(MPH)
                                 MISC ---->  # 25 260               # 33  270
================================================================================
NOTES:
# LAST OF SEVERAL OCCURRENCES

COLUMN 17 PEAK WIND IN M.P.H.

PRELIMINARY LOCAL CLIMATOLOGICAL DATA (WS FORM: F-6) , PAGE 2

                                          STATION:  READING PA
                                          MONTH:    SEPTEMBER
                                          YEAR:     2017
                                          LATITUDE:   40 22 N
                                          LONGITUDE:  75 58 W

[TEMPERATURE DATA]      [PRECIPITATION DATA]       SYMBOLS USED IN COLUMN 16

AVERAGE MONTHLY: 66.7   TOTAL FOR MONTH:   3.61    1 = FOG OR MIST
DPTR FM NORMAL:  -0.4   DPTR FM NORMAL:    0.79    2 = FOG REDUCING VISIBILITY
HIGHEST:    87 ON 21,20 GRTST 24HR  1.02 ON  5- 5      TO 1/4 MILE OR LESS
LOWEST:     46 ON 11                               3 = THUNDER
                        SNOW, ICE PELLETS, HAIL    4 = ICE PELLETS
                        TOTAL MONTH:    M          5 = HAIL
                        GRTST 24HR    M  ON   M    6 = FREEZING RAIN OR DRIZZLE
                        GRTST DEPTH:  M  ON   M    7 = DUSTSTORM OR SANDSTORM:
                                                       VSBY 1/2 MILE OR LESS
                                                   8 = SMOKE OR HAZE
[NO. OF DAYS WITH]      [WEATHER - DAYS WITH]      9 = BLOWING SNOW
                                                   X = TORNADO
MAX 32 OR BELOW:   0    0.01 INCH OR MORE:   7
MAX 90 OR ABOVE:   0    0.10 INCH OR MORE:   5
MIN 32 OR BELOW:   0    0.50 INCH OR MORE:   4
MIN  0 OR BELOW:   0    1.00 INCH OR MORE:   1

[HDD (BASE 65) ]
TOTAL THIS MO.    39    CLEAR  (SCALE 0-3)   9
DPTR FM NORMAL    12    PTCLDY (SCALE 4-7)  11
TOTAL FM JUL 1    43    CLOUDY (SCALE 8-10)  1
DPTR FM NORMAL    11

[CDD (BASE 65) ]
TOTAL THIS MO.    80
DPTR FM NORMAL     5    [PRESSURE DATA]
TOTAL FM JAN 1   969    HIGHEST SLP  0.00 ON 15
DPTR FM NORMAL    91    LOWEST  SLP 29.75 ON  5

[REMARKS]
