000
CXUS51 KPHI 280815
CF6RDG
PRELIMINARY LOCAL CLIMATOLOGICAL DATA (WS FORM: F-6)
STATION: READING PA
MONTH: MARCH
YEAR: 2024
LATITUDE: 40 22 N
LONGITUDE: 75 58 W
TEMPERATURE IN F: :PCPN: SNOW: WIND :SUNSHINE: SKY :PK WND
================================================================================
1 2 3 4 5 6A 6B 7 8 9 10 11 12 13 14 15 16 17 18
12Z AVG MX 2MIN
DY MAX MIN AVG DEP HDD CDD WTR SNW DPTH SPD SPD DIR MIN PSBL S-S WX SPD DR
================================================================================
1 51 25 38 1 27 0 T 0.0 0 5.4 16 210 M M 2 23 190
2 52 38 45 8 20 0 0.94 0.0 0 6.6 12 340 M M 10 1 16 330
3 66 42 54 17 11 0 0.00 0.0 0 3.3 14 290 M M 4 1 18 290
4 67 48 58 20 7 0 0.00 0.0 0 5.8 16 120 M M 7 27 110
5 50 44 47 9 18 0 0.82 0.0 0 5.0 12 20 M M 10 1 17 70
6 53 49 51 13 14 0 0.26 0.0 0 5.4 13 40 M M 10 1 17 50
7 59 39 49 11 16 0 0.04 0.0 0 10.6 22 320 M M 7 27 340
8 57 36 47 8 18 0 0.00 0.0 0 5.8 17 160 M M 0 1 26 130
9 46 41 44 5 21 0 1.52 0.0 0 8.1 14 50 M M 8 1 22 100
10 49 35 42 3 23 0 0.03 T 0 16.3 36 260 M M 9 1 53 280
11 54 38 46 6 19 0 0.00 0.0 0 23.0 37 310 M M 3 49 320
12 68 37 53 13 12 0 0.00 0.0 0 6.6 22 300 M M 0 32 290
13 72 40 56 16 9 0 0.00 0.0 0 2.9 14 220 M M 0 19 230
14 77 42 60 19 5 0 T 0.0 0 4.7 24 300 M M 1 34 300
15 71 46 59 18 6 0 0.07 0.0 0 8.0 22 320 M M 5 28 280
16 61 39 50 9 15 0 0.00 0.0 0 7.2 17 270 M M 0 29 240
17 61 42 52 10 13 0 0.00 0.0 0 10.0 23 300 M M 5 34 280
18 49 34 42 0 23 0 T 0.0 0 12.4 25 300 M M 5 36 300
19 48 33 41 -1 24 0 T T 0 9.7 25 300 M M 7 35 280
20 58 33 46 3 19 0 T 0.0 0 10.8 33 310 M M 7 46 320
21 44 27 36 -7 29 0 0.00 0.0 0 12.7 26 320 M M 1 34 320
22 45 25 35 -8 30 0 T 0.0 0 6.0 16 150 M M 5 21 140
23 48 31 40 -4 25 0 1.49 0.0 0 12.4 29 340 M M 9 1 38 330
24 49 29 39 -5 26 0 0.00 0.0 0 7.5 20 340 M M 0 29 330
25 56 31 44 0 21 0 0.00 0.0 0 6.4 15 130 M M 0 20 60
26 62 33 48 3 17 0 0.00 0.0 0 5.8 17 150 M M 3 26 160
27 49 44 47 2 18 0 0.24 0.0 0 3.9 12 160 M M 10 1 17 130
================================================================================
SM 1522 1001 486 0 5.41 T 222.3 M 128
================================================================================
AV 56.4 37.1 8.2 FASTST M M 5 MAX(MPH)
MISC ----> 37 310 53 280
================================================================================
NOTES:
# LAST OF SEVERAL OCCURRENCES
COLUMN 17 PEAK WIND IN M.P.H.
PRELIMINARY LOCAL CLIMATOLOGICAL DATA (WS FORM: F-6) , PAGE 2
STATION: READING PA
MONTH: MARCH
YEAR: 2024
LATITUDE: 40 22 N
LONGITUDE: 75 58 W
[TEMPERATURE DATA] [PRECIPITATION DATA] SYMBOLS USED IN COLUMN 16
AVERAGE MONTHLY: 46.7 TOTAL FOR MONTH: 5.41 1 = FOG OR MIST
DPTR FM NORMAL: 6.0 DPTR FM NORMAL: 2.36 2 = FOG REDUCING VISIBILITY
HIGHEST: 77 ON 14 GRTST 24HR 1.52 ON 9- 9 TO 1/4 MILE OR LESS
LOWEST: 25 ON 22, 1 3 = THUNDER
SNOW, ICE PELLETS, HAIL 4 = ICE PELLETS
TOTAL MONTH: T 5 = HAIL
GRTST 24HR T ON 10-10 6 = FREEZING RAIN OR DRIZZLE
GRTST DEPTH: 0 7 = DUSTSTORM OR SANDSTORM:
VSBY 1/2 MILE OR LESS
8 = SMOKE OR HAZE
[NO. OF DAYS WITH] [WEATHER - DAYS WITH] 9 = BLOWING SNOW
X = TORNADO
MAX 32 OR BELOW: 0 0.01 INCH OR MORE: 9
MAX 90 OR ABOVE: 0 0.10 INCH OR MORE: 6
MIN 32 OR BELOW: 6 0.50 INCH OR MORE: 4
MIN 0 OR BELOW: 0 1.00 INCH OR MORE: 2
[HDD (BASE 65) ]
TOTAL THIS MO. 486 CLEAR (SCALE 0-3) 11
DPTR FM NORMAL -169 PTCLDY (SCALE 4-7) 10
TOTAL FM JUL 1 3817 CLOUDY (SCALE 8-10) 6
DPTR FM NORMAL -692
[CDD (BASE 65) ]
TOTAL THIS MO. 0
DPTR FM NORMAL 0 [PRESSURE DATA]
TOTAL FM JAN 1 0 HIGHEST SLP M ON M
DPTR FM NORMAL 0 LOWEST SLP 29.49 ON 10
[REMARKS]