000
CXUS56 KPDT 180532
CF6RDM
PRELIMINARY LOCAL CLIMATOLOGICAL DATA (WS FORM: F-6)

                                          STATION:   REDMOND OR
                                          MONTH:     DECEMBER
                                          YEAR:      2017
                                          LATITUDE:   44 16 N
                                          LONGITUDE: 121  9 W

  TEMPERATURE IN F:       :PCPN:    SNOW:  WIND      :SUNSHINE: SKY     :PK WND
================================================================================
1   2   3   4   5  6A  6B    7    8   9   10  11  12  13   14  15   16   17  18
                                     12Z  AVG MX 2MIN
DY MAX MIN AVG DEP HDD CDD  WTR  SNW DPTH SPD SPD DIR MIN PSBL S-S WX    SPD DR
================================================================================

 1  49  19  34   2  31   0 0.00  0.0    0  4.4 13 200   M    M   1        16 190
 2  44  19  32   0  33   0 0.00  0.0    0  7.0 23 200   M    M   7        30 200
 3  43  21  32   0  33   0 0.00  0.0    0  8.9 23 280   M    M   2        28 270
 4  43  13  28  -4  37   0 0.00  0.0    0  3.9  9 130   M    M   0        12 140
 5  44   9  27  -5  38   0 0.00  0.0    0  3.7 13 330   M    M   0        15 310
 6  39  10  25  -6  40   0 0.00  0.0    0  3.4 10 320   M    M   1 12     11 310
 7  32  13  23  -8  42   0 0.00  0.0    0  1.8  7 330   M    M   7 128     8 350
 8  25  15  20 -11  45   0    T    T    0  2.2  9 310   M    M  10 12     11 310
 9  24  19  22  -9  43   0    T    M    0  1.5  9 340   M    M  10 12     11 330
10  30  15  23  -8  42   0 0.00  0.0    0  3.1 10 340   M    M   6 128    13 330
11  33   5  19 -11  46   0    T    T    0  3.0  8 310   M    M   5 1      11 360
12  43   4  24  -6  41   0 0.00  0.0    0  2.3  8 320   M    M   2         9  20
13  23  14  19 -11  46   0    T    T    0  3.8 12 310   M    M   8 12     14 320
14  25  14  20 -10  45   0 0.00  0.0    0  1.4  6 360   M    M   9 12      7 170
15  44  11  28  -2  37   0    T  0.0    0  4.0 23 290   M    M   3 1      28 290
16  43  18  31   1  34   0 0.00  0.0    0  3.8 12 350   M    M   1        17 330
================================================================================
SM  584  219       633   0    T     T     58.2          M       72
================================================================================
AV 36.5 13.7                               3.6 FASTST   M    M   5    MAX(MPH)
                                 MISC ---->  # 23 200               # 30  200
================================================================================
NOTES:
# LAST OF SEVERAL OCCURRENCES

COLUMN 17 PEAK WIND IN M.P.H.

PRELIMINARY LOCAL CLIMATOLOGICAL DATA (WS FORM: F-6) , PAGE 2

                                          STATION:  REDMOND OR
                                          MONTH:    DECEMBER
                                          YEAR:     2017
                                          LATITUDE:   44 16 N
                                          LONGITUDE: 121  9 W

[TEMPERATURE DATA]      [PRECIPITATION DATA]       SYMBOLS USED IN COLUMN 16

AVERAGE MONTHLY: 25.1   TOTAL FOR MONTH:      T    1 = FOG OR MIST
DPTR FM NORMAL:  -5.8   DPTR FM NORMAL:   -0.62    2 = FOG REDUCING VISIBILITY
HIGHEST:    49 ON  1    GRTST 24HR    T  ON 15-15      TO 1/4 MILE OR LESS
LOWEST:      4 ON 12                               3 = THUNDER
                        SNOW, ICE PELLETS, HAIL    4 = ICE PELLETS
                        TOTAL MONTH:    T          5 = HAIL
                        GRTST 24HR    T  ON 13-13  6 = FREEZING RAIN OR DRIZZLE
                        GRTST DEPTH:   0           7 = DUSTSTORM OR SANDSTORM:
                                                       VSBY 1/2 MILE OR LESS
                                                   8 = SMOKE OR HAZE
[NO. OF DAYS WITH]      [WEATHER - DAYS WITH]      9 = BLOWING SNOW
                                                   X = TORNADO
MAX 32 OR BELOW:   6    0.01 INCH OR MORE:   0
MAX 90 OR ABOVE:   0    0.10 INCH OR MORE:   0
MIN 32 OR BELOW:  16    0.50 INCH OR MORE:   0
MIN  0 OR BELOW:   0    1.00 INCH OR MORE:   0

[HDD (BASE 65) ]
TOTAL THIS MO.   633    CLEAR  (SCALE 0-3)   7
DPTR FM NORMAL    87    PTCLDY (SCALE 4-7)   6
TOTAL FM JUL 1  2212    CLOUDY (SCALE 8-10)  3
DPTR FM NORMAL  -108

[CDD (BASE 65) ]
TOTAL THIS MO.     0
DPTR FM NORMAL     0    [PRESSURE DATA]
TOTAL FM JAN 1   434    HIGHEST SLP 30.34 ON 16
DPTR FM NORMAL   212    LOWEST  SLP 29.83 ON  2

[REMARKS]
