000
CXUS53 KMPX 281000
CF6RGK
PRELIMINARY LOCAL CLIMATOLOGICAL DATA (WS FORM: F-6)

                                          STATION:   RED_WING MN
                                          MONTH:     DECEMBER
                                          YEAR:      2014
                                          LATITUDE:   44 34 N
                                          LONGITUDE:  92 29 W

  TEMPERATURE IN F:       :PCPN:    SNOW:  WIND      :SUNSHINE: SKY     :PK WND
================================================================================
1   2   3   4   5  6A  6B    7    8   9   10  11  12  13   14  15   16   17  18
                                     12Z  AVG MX 2MIN
DY MAX MIN AVG DEP HDD CDD  WTR  SNW DPTH SPD SPD DIR MIN PSBL S-S WX    SPD DR
================================================================================

 1  10   1   6   M  59   0    M    M    M  4.8  8 150   M    M   0         M  M
 2  25   7  16   M  49   0    M    M    M  7.2 12 210   M    M   6        20 190
 3  27   9  18   M  47   0    M    M    M  6.9 16 280   M    M   0        24 280
 4  34  10  22   M  43   0    M    M    M  7.0 12 150   M    M   7        16 150
 5  34  25  30   M  35   0    M    M    M  2.5  6 170   M    M   9 18      M  M
 6  34  14  24   M  41   0    M    M    M  2.5  6 110   M    M   0 1       M  M
 7  37  27  32   M  33   0    M    M    M 10.4 16 150   M    M   4 1      23 150
 8  36  25  31   M  34   0    M    M    M  8.3 16 320   M    M  10 1      23 300
 9   M  21   M   M   M   M    M    M    M  3.0  7 130   M    M  10 1       M  M
10  28  25  27   M  38   0    M    M    M  3.1  6 180   M    M  10 1       M  M
11  30  27  29   M  36   0    M    M    M  4.4  8 270   M    M  10 1       M  M
12  36  30  33   M  32   0    M    M    M  5.0 10 200   M    M  10 1       M  M
13  46  32  39   M  26   0    M    M    M  3.5  6 210   M    M   9 12      M  M
14  48  45  47   M  18   0    M    M    M  4.2  7 120   M    M  10 12      M  M
15  48  37  43   M  22   0    M    M    M  5.4 10 160   M    M  10 1      16 360
16  37  19  28   M  37   0    M    M    M  9.9 15 330   M    M  10 1      23 330
17  21  10  16   M  49   0    M    M    M  5.2 10 300   M    M   8         M  M
18  25  10  18   M  47   0    M    M    M  0.3  4 290   M    M  10         M  M
19  30  23  27   M  38   0    M    M    M  5.0  7 130   M    M  10         M  M
20  34  28  31   M  34   0 0.00    M    M  4.7 10 180   M    M  10 18     17 180
21  39  32  36   M  29   0    M    M    M  7.2 12 170   M    M  10 1       M  M
22  39  36  38   M  27   0    M    M    M 10.6 15 170   M    M  10 1      23 170
23  36  34  35   M  30   0    M    M    M  7.8 12  30   M    M  10 1      16  50
24  37  34  36   M  29   0    M    M    M  4.5  8 280   M    M  10         M  M
25  37  30  34   M  31   0    M    M    M  4.7 10 210   M    M   6         M  M
26  36  30  33   M  32   0    M    M    M  3.6  7  30   M    M  10         M  M
27  30   3  17   M  48   0    M    M    M  6.6 12 270   M    M   6        17 340
================================================================================
SM  874  624       944   0  0.00    M    148.3          M      215
================================================================================
AV 33.6 23.1                               5.5 FASTST   M    M   8    MAX(MPH)
                                 MISC ---->    16   M                 24    M
================================================================================
NOTES:
# LAST OF SEVERAL OCCURRENCES

COLUMN 17 PEAK WIND IN M.P.H.

PRELIMINARY LOCAL CLIMATOLOGICAL DATA (WS FORM: F-6) , PAGE 2

                                          STATION:  RED_WING MN
                                          MONTH:    DECEMBER
                                          YEAR:     2014
                                          LATITUDE:   44 34 N
                                          LONGITUDE:  92 29 W

[TEMPERATURE DATA]      [PRECIPITATION DATA]       SYMBOLS USED IN COLUMN 16

AVERAGE MONTHLY: 28.4   TOTAL FOR MONTH:   0.00    1 = FOG OR MIST
DPTR FM NORMAL:     M   DPTR FM NORMAL:       M    2 = FOG REDUCING VISIBILITY
HIGHEST:    48 ON 15,14 GRTST 24HR  0.00 ON 20-20      TO 1/4 MILE OR LESS
LOWEST:      1 ON  1                               3 = THUNDER
                        SNOW, ICE PELLETS, HAIL    4 = ICE PELLETS
                        TOTAL MONTH:    M          5 = HAIL
                        GRTST 24HR    M  ON   M    6 = FREEZING RAIN OR DRIZZLE
                        GRTST DEPTH:  M  ON   M    7 = DUSTSTORM OR SANDSTORM:
                                                       VSBY 1/2 MILE OR LESS
                                                   8 = SMOKE OR HAZE
[NO. OF DAYS WITH]      [WEATHER - DAYS WITH]      9 = BLOWING SNOW
                                                   X = TORNADO
MAX 32 OR BELOW:   9    0.01 INCH OR MORE:   0
MAX 90 OR ABOVE:   0    0.10 INCH OR MORE:   0
MIN 32 OR BELOW:  22    0.50 INCH OR MORE:   0
MIN  0 OR BELOW:   0    1.00 INCH OR MORE:   0

[HDD (BASE 65) ]
TOTAL THIS MO.   944    CLEAR  (SCALE 0-3)   3
DPTR FM NORMAL     M    PTCLDY (SCALE 4-7)   6
TOTAL FM JUL 1  2762    CLOUDY (SCALE 8-10) 18
DPTR FM NORMAL     M

[CDD (BASE 65) ]
TOTAL THIS MO.     0
DPTR FM NORMAL     M    [PRESSURE DATA]
TOTAL FM JAN 1   645    HIGHEST SLP M ON M
DPTR FM NORMAL     M    LOWEST  SLP M ON M

[REMARKS]
