000
CXUS53 KMPX 291000
CF6RGK
PRELIMINARY LOCAL CLIMATOLOGICAL DATA (WS FORM: F-6)

                                          STATION:   RED_WING MN
                                          MONTH:     JULY
                                          YEAR:      2014
                                          LATITUDE:   44 34 N
                                          LONGITUDE:  92 29 W

  TEMPERATURE IN F:       :PCPN:    SNOW:  WIND      :SUNSHINE: SKY     :PK WND
================================================================================
1   2   3   4   5  6A  6B    7    8   9   10  11  12  13   14  15   16   17  18
                                     12Z  AVG MX 2MIN
DY MAX MIN AVG DEP HDD CDD  WTR  SNW DPTH SPD SPD DIR MIN PSBL S-S WX    SPD DR
================================================================================

 1  75  57  66   M   0   1 0.10    M    M 10.8 17 290   M    M   8        27 290
 2  73  55  64   M   1   0 0.00    M    M  6.5 10  10   M    M   5        18 360
 3  79  48  64   M   1   0 0.00    M    M  2.2  7 320   M    M   4         M  M
 4  81  52  67   M   0   2 0.00    M    M  5.4 13 170   M    M   1        16 190
 5  81  64  73   M   0   8    T    M    M  8.0 16 210   M    M   6        20 190
 6  90  70  80   M   0  15    M    M    M  6.7 14 290   M    M   6 13     23 290
 7  90  61  76   M   0  11 0.96    M    M  4.4 15 260   M    M   3 3      21 260
 8  79  63  71   M   0   6 0.00    M    M  9.0 17 290   M    M   4        25 310
 9  79  55  67   M   0   2 0.00    M    M  2.4  9 300   M    M   2         M  M
10  86  57  72   M   0   7 0.00    M    M  5.5 12 230   M    M   1        16 170
11  79  64  72   M   0   7 0.63    M    M  6.2 14 230   M    M   8        22 180
12  75  64  70   M   0   5 0.02    M    M  2.1 12 290   M    M   4 18     17 240
13  79  55  67   M   0   2 0.00    M    M  5.6 14 290   M    M   2 1      20 290
14  66  52  59   M   6   0 0.07    M    M  7.3 17 330   M    M   5        25 320
15  72  54  63   M   2   0 0.00    M    M  6.6 10 320   M    M   6        20 350
16  77  48  63   M   2   0 0.00    M    M  1.0  5 130   M    M   2         M  M
17  81  52  67   M   0   2 0.00    M    M  2.1  8 210   M    M   2         M  M
18  81  55  68   M   0   3 0.00    M    M  6.5 15 200   M    M   6        21 200
19  82  66  74   M   0   9 0.00    M    M  9.0 15 220   M    M   6        22 220
20  86  72  79   M   0  14 0.00    M    M  6.7 15 190   M    M   7        23 180
21  91  73  82   M   0  17 0.00    M    M  8.1 13 160   M    M   5        22 160
22  84  70  77   M   0  12 0.00    M    M  7.9 13 350   M    M   3        21 320
23  82  57  70   M   0   5 0.00    M    M  2.7  8  20   M    M   1         M  M
24  82  54  68   M   0   3 0.00    M    M  3.6 10 160   M    M   1         M  M
25  82  64  73   M   0   8 0.26    M    M  6.6 14 190   M    M   9 3      20 210
26  88  66  77   M   0  12 0.00    M    M  4.0 10 270   M    M   4        18 280
27  77  57  67   M   0   2 0.06    M    M  9.0 18 320   M    M   5        25 320
28  75  55  65   M   0   0 0.00    M    M  2.4  7 340   M    M   6         M  M
================================================================================
SM 2252 1660        12 153  2.10    M    158.3          M      122
================================================================================
AV 80.4 59.3                               5.7 FASTST   M    M   4    MAX(MPH)
                                 MISC ---->    18   M               # 27  290
================================================================================
NOTES:
# LAST OF SEVERAL OCCURRENCES

COLUMN 17 PEAK WIND IN M.P.H.

PRELIMINARY LOCAL CLIMATOLOGICAL DATA (WS FORM: F-6) , PAGE 2

                                          STATION:  RED_WING MN
                                          MONTH:    JULY
                                          YEAR:     2014
                                          LATITUDE:   44 34 N
                                          LONGITUDE:  92 29 W

[TEMPERATURE DATA]      [PRECIPITATION DATA]       SYMBOLS USED IN COLUMN 16

AVERAGE MONTHLY: 69.9   TOTAL FOR MONTH:   2.10    1 = FOG OR MIST
DPTR FM NORMAL:     M   DPTR FM NORMAL:       M    2 = FOG REDUCING VISIBILITY
HIGHEST:    91 ON 21    GRTST 24HR  0.96 ON  7- 7      TO 1/4 MILE OR LESS
LOWEST:     48 ON 16, 3                            3 = THUNDER
                        SNOW, ICE PELLETS, HAIL    4 = ICE PELLETS
                        TOTAL MONTH:    M          5 = HAIL
                        GRTST 24HR    M  ON   M    6 = FREEZING RAIN OR DRIZZLE
                        GRTST DEPTH:  M  ON   M    7 = DUSTSTORM OR SANDSTORM:
                                                       VSBY 1/2 MILE OR LESS
                                                   8 = SMOKE OR HAZE
[NO. OF DAYS WITH]      [WEATHER - DAYS WITH]      9 = BLOWING SNOW
                                                   X = TORNADO
MAX 32 OR BELOW:   0    0.01 INCH OR MORE:   7
MAX 90 OR ABOVE:   3    0.10 INCH OR MORE:   4
MIN 32 OR BELOW:   0    0.50 INCH OR MORE:   2
MIN  0 OR BELOW:   0    1.00 INCH OR MORE:   0

[HDD (BASE 65) ]
TOTAL THIS MO.    12    CLEAR  (SCALE 0-3)  10
DPTR FM NORMAL     M    PTCLDY (SCALE 4-7)  16
TOTAL FM JUL 1    12    CLOUDY (SCALE 8-10)  2
DPTR FM NORMAL     M

[CDD (BASE 65) ]
TOTAL THIS MO.   153
DPTR FM NORMAL     M    [PRESSURE DATA]
TOTAL FM JAN 1   350    HIGHEST SLP M ON M
DPTR FM NORMAL     M    LOWEST  SLP M ON M

[REMARKS]
