000
CXUS53 KGRB 230732
CF6RHI
PRELIMINARY LOCAL CLIMATOLOGICAL DATA (WS FORM: F-6)

                                          STATION:   RHINELANDER WI
                                          MONTH:     JANUARY
                                          YEAR:      2017
                                          LATITUDE:   45 37 N
                                          LONGITUDE:  89 27 W

  TEMPERATURE IN F:       :PCPN:    SNOW:  WIND      :SUNSHINE: SKY     :PK WND
================================================================================
1   2   3   4   5  6A  6B    7    8   9   10  11  12  13   14  15   16   17  18
                                     12Z  AVG MX 2MIN
DY MAX MIN AVG DEP HDD CDD  WTR  SNW DPTH SPD SPD DIR MIN PSBL S-S WX    SPD DR
================================================================================

 1  27  16  22   9  43   0 0.00  0.0    8  7.3 16 220   M    M   8        20 210
 2  32  22  27  14  38   0 0.05  0.5    9  9.0 15  80   M    M  10 18     19 100
 3  31   4  18   5  47   0 0.01  0.3    9  9.2 23 280   M    M  10 18     29 270
 4   4 -11  -3 -16  68   0 0.00  0.0    8 14.1 22 280   M    M   3 89     31 280
 5  -1 -19 -10 -22  75   0 0.00  0.0    8 11.1 20 270   M    M   4        24 270
 6   3 -20  -8 -20  73   0 0.00  0.0    8  6.9 12 270   M    M   2        15 280
 7   5 -15  -5 -17  70   0 0.00  0.0    8 10.9 21 280   M    M   4 18     31 280
 8  12 -10   1 -11  64   0 0.03  0.6    8  7.4 14 190   M    M   7 18     20 180
 9  23   9  16   4  49   0 0.07  1.3   10  6.9 14 140   M    M  10 18     20 120
10  29   6  18   6  47   0 0.78  7.0   17 11.9 33 280   M    M  10 1289   42 280
11   9  -2   4  -8  61   0 0.17  2.6   20  6.1 22 260   M    M   8 128    29 250
12  15  -2   7  -5  58   0 0.00  0.0   19  9.2 29 270   M    M   6 89     36 270
13   9 -20  -5 -17  70   0 0.00  0.0   19  3.8 10 290   M    M   3 18     14 290
14  24   0  12   0  53   0 0.00  0.0   16  6.9 15 260   M    M   2 18     17 260
15  30 -10  10  -2  55   0 0.00  0.0   18  5.0 12 230   M    M   0 18     16 230
16  33   6  20   8  45   0 0.00  0.0   16  2.1  8 230   M    M   1 18     12 240
17  41  21  31  19  34   0 0.11  1.0   16  4.0 12  80   M    M   8 16     16  60
18  41  23  32  20  33   0 0.00  0.0   13  9.8 18 230   M    M   3 18     24 220
19  43  27  35  23  30   0 0.00  0.0   15  5.1 13 230   M    M   5 12     16 220
20  36  26  31  19  34   0 0.32  0.3   15  4.7 13 100   M    M   9 16     15 110
21  37  33  35  23  30   0 0.05  0.0   15  6.9 13  90   M    M  10 12     16 100
22  39  34  37  25  28   0 0.00  0.0   15  1.7  8 300   M    M  10 12      9 290
================================================================================
SM  522  118      1105   0  1.59    13.6 160.0          M      133
================================================================================
AV 23.7  5.4                               7.3 FASTST   M    M   6    MAX(MPH)
                                 MISC ---->  # 33 280               # 42  280
================================================================================
NOTES:
# LAST OF SEVERAL OCCURRENCES

COLUMN 17 PEAK WIND IN M.P.H.

PRELIMINARY LOCAL CLIMATOLOGICAL DATA (WS FORM: F-6) , PAGE 2

                                          STATION:  RHINELANDER WI
                                          MONTH:    JANUARY
                                          YEAR:     2017
                                          LATITUDE:   45 37 N
                                          LONGITUDE:  89 27 W

[TEMPERATURE DATA]      [PRECIPITATION DATA]       SYMBOLS USED IN COLUMN 16

AVERAGE MONTHLY: 14.5   TOTAL FOR MONTH:   1.59    1 = FOG OR MIST
DPTR FM NORMAL:   2.4   DPTR FM NORMAL:    0.79    2 = FOG REDUCING VISIBILITY
HIGHEST:    43 ON 19    GRTST 24HR  0.78 ON 10-10      TO 1/4 MILE OR LESS
LOWEST:    -20 ON 13, 6                            3 = THUNDER
                        SNOW, ICE PELLETS, HAIL    4 = ICE PELLETS
                        TOTAL MONTH:  13.6 INCHES  5 = HAIL
                        GRTST 24HR   7.0 ON 10-10  6 = FREEZING RAIN OR DRIZZLE
                        GRTST DEPTH:  20 ON 11     7 = DUSTSTORM OR SANDSTORM:
                                                       VSBY 1/2 MILE OR LESS
                                                   8 = SMOKE OR HAZE
[NO. OF DAYS WITH]      [WEATHER - DAYS WITH]      9 = BLOWING SNOW
                                                   X = TORNADO
MAX 32 OR BELOW:  15    0.01 INCH OR MORE:   9
MAX 90 OR ABOVE:   0    0.10 INCH OR MORE:   4
MIN 32 OR BELOW:  20    0.50 INCH OR MORE:   1
MIN  0 OR BELOW:  10    1.00 INCH OR MORE:   0

[HDD (BASE 65) ]
TOTAL THIS MO.  1105    CLEAR  (SCALE 0-3)   6
DPTR FM NORMAL   -56    PTCLDY (SCALE 4-7)   8
TOTAL FM JUL 1  4037    CLOUDY (SCALE 8-10)  8
DPTR FM NORMAL  -750

[CDD (BASE 65) ]
TOTAL THIS MO.     0
DPTR FM NORMAL     0    [PRESSURE DATA]
TOTAL FM JAN 1     0    HIGHEST SLP M ON M
DPTR FM NORMAL     0    LOWEST  SLP 29.08 ON 10

[REMARKS]
