000
CXUS56 KSGX 271545
CF6RIV
PRELIMINARY LOCAL CLIMATOLOGICAL DATA (WS FORM: F-6)

                                          STATION:   RIVERSIDE/MARCH FIELD CA
                                          MONTH:     JULY
                                          YEAR:      2016
                                          LATITUDE:   33 54 N
                                          LONGITUDE: 117 15 W

  TEMPERATURE IN F:       :PCPN:    SNOW:  WIND      :SUNSHINE: SKY     :PK WND
================================================================================
1   2   3   4   5  6A  6B    7    8   9   10  11  12  13   14  15   16   17  18
                                     12Z  AVG MX 2MIN
DY MAX MIN AVG DEP HDD CDD  WTR  SNW DPTH SPD SPD DIR MIN PSBL S-S WX    SPD DR
================================================================================

 1  91  64  78   M   0  13 0.00  0.0    0  7.3 14 320   M    M   0         M  M
 2  91  59  75   M   0  10 0.00  0.0    0  7.2 14 300   M    M   1 1       M  M
 3  88  57  73   M   0   8 0.00  0.0    0  7.5 15 300   M    M   0         M  M
 4  90  56  73   M   0   8 0.00  0.0    0  6.9 15 320   M    M   0         M  M
 5  88  58  73   M   0   8 0.00  0.0    0  5.6 15 310   M    M   3 18      M  M
 6  87  60  74   M   0   9 0.00  0.0    M  6.3 13 310   M    M   1 1       M  M
 7  91  58  75   M   0  10 0.00  0.0    M  6.0 15 300   M    M   1 1       M  M
 8  92  59  76   M   0  11 0.00  0.0    0  6.0 17 300   M    M   0         M  M
 9  95  59  77   M   0  12 0.00  0.0    0  5.8 16 310   M    M   0         M  M
10  92  61  77   M   0  12 0.00  0.0    0  5.8 16 310   M    M   0        17 280
11  89  59  74   M   0   9 0.00  0.0    0  6.7 16 300   M    M   0 1       M  M
12  89  60  75   M   0  10 0.00  0.0    0  5.9 14 300   M    M   3 18      M  M
13  95  60  78   M   0  13 0.00  0.0    0  7.0 15 300   M    M   0         M  M
14  96  61  79   M   0  14 0.00  0.0    0  6.3 14 310   M    M   0         M  M
15  94  62  78   M   0  13 0.00  0.0    0  6.5 14 300   M    M   0         M  M
16  93  59  76   M   0  11 0.00  0.0    0  5.8 15 310   M    M   0        16 300
17  94  59  77   M   0  12 0.00  0.0    0  6.2 15 290   M    M   0         M  M
18  94  60  77   M   0  12 0.00  0.0    0  6.3 15 310   M    M   0         M  M
19  98  62  80   M   0  15 0.00  0.0    0  6.0 14 320   M    M   0        18 310
20 103  63  83   M   0  18 0.00  0.0    0  6.0 20 300   M    M   0        23 310
21 103  66  85   M   0  20    T  0.0    0  5.5 16 310   M    M   0         M  M
22 107  65  86   M   0  21 0.00  0.0    0  4.7 16 310   M    M   0        18 310
23 109  67  88   M   0  23 0.00  0.0    0  4.5 21 310   M    M   0         M  M
24  97  66  82   M   0  17 0.00  0.0    0  6.3 16 320   M    M   0        18 320
25 100  68  84   M   0  19 0.00  0.0    0  5.1 15 300   M    M   1         M  M
26 101  69  85   M   0  20 0.00  0.0    0  6.6 16 310   M    M   0        17 290
================================================================================
SM 2467 1597         0 348    T      0.0 159.8          M       10
================================================================================
AV 94.9 61.4                               6.1 FASTST   M    M   0    MAX(MPH)
                                 MISC ---->    21   M               # 23  310
================================================================================
NOTES:
# LAST OF SEVERAL OCCURRENCES

COLUMN 17 PEAK WIND IN M.P.H.

PRELIMINARY LOCAL CLIMATOLOGICAL DATA (WS FORM: F-6) , PAGE 2

                                          STATION:  RIVERSIDE/MARCH FIELD CA
                                          MONTH:    JULY
                                          YEAR:     2016
                                          LATITUDE:   33 54 N
                                          LONGITUDE: 117 15 W

[TEMPERATURE DATA]      [PRECIPITATION DATA]       SYMBOLS USED IN COLUMN 16

AVERAGE MONTHLY: 78.2   TOTAL FOR MONTH:      T    1 = FOG OR MIST
DPTR FM NORMAL:     M   DPTR FM NORMAL:       M    2 = FOG REDUCING VISIBILITY
HIGHEST:   109 ON 23    GRTST 24HR    T  ON 21-21      TO 1/4 MILE OR LESS
LOWEST:     56 ON  4                               3 = THUNDER
                        SNOW, ICE PELLETS, HAIL    4 = ICE PELLETS
                        TOTAL MONTH:   0.0 INCH    5 = HAIL
                        GRTST 24HR     0.0         6 = FREEZING RAIN OR DRIZZLE
                        GRTST DEPTH:   0           7 = DUSTSTORM OR SANDSTORM:
                                                       VSBY 1/2 MILE OR LESS
                                                   8 = SMOKE OR HAZE
[NO. OF DAYS WITH]      [WEATHER - DAYS WITH]      9 = BLOWING SNOW
                                                   X = TORNADO
MAX 32 OR BELOW:   0    0.01 INCH OR MORE:   0
MAX 90 OR ABOVE:  21    0.10 INCH OR MORE:   0
MIN 32 OR BELOW:   0    0.50 INCH OR MORE:   0
MIN  0 OR BELOW:   0    1.00 INCH OR MORE:   0

[HDD (BASE 65) ]
TOTAL THIS MO.     0    CLEAR  (SCALE 0-3)  26
DPTR FM NORMAL     M    PTCLDY (SCALE 4-7)   0
TOTAL FM JUL 1     0    CLOUDY (SCALE 8-10)  0
DPTR FM NORMAL     M

[CDD (BASE 65) ]
TOTAL THIS MO.   348
DPTR FM NORMAL     M    [PRESSURE DATA]
TOTAL FM JAN 1   746    HIGHEST SLP M ON M
DPTR FM NORMAL     M    LOWEST  SLP M ON M

[REMARKS]
