000
CXUS55 KRIW 270901
CF6RIW
PRELIMINARY LOCAL CLIMATOLOGICAL DATA (WS FORM: F-6)

                                          STATION:   RIVERTON WY
                                          MONTH:     FEBRUARY
                                          YEAR:      2015
                                          LATITUDE:   43  2 N
                                          LONGITUDE: 108 27 W

  TEMPERATURE IN F:       :PCPN:    SNOW:  WIND      :SUNSHINE: SKY     :PK WND
================================================================================
1   2   3   4   5  6A  6B    7    8   9   10  11  12  13   14  15   16   17  18
                                     12Z  AVG MX 2MIN
DY MAX MIN AVG DEP HDD CDD  WTR  SNW DPTH SPD SPD DIR MIN PSBL S-S WX    SPD DR
================================================================================

 1  29  19  24   3  41   0    T  0.1    0  6.0 12 220   M    M   5 1      15 110
 2  49  22  36  15  29   0 0.00  0.0    0  6.4 23 290   M    M   0        35 310
 3  52  28  40  19  25   0 0.03  0.2    0  7.0 22  20   M    M   3 1      29  10
 4  31  15  23   2  42   0 0.26  3.5    3  5.6 28  10   M    M   7 1      32  20
 5  41  14  28   6  37   0 0.00  0.0    4  3.0 12 340   M    M   5 128    13 340
 6  50  28  39  17  26   0 0.00  0.0    3  5.0 15 330   M    M   0        19  50
 7  58  34  46  24  19   0 0.00  0.0    T 15.5 32 250   M    M   0        40 260
 8  57  35  46  24  19   0 0.00  0.0    0 13.0 30 280   M    M   0        36 320
 9  58  28  43  21  22   0 0.00  0.0    0  8.3 31 280   M    M   0        39 280
10  53  35  44  21  21   0    T  0.0    0 15.1 28 310   M    M   4        32 310
11  49  28  39  16  26   0 0.00  0.0    0  4.4 12 290   M    M   1        12  50
12  58  34  46  23  19   0 0.00  0.0    0  8.1 23 290   M    M   2        28 290
13  58  28  43  20  22   0 0.00  0.0    0  5.4 13 260   M    M   0        15 270
14  57  30  44  20  21   0 0.00  0.0    0  6.5 23  50   M    M   0        28  50
15  39  27  33   9  32   0 0.32  4.9    T  7.8 29  50   M    M   8 12     37  50
16  30  15  23  -1  42   0 0.13  1.0    4 10.3 24  20   M    M   6 18     28  10
17  29  10  20  -5  45   0 0.00  0.0    3  5.1 18 270   M    M   1        21 260
18  34  10  22  -3  43   0 0.00  0.0    2  3.7  9  30   M    M   0        11 320
19  51  20  36  10  29   0 0.00  0.0    2  6.7 20 320   M    M   0        26 290
20  38  27  33   7  32   0 0.08  1.4    1  7.4 22  20   M    M   7 1      26  20
21  28  10  19  -7  46   0 0.10  1.4    2 12.2 28  20   M    M   9 128    33  20
22  15  -3   6 -21  59   0    T    T    2  5.6 12  80   M    M   5 1      15 110
23  16  -6   5 -22  60   0 0.00  0.0    2  4.3 12 310   M    M   0        13 250
24  35   6  21  -7  44   0 0.00  0.0    2  4.0 14 310   M    M   3        18 320
25  38  18  28   0  37   0 0.10  2.5    1 13.7 29  10   M    M   8 12     39  10
26  19  -1   9 -19  56   0 0.02  0.8    2  9.5 15  60   M    M  10 1      18  50
================================================================================
SM 1072  511       894   0  1.04    15.8 199.6          M       84
================================================================================
AV 41.2 19.7                               7.7 FASTST   M    M   3    MAX(MPH)
                                 MISC ---->  # 32 250               # 40  260
================================================================================
NOTES:
# LAST OF SEVERAL OCCURRENCES

COLUMN 17 PEAK WIND IN M.P.H.

PRELIMINARY LOCAL CLIMATOLOGICAL DATA (WS FORM: F-6) , PAGE 2

                                          STATION:  RIVERTON WY
                                          MONTH:    FEBRUARY
                                          YEAR:     2015
                                          LATITUDE:   43  2 N
                                          LONGITUDE: 108 27 W

[TEMPERATURE DATA]      [PRECIPITATION DATA]       SYMBOLS USED IN COLUMN 16

AVERAGE MONTHLY: 30.4   TOTAL FOR MONTH:   1.04    1 = FOG OR MIST
DPTR FM NORMAL:   6.4   DPTR FM NORMAL:    0.79    2 = FOG REDUCING VISIBILITY
HIGHEST:    58 ON 13,12 GRTST 24HR  0.44 ON 15-16      TO 1/4 MILE OR LESS
LOWEST:     -6 ON 23                               3 = THUNDER
                        SNOW, ICE PELLETS, HAIL    4 = ICE PELLETS
                        TOTAL MONTH:  15.8 INCHES  5 = HAIL
                        GRTST 24HR   4.9 ON   M    6 = FREEZING RAIN OR DRIZZLE
                        GRTST DEPTH:   4 ON 16, 5  7 = DUSTSTORM OR SANDSTORM:
                                                       VSBY 1/2 MILE OR LESS
                                                   8 = SMOKE OR HAZE
[NO. OF DAYS WITH]      [WEATHER - DAYS WITH]      9 = BLOWING SNOW
                                                   X = TORNADO
MAX 32 OR BELOW:   8    0.01 INCH OR MORE:   8
MAX 90 OR ABOVE:   0    0.10 INCH OR MORE:   5
MIN 32 OR BELOW:  22    0.50 INCH OR MORE:   0
MIN  0 OR BELOW:   3    1.00 INCH OR MORE:   0

[HDD (BASE 65) ]
TOTAL THIS MO.   894    CLEAR  (SCALE 0-3)  14
DPTR FM NORMAL  -175    PTCLDY (SCALE 4-7)  10
TOTAL FM JUL 1  5286    CLOUDY (SCALE 8-10)  2
DPTR FM NORMAL  -498

[CDD (BASE 65) ]
TOTAL THIS MO.     0
DPTR FM NORMAL     0    [PRESSURE DATA]
TOTAL FM JAN 1     0    HIGHEST SLP M ON M
DPTR FM NORMAL     0    LOWEST  SLP 29.81 ON  7

[REMARKS]
