000
CXUS55 KRIW 300945
CF6RKS
PRELIMINARY LOCAL CLIMATOLOGICAL DATA (WS FORM: F-6)

                                          STATION:   ROCK SPRINGS WY
                                          MONTH:     JUNE
                                          YEAR:      2015
                                          LATITUDE:   41 35 N
                                          LONGITUDE: 109  4 W

  TEMPERATURE IN F:       :PCPN:    SNOW:  WIND      :SUNSHINE: SKY     :PK WND
================================================================================
1   2   3   4   5  6A  6B    7    8   9   10  11  12  13   14  15   16   17  18
                                     12Z  AVG MX 2MIN
DY MAX MIN AVG DEP HDD CDD  WTR  SNW DPTH SPD SPD DIR MIN PSBL S-S WX    SPD DR
================================================================================

 1  82  50  66  10   0   1    T  0.0    0 11.4 51 250   M    M   1 38     64 240
 2  76  47  62   6   3   0    T  0.0    0  9.1 29 220   M    M   1        43 270
 3  76  48  62   6   3   0 0.00  0.0    0  9.8 33 310   M    M   1        43 310
 4  77  45  61   4   4   0 0.00  0.0    0  7.4 22 200   M    M   0        28 200
 5  70  51  61   4   4   0 0.00  0.0    0 11.3 24 190   M    M   2        31 180
 6  68  49  59   2   6   0 0.00  0.0    0  9.3 21 180   M    M   2        24 180
 7  70  46  58   0   7   0 0.00  0.0    0  8.2 23 340   M    M   3        29 350
 8  78  48  63   5   2   0 0.00  0.0    0  5.4 20 250   M    M   1        23 250
 9  79  51  65   7   0   0    T  0.0    0  6.0 29 220   M    M   1        36 220
10  75  50  63   4   2   0    T  0.0    0  8.4 26 330   M    M   3        31 330
11  65  49  57  -2   8   0 0.01  0.0    0  7.5 21  80   M    M   7 1      25  30
12  78  45  62   3   3   0 0.00  0.0    0  8.7 17 270   M    M   2 12     23 260
13  78  52  65   5   0   0 0.00  0.0    0 13.6 29 280   M    M   0        37 260
14  80  46  63   3   2   0 0.02  0.0    0  7.0 26 170   M    M   0 3      41 220
15  74  46  60   0   5   0 0.80  0.0    0 11.7 44 250   M    M   3 13     54 250
16  77  61  69   8   0   4 0.21  0.0    0 10.0 20 160   M    M   3 13     27 160
17  81  51  66   5   0   1 0.00  0.0    0  6.8 23 260   M    M   1        31 250
18  84  50  67   5   0   2 0.00  0.0    0  7.1 18 210   M    M   0        22 210
19  86  57  72  10   0   7 0.00  0.0    0 12.2 29 280   M    M   0        38 270
20  82  53  68   6   0   3 0.00  0.0    0  9.9 24 260   M    M   0        34 220
21  89  52  71   8   0   6 0.00  0.0    0  9.9 31 260   M    M   0        47 290
22  85  51  68   5   0   3 0.00  0.0    0  8.8 26 260   M    M   0        32 260
23  85  52  69   6   0   4 0.00  0.0    0  6.4 22 260   M    M   0        29 250
24  88  53  71   7   0   6 0.00  0.0    0  6.9 26 260   M    M   0        34 260
25  87  56  72   8   0   7 0.00  0.0    0 10.8 29 320   M    M   0        39 300
26  84  55  70   6   0   5 0.00  0.0    0  5.2 14  80   M    M   0        17  80
27  89  59  74   9   0   9 0.00  0.0    0  4.7 17 320   M    M   0        21 320
28  91  59  75  10   0  10    T  0.0    0  7.7 26  40   M    M   0        34  40
29  89  59  74   9   0   9 0.00  0.0    0  6.9 18  80   M    M   0        23  80
================================================================================
SM 2323 1491        49  77  1.04     0.0 248.1          M       31
================================================================================
AV 80.1 51.4                               8.6 FASTST   M    M   1    MAX(MPH)
                                 MISC ---->  # 51 250               # 64  240
================================================================================
NOTES:
# LAST OF SEVERAL OCCURRENCES

COLUMN 17 PEAK WIND IN M.P.H.

PRELIMINARY LOCAL CLIMATOLOGICAL DATA (WS FORM: F-6) , PAGE 2

                                          STATION:  ROCK SPRINGS WY
                                          MONTH:    JUNE
                                          YEAR:     2015
                                          LATITUDE:   41 35 N
                                          LONGITUDE: 109  4 W

[TEMPERATURE DATA]      [PRECIPITATION DATA]       SYMBOLS USED IN COLUMN 16

AVERAGE MONTHLY: 65.8   TOTAL FOR MONTH:   1.04    1 = FOG OR MIST
DPTR FM NORMAL:   5.3   DPTR FM NORMAL:    0.27    2 = FOG REDUCING VISIBILITY
HIGHEST:    91 ON 28    GRTST 24HR  0.80 ON 15-15      TO 1/4 MILE OR LESS
LOWEST:     45 ON 12, 4                            3 = THUNDER
                        SNOW, ICE PELLETS, HAIL    4 = ICE PELLETS
                        TOTAL MONTH:   0.0 INCH    5 = HAIL
                        GRTST 24HR     0.0         6 = FREEZING RAIN OR DRIZZLE
                        GRTST DEPTH:   0           7 = DUSTSTORM OR SANDSTORM:
                                                       VSBY 1/2 MILE OR LESS
                                                   8 = SMOKE OR HAZE
[NO. OF DAYS WITH]      [WEATHER - DAYS WITH]      9 = BLOWING SNOW
                                                   X = TORNADO
MAX 32 OR BELOW:   0    0.01 INCH OR MORE:   4
MAX 90 OR ABOVE:   1    0.10 INCH OR MORE:   2
MIN 32 OR BELOW:   0    0.50 INCH OR MORE:   1
MIN  0 OR BELOW:   0    1.00 INCH OR MORE:   0

[HDD (BASE 65) ]
TOTAL THIS MO.    49    CLEAR  (SCALE 0-3)  27
DPTR FM NORMAL  -115    PTCLDY (SCALE 4-7)   2
TOTAL FM JUL 1  7114    CLOUDY (SCALE 8-10)  0
DPTR FM NORMAL -1025

[CDD (BASE 65) ]
TOTAL THIS MO.    77
DPTR FM NORMAL    46    [PRESSURE DATA]
TOTAL FM JAN 1    77    HIGHEST SLP M ON M
DPTR FM NORMAL    45    LOWEST  SLP 29.79 ON 12

[REMARKS]
