000
CXUS55 KREV 240849
CF6RNO
PRELIMINARY LOCAL CLIMATOLOGICAL DATA (WS FORM: F-6)

                                          STATION:   RENO TAHOE AIRPORT NV
                                          MONTH:     JANUARY
                                          YEAR:      2017
                                          LATITUDE:   39 30 N
                                          LONGITUDE: 119 47 W

  TEMPERATURE IN F:       :PCPN:    SNOW:  WIND      :SUNSHINE: SKY     :PK WND
================================================================================
1   2   3   4   5  6A  6B    7    8   9   10  11  12  13   14  15   16   17  18
                                     12Z  AVG MX 2MIN
DY MAX MIN AVG DEP HDD CDD  WTR  SNW DPTH SPD SPD DIR MIN PSBL S-S WX    SPD DR
================================================================================

 1  50  20  35   1  30   0 0.00  0.0    0  7.1 24 280   M    M   M        36 270
 2  38  29  34   0  31   0    T    T    0 10.2 17 260   M    M   M        29 220
 3  47  30  39   5  26   0 0.05  0.0    0 10.8 33 170   M    M   M 1      39 170
 4  43  29  36   1  29   0 1.09  2.2    0  7.2 16 290   M    M   M 1      23 290
 5  29  17  23 -12  42   0 0.18  2.1    3  7.1 12  10   M    M   M 1      16  20
 6  24   9  17 -18  48   0    T    T    3  2.0  9 190   M    M   M        12 190
 7  47  17  32  -3  33   0 0.11  1.1    3  4.7 21  60   M    M   M 6      25  50
 8  49  35  42   7  23   0 1.44  0.0    2  9.1 23 190   M    M   M        39 190
 9  47  35  41   6  24   0 0.16  0.0    0 10.8 25 250   M    M   M        38 260
10  45  36  41   6  24   0 0.95  0.0    0 13.9 40 160   M    M   M        49 170
11  46  31  39   4  26   0 0.26    T    T  8.1 24 200   M    M   M 1      32 200
12  34  30  32  -3  33   0 0.32  4.0    T  3.0 10  30   M    M   M 18     14  20
13  34  31  33  -2  32   0    T    T    3  5.2 10 110   M    M   M        15 110
14  34  28  31  -4  34   0 0.00  0.0    2  6.5 12 100   M    M   M         M  M
15  31  28  30  -5  35   0 0.00  0.0    2  4.3  9 120   M    M   M         M  M
16  36  23  30  -5  35   0 0.00  0.0    2  4.9  9 180   M    M   M         M  M
17  36  24  30  -6  35   0    T    T    2  1.8  8 200   M    M   M 1       M  M
18  47  30  39   3  26   0 0.12    T    1  6.1 23 180   M    M   M 4      46 180
19  46  33  40   4  25   0 0.03  0.1    0  6.2 33 170   M    M   M 1      46 180
20  44  32  38   2  27   0 0.17  1.7    0  9.0 30 180   M    M   M 12     35 180
21  45  32  39   3  26   0 0.00  0.0    0  9.5 21 200   M    M   M        26 200
22  42  29  36   0  29   0 0.69  7.6    5  5.7 21 200   M    M   M 1      23 190
23  37  19  28  -8  37   0    T    T    3  3.0  7 180   M    M   M        11 180
================================================================================
SM  931  627       710   0  5.57    18.8 156.2          M        M
================================================================================
AV 40.5 27.3                               6.8 FASTST   M    M -nan   MAX(MPH)
                                 MISC ---->  # 40 160               # 49  170
================================================================================
NOTES:
# LAST OF SEVERAL OCCURRENCES

COLUMN 17 PEAK WIND IN M.P.H.

PRELIMINARY LOCAL CLIMATOLOGICAL DATA (WS FORM: F-6) , PAGE 2

                                          STATION:  RENO TAHOE AIRPORT NV
                                          MONTH:    JANUARY
                                          YEAR:     2017
                                          LATITUDE:   39 30 N
                                          LONGITUDE: 119 47 W

[TEMPERATURE DATA]      [PRECIPITATION DATA]       SYMBOLS USED IN COLUMN 16

AVERAGE MONTHLY: 33.9   TOTAL FOR MONTH:   5.57    1 = FOG OR MIST
DPTR FM NORMAL:  -1.3   DPTR FM NORMAL:    4.77    2 = FOG REDUCING VISIBILITY
HIGHEST:    50 ON  1    GRTST 24HR  1.44 ON  8- 8      TO 1/4 MILE OR LESS
LOWEST:      9 ON  6                               3 = THUNDER
                        SNOW, ICE PELLETS, HAIL    4 = ICE PELLETS
                        TOTAL MONTH:  18.8 INCHES  5 = HAIL
                        GRTST 24HR   7.6 ON   M    6 = FREEZING RAIN OR DRIZZLE
                        GRTST DEPTH:   5 ON 22     7 = DUSTSTORM OR SANDSTORM:
                                                       VSBY 1/2 MILE OR LESS
                                                   8 = SMOKE OR HAZE
[NO. OF DAYS WITH]      [WEATHER - DAYS WITH]      9 = BLOWING SNOW
                                                   X = TORNADO
MAX 32 OR BELOW:   3    0.01 INCH OR MORE:  13
MAX 90 OR ABOVE:   0    0.10 INCH OR MORE:  11
MIN 32 OR BELOW:  19    0.50 INCH OR MORE:   4
MIN  0 OR BELOW:   0    1.00 INCH OR MORE:   2

[HDD (BASE 65) ]
TOTAL THIS MO.   710    CLEAR  (SCALE 0-3)   0
DPTR FM NORMAL    25    PTCLDY (SCALE 4-7)   0
TOTAL FM JUL 1  2451    CLOUDY (SCALE 8-10)  0
DPTR FM NORMAL  -258

[CDD (BASE 65) ]
TOTAL THIS MO.     0
DPTR FM NORMAL     0    [PRESSURE DATA]
TOTAL FM JAN 1     0    HIGHEST SLP M ON M
DPTR FM NORMAL     0    LOWEST  SLP 29.27 ON 21

[REMARKS]
#FINAL--#
