000
CXUS51 KRNK 281112
CF6ROA
PRELIMINARY LOCAL CLIMATOLOGICAL DATA (WS FORM: F-6)

                                          STATION:   ROANOKE VA
                                          MONTH:     JANUARY
                                          YEAR:      2015
                                          LATITUDE:   37 19 N
                                          LONGITUDE:  79 58 W

  TEMPERATURE IN F:       :PCPN:    SNOW:  WIND      :SUNSHINE: SKY     :PK WND
================================================================================
1   2   3   4   5  6A  6B    7    8   9   10  11  12  13   14  15   16   17  18
                                     12Z  AVG MX 2MIN
DY MAX MIN AVG DEP HDD CDD  WTR  SNW DPTH SPD SPD DIR MIN PSBL S-S WX    SPD DR
================================================================================

 1  47  28  38   1  27   0 0.00  0.0    0 11.0 20 270   M    M   2        26 270
 2  46  37  42   5  23   0 0.00  0.0    0  5.9 20 270   M    M   8        28 280
 3  44  39  42   6  23   0 0.19  0.0    0  3.8 12 150   M    M  10 1      13 140
 4  64  40  52  16  13   0 0.11  0.0    0  9.2 29 300   M    M   9 1      39 280
 5  44  27  36   0  29   0    T  0.0    0 15.7 35 300   M    M   3        46 310
 6  44  27  36   0  29   0 0.00  0.0    0  9.0 28 280   M    M   8        42 310
 7  31   8  20 -16  45   0    T    T    0 16.6 30 320   M    M   7        40 330
 8  25   5  15 -21  50   0 0.00  0.0    0  7.9 16 300   M    M   3        20 310
 9  38  22  30  -6  35   0 0.00  0.0    0 10.4 24 300   M    M   4        32 290
10  33  15  24 -12  41   0 0.00  0.0    0  7.8 25 300   M    M   0        34 310
11  42  11  27  -9  38   0 0.01  0.0    0  2.5  8 110   M    M   5        10 120
12  47  32  40   4  25   0 0.37  0.0    0  1.7 12 300   M    M   9 16     14 300
13  46  29  38   2  27   0    T    T    0  6.4 13  40   M    M  10 16     15  40
14  33  27  30  -6  35   0 0.05  0.2    0  3.6  9  10   M    M   9 168    11 140
15  42  23  33  -3  32   0 0.00  0.0    0  3.7 12 290   M    M   5        16 290
16  45  33  39   3  26   0 0.00  0.0    0 11.6 28 320   M    M   2        34 300
17  48  26  37   1  28   0 0.00  0.0    0  6.9 21 150   M    M   1        24 150
18  54  29  42   6  23   0 0.00  0.0    0  6.7 25 300   M    M   7        34 320
19  58  36  47  11  18   0 0.00  0.0    0  7.6 24 300   M    M   1        32 300
20  64  31  48  12  17   0 0.00  0.0    0  4.4 18 250   M    M   3        25 220
21  54  33  44   8  21   0 0.00  0.0    0  4.9 18 300   M    M   4        22 310
22  49  31  40   3  25   0 0.00  0.0    0  8.0 23 300   M    M   3        29 310
23  37  29  33  -4  32   0 0.46    T    0  3.8 10 180   M    M  10 146    12 170
24  43  33  38   1  27   0 0.06  0.0    0 11.1 30 300   M    M   6 1      43 310
25  51  33  42   5  23   0 0.00  0.0    0  7.4 25 310   M    M   7        33 300
26  47  32  40   3  25   0 0.05    T    0  6.8 25 300   M    M   8 1      30 310
27  41  22  32  -5  33   0    T    T    0 11.8 25 310   M    M   2        32 310
================================================================================
SM 1217  738       770   0  1.30     0.2 206.2          M      146
================================================================================
AV 45.1 27.3                               7.6 FASTST   M    M   5    MAX(MPH)
                                 MISC ---->  # 35 300               # 46  310
================================================================================
NOTES:
# LAST OF SEVERAL OCCURRENCES

COLUMN 17 PEAK WIND IN M.P.H.

PRELIMINARY LOCAL CLIMATOLOGICAL DATA (WS FORM: F-6) , PAGE 2

                                          STATION:  ROANOKE VA
                                          MONTH:    JANUARY
                                          YEAR:     2015
                                          LATITUDE:   37 19 N
                                          LONGITUDE:  79 58 W

[TEMPERATURE DATA]      [PRECIPITATION DATA]       SYMBOLS USED IN COLUMN 16

AVERAGE MONTHLY: 36.2   TOTAL FOR MONTH:   1.30    1 = FOG OR MIST
DPTR FM NORMAL:  -0.1   DPTR FM NORMAL:   -1.23    2 = FOG REDUCING VISIBILITY
HIGHEST:    64 ON 20, 4 GRTST 24HR  0.50 ON 23-24      TO 1/4 MILE OR LESS
LOWEST:      5 ON  8                               3 = THUNDER
                        SNOW, ICE PELLETS, HAIL    4 = ICE PELLETS
                        TOTAL MONTH:   0.2 INCH    5 = HAIL
                        GRTST 24HR   0.2 ON   M    6 = FREEZING RAIN OR DRIZZLE
                        GRTST DEPTH:   0           7 = DUSTSTORM OR SANDSTORM:
                                                       VSBY 1/2 MILE OR LESS
                                                   8 = SMOKE OR HAZE
[NO. OF DAYS WITH]      [WEATHER - DAYS WITH]      9 = BLOWING SNOW
                                                   X = TORNADO
MAX 32 OR BELOW:   2    0.01 INCH OR MORE:   8
MAX 90 OR ABOVE:   0    0.10 INCH OR MORE:   4
MIN 32 OR BELOW:  19    0.50 INCH OR MORE:   0
MIN  0 OR BELOW:   0    1.00 INCH OR MORE:   0

[HDD (BASE 65) ]
TOTAL THIS MO.   770    CLEAR  (SCALE 0-3)   9
DPTR FM NORMAL    -3    PTCLDY (SCALE 4-7)  11
TOTAL FM JUL 1  2345    CLOUDY (SCALE 8-10)  7
DPTR FM NORMAL   -38

[CDD (BASE 65) ]
TOTAL THIS MO.     0
DPTR FM NORMAL     0    [PRESSURE DATA]
TOTAL FM JAN 1     0    HIGHEST SLP M ON M
DPTR FM NORMAL     0    LOWEST  SLP 29.56 ON 24

[REMARKS]
