000
CXUS51 KRNK 200929
CF6ROA
PRELIMINARY LOCAL CLIMATOLOGICAL DATA (WS FORM: F-6)

                                          STATION:   ROANOKE VA
                                          MONTH:     SEPTEMBER
                                          YEAR:      2014
                                          LATITUDE:   37 19 N
                                          LONGITUDE:  79 58 W

  TEMPERATURE IN F:       :PCPN:    SNOW:  WIND      :SUNSHINE: SKY     :PK WND
================================================================================
1   2   3   4   5  6A  6B    7    8   9   10  11  12  13   14  15   16   17  18
                                     12Z  AVG MX 2MIN
DY MAX MIN AVG DEP HDD CDD  WTR  SNW DPTH SPD SPD DIR MIN PSBL S-S WX    SPD DR
================================================================================

 1  90  72  81   8   0  16 0.00  0.0    0  5.8 15 280   M    M   4        21 240
 2  92  70  81   8   0  16 0.50  0.0    0  7.0 17 250   M    M   5 13     25 250
 3  84  69  77   5   0  12    T  0.0    0  4.9 10 270   M    M   7        14 310
 4  82  68  75   3   0  10 0.00  0.0    0  3.2 18 130   M    M   8        20 120
 5  87  68  78   6   0  13 0.00  0.0    0  4.0 15 250   M    M   7 12     20 240
 6  86  68  77   5   0  12 0.11  0.0    0  4.9 20  30   M    M   5 13     26  30
 7  75  65  70  -1   0   5    T  0.0    0  5.5 14  30   M    M   8        16  50
 8  71  64  68  -3   0   3    T  0.0    0  6.8 14  30   M    M  10 1      18  30
 9  78  63  71   1   0   6    T  0.0    0  4.3 12  20   M    M   8        15  10
10  77  66  72   2   0   7    T  0.0    0  5.4 14 170   M    M   9 18     16 150
11  87  63  75   5   0  10    T  0.0    0  7.2 18 240   M    M   6 1      25 230
12  73  64  69  -1   0   4 0.18  0.0    0  4.7 14 130   M    M   9 1      17 140
13  72  58  65  -4   0   0 0.22  0.0    0  5.3 18 310   M    M   8 1      23 310
14  68  59  64  -5   1   0    T  0.0    0  4.8 12 120   M    M   9        15 150
15  74  56  65  -3   0   0 0.00  0.0    0  3.9 12 120   M    M   8        14 160
16  77  63  70   2   0   5    T  0.0    0  6.8 17 290   M    M   6        23 290
17  73  57  65  -3   0   0 0.00  0.0    0  4.1 12 110   M    M   6        16 110
18  77  55  66  -1   0   1 0.00  0.0    0  2.9  9 120   M    M   7        14 140
19  65  60  63  -4   2   0 0.13  0.0    0  3.8 15 100   M    M  10 1      18 120
================================================================================
SM 1488 1208         3 120  1.14     0.0  95.3          M      140
================================================================================
AV 78.3 63.6                               5.0 FASTST   M    M   7    MAX(MPH)
                                 MISC ---->  # 20  30               # 26   30
================================================================================
NOTES:
# LAST OF SEVERAL OCCURRENCES

COLUMN 17 PEAK WIND IN M.P.H.

PRELIMINARY LOCAL CLIMATOLOGICAL DATA (WS FORM: F-6) , PAGE 2

                                          STATION:  ROANOKE VA
                                          MONTH:    SEPTEMBER
                                          YEAR:     2014
                                          LATITUDE:   37 19 N
                                          LONGITUDE:  79 58 W

[TEMPERATURE DATA]      [PRECIPITATION DATA]       SYMBOLS USED IN COLUMN 16

AVERAGE MONTHLY: 70.9   TOTAL FOR MONTH:   1.14    1 = FOG OR MIST
DPTR FM NORMAL:   0.8   DPTR FM NORMAL:   -1.46    2 = FOG REDUCING VISIBILITY
HIGHEST:    92 ON  2    GRTST 24HR  0.50 ON  2- 2      TO 1/4 MILE OR LESS
LOWEST:     55 ON 18                               3 = THUNDER
                        SNOW, ICE PELLETS, HAIL    4 = ICE PELLETS
                        TOTAL MONTH:   0.0 INCH    5 = HAIL
                        GRTST 24HR     0.0         6 = FREEZING RAIN OR DRIZZLE
                        GRTST DEPTH:   0           7 = DUSTSTORM OR SANDSTORM:
                                                       VSBY 1/2 MILE OR LESS
                                                   8 = SMOKE OR HAZE
[NO. OF DAYS WITH]      [WEATHER - DAYS WITH]      9 = BLOWING SNOW
                                                   X = TORNADO
MAX 32 OR BELOW:   0    0.01 INCH OR MORE:   5
MAX 90 OR ABOVE:   2    0.10 INCH OR MORE:   5
MIN 32 OR BELOW:   0    0.50 INCH OR MORE:   1
MIN  0 OR BELOW:   0    1.00 INCH OR MORE:   0

[HDD (BASE 65) ]
TOTAL THIS MO.     3    CLEAR  (SCALE 0-3)   0
DPTR FM NORMAL   -10    PTCLDY (SCALE 4-7)  14
TOTAL FM JUL 1     3    CLOUDY (SCALE 8-10)  5
DPTR FM NORMAL   -11

[CDD (BASE 65) ]
TOTAL THIS MO.   120
DPTR FM NORMAL     8    [PRESSURE DATA]
TOTAL FM JAN 1  1090    HIGHEST SLP M ON M
DPTR FM NORMAL   -69    LOWEST  SLP 29.91 ON M

[REMARKS]
