000
CXUS53 KGRB 260720
CF6RRL
PRELIMINARY LOCAL CLIMATOLOGICAL DATA (WS FORM: F-6)

                                          STATION:   MERRILL MUNICIPAL AI
                                          MONTH:     JUNE
                                          YEAR:      2017
                                          LATITUDE:   45 10 N
                                          LONGITUDE:  89 42 W

  TEMPERATURE IN F:       :PCPN:    SNOW:  WIND      :SUNSHINE: SKY     :PK WND
================================================================================
1   2   3   4   5  6A  6B    7    8   9   10  11  12  13   14  15   16   17  18
                                     12Z  AVG MX 2MIN
DY MAX MIN AVG DEP HDD CDD  WTR  SNW DPTH SPD SPD DIR MIN PSBL S-S WX    SPD DR
================================================================================

 1  75  33  54   M  11   0 0.00  0.0    0  2.6  8 290   M    M   1         M  M
 2  82  39  61   M   4   0 0.00  0.0    0  2.2  9 230   M    M   0         M  M
 3  85  54  70   M   0   5 0.32  0.0    0  6.8 28 280   M    M   5 23     47 280
 4  83  51  67   M   0   2 0.00  0.0    0  5.6 14 280   M    M   3 12     21 280
 5  76  45  61   M   4   0 0.00  0.0    0  8.0 15  20   M    M   1        22  20
 6  77  39  58   M   7   0 0.00  0.0    0  3.4 12  40   M    M   0        17  40
 7  78  41  60   M   5   0 0.00  0.0    0  2.0  7 200   M    M   0         M  M
 8  79  46  63   M   2   0 0.01    M    0  4.3 13 230   M    M   4 1      20 220
 9  78  51  65   M   0   0 0.00  0.0    0  3.2  8 150   M    M   4 12      M  M
10  87  60  74   M   0   9 0.00  0.0    0 12.3 23 230   M    M   2        35 230
11  77  65  71   M   0   6 0.00  0.0    0  3.7  7 130   M    M   7         M  M
12  84  62  73   M   0   8 0.14  0.0    M  4.0 14 280   M    M   4 3      18 280
13  77  60  69   M   0   4 0.01  0.0    0  7.8 15 120   M    M   5 3      22 130
14  82  63  73   M   0   8 0.18  0.0    0  5.6 13 140   M    M   5 3      16 140
15  81  58  70   M   0   5 0.00  0.0    0  6.3 21 250   M    M   4 1      28 280
16  78  52  65   M   0   0 0.09  0.0    0  4.7 13 270   M    M   7 123    18 230
17  79  60  70   M   0   5 0.24  0.0    0  4.7 14 270   M    M   5         M  M
18  69  55  62   M   3   0 1.03  0.0    0  7.1 13 280   M    M   7        23 310
19  65  49  57   M   8   0 0.16    M    0  4.4 20 350   M    M   7        28 350
20  70  47  59   M   6   0 0.16    M    0  4.0 13 300   M    M   5        17 300
21  75  44  60   M   5   0 0.00  0.0    0  3.6 12 220   M    M   4 12     16 220
22  73  60  67   M   0   2 0.30  0.0    0  3.2  9 290   M    M   7         M  M
23  71  53  62   M   3   0 0.00  0.0    0  7.4 21 300   M    M   4 18     25 300
24  66  51  59   M   6   0 0.11  0.0    0  9.2 17 280   M    M   8        27 290
25  62  47  55   M  10   0 0.03    M    0  6.7 14 290   M    M   7 3      20 320
================================================================================
SM 1909 1285        74  54  2.78     0.0 132.8          M      106
================================================================================
AV 76.4 51.4                               5.3 FASTST   M    M   4    MAX(MPH)
                                 MISC ---->  # 28 280               # 47  280
================================================================================
NOTES:
# LAST OF SEVERAL OCCURRENCES

COLUMN 17 PEAK WIND IN M.P.H.

PRELIMINARY LOCAL CLIMATOLOGICAL DATA (WS FORM: F-6) , PAGE 2

                                          STATION:  MERRILL MUNICIPAL AI
                                          MONTH:    JUNE
                                          YEAR:     2017
                                          LATITUDE:   45 10 N
                                          LONGITUDE:  89 42 W

[TEMPERATURE DATA]      [PRECIPITATION DATA]       SYMBOLS USED IN COLUMN 16

AVERAGE MONTHLY: 63.9   TOTAL FOR MONTH:   2.78    1 = FOG OR MIST
DPTR FM NORMAL:     M   DPTR FM NORMAL:       M    2 = FOG REDUCING VISIBILITY
HIGHEST:    87 ON 10    GRTST 24HR  1.03 ON 18-18      TO 1/4 MILE OR LESS
LOWEST:     33 ON  1                               3 = THUNDER
                        SNOW, ICE PELLETS, HAIL    4 = ICE PELLETS
                        TOTAL MONTH:   0.0 INCH    5 = HAIL
                        GRTST 24HR     0.0         6 = FREEZING RAIN OR DRIZZLE
                        GRTST DEPTH:   0           7 = DUSTSTORM OR SANDSTORM:
                                                       VSBY 1/2 MILE OR LESS
                                                   8 = SMOKE OR HAZE
[NO. OF DAYS WITH]      [WEATHER - DAYS WITH]      9 = BLOWING SNOW
                                                   X = TORNADO
MAX 32 OR BELOW:   0    0.01 INCH OR MORE:  13
MAX 90 OR ABOVE:   0    0.10 INCH OR MORE:   9
MIN 32 OR BELOW:   0    0.50 INCH OR MORE:   1
MIN  0 OR BELOW:   0    1.00 INCH OR MORE:   1

[HDD (BASE 65) ]
TOTAL THIS MO.    74    CLEAR  (SCALE 0-3)   7
DPTR FM NORMAL     M    PTCLDY (SCALE 4-7)  17
TOTAL FM JUL 1  6820    CLOUDY (SCALE 8-10)  1
DPTR FM NORMAL  6440

[CDD (BASE 65) ]
TOTAL THIS MO.    54
DPTR FM NORMAL     M    [PRESSURE DATA]
TOTAL FM JAN 1    54    HIGHEST SLP M ON M
DPTR FM NORMAL    54    LOWEST  SLP M ON M

[REMARKS]
