000
CXUS54 KLZK 011130
CF6RUE
PRELIMINARY LOCAL CLIMATOLOGICAL DATA (WS FORM: F-6)

                                          STATION:   Russellville
                                          MONTH:     JULY
                                          YEAR:      2015
                                          LATITUDE:   35 15 N
                                          LONGITUDE:  93  6 W

  TEMPERATURE IN F:       :PCPN:    SNOW:  WIND      :SUNSHINE: SKY     :PK WND
================================================================================
1   2   3   4   5  6A  6B    7    8   9   10  11  12  13   14  15   16   17  18
                                     12Z  AVG MX 2MIN
DY MAX MIN AVG DEP HDD CDD  WTR  SNW DPTH SPD SPD DIR MIN PSBL S-S WX    SPD DR
================================================================================

 1  92  73  83   2   0  18 0.00  0.0    0  3.1 13 200   M    M   0        20 200
 2  91  72  82   1   0  17 0.23  0.0    0  5.2 20 310   M    M   4 13     25 320
 3  84  70  77  -4   0  12 1.36  0.0    0  4.7 21  30   M    M   5 13     27  20
 4  86  69  78  -3   0  13    T  0.0    0  2.1  8  70   M    M   5 13     12 230
 5  88  71  80  -1   0  15 0.06  0.0    0  2.5 10 230   M    M   4 13     18 250
 6  88  71  80  -1   0  15 0.00  0.0    0  4.6 14 190   M    M   6        20 200
 7  89  72  81   0   0  16 0.31  0.0    0  5.4 17 280   M    M   5 138    23 250
 8  90  72  81   0   0  16 0.21  0.0    0  4.3 16 300   M    M   5 13     22 180
 9  90  71  81   0   0  16 0.00  0.0    0  4.3 15 220   M    M   1 18     20 200
10  93  72  83   1   0  18 0.00  0.0    0  2.4  9 180   M    M   1        13 210
11  93  73  83   1   0  18 0.00  0.0    0  2.4 12 200   M    M   0        14 170
12  93  74  84   2   0  19 0.00  0.0    0  2.3  9 230   M    M   0 1      13 220
13  95  74  85   3   0  20 0.00  0.0    0  3.0 12 200   M    M   0        17 230
14  97  76  87   5   0  22 0.00  0.0    0  2.5  8 250   M    M   1 13     12 280
15  98  76  87   5   0  22 0.00  0.0    0  3.1 14  70   M    M   3 38     20  80
16  94  73  84   2   0  19 0.00  0.0    0  3.5 12 240   M    M   0        15 240
17  95  73  84   2   0  19 0.00  0.0    0  3.8 12 230   M    M   0 1      17 240
18  96  73  85   3   0  20 0.00  0.0    0  3.9 14 260   M    M   1 1      21 260
19  97  74  86   4   0  21 0.00  0.0    M  2.2 10 220   M    M   1        14 170
20  96  74  85   3   0  20 0.47  0.0    0  2.2 23  30   M    M   2 13     28  40
21  90  74  82   0   0  17 0.11  0.0    0  3.1 14 290   M    M   1 3      20 280
22  89  74  82   0   0  17 0.44  0.0    0  2.9 26 250   M    M   4 13     36 240
23  94  74  84   2   0  19 0.00  0.0    0  1.7 10 270   M    M   2 1      12 260
24  97  76  87   5   0  22 0.00  0.0    0  3.4 15  30   M    M   1 1      24  30
25  98  76  87   5   0  22 0.00  0.0    0  2.0  9  90   M    M   0        14  40
26  96  75  86   4   0  21 0.00  0.0    0  1.8  8  90   M    M   0 1      12 100
27  97  76  87   5   0  22 0.00  0.0    0  1.7  8  90   M    M   0        12 110
28  98  74  86   4   0  21 0.00  0.0    0  1.6  9 120   M    M   0 1      14 120
29  99  74  87   5   0  22 0.00  0.0    0  2.3  9 270   M    M   1 1      13  70
30  93  71  82   0   0  17 0.00  0.0    0  5.0 13  70   M    M   1        18  60
31  94  66  80  -2   0  15 0.00  0.0    0  1.4  9 170   M    M   1        13 210
================================================================================
SM 2890 2263         0 571  3.19     0.0  94.4          M       55
================================================================================
AV 93.2 73.0                               3.0 FASTST   M    M   2    MAX(MPH)
                                 MISC ---->  # 26 250               # 36  240
================================================================================
NOTES:
# LAST OF SEVERAL OCCURRENCES

COLUMN 17 PEAK WIND IN M.P.H.

PRELIMINARY LOCAL CLIMATOLOGICAL DATA (WS FORM: F-6) , PAGE 2

                                          STATION:  Russellville
                                          MONTH:    JULY
                                          YEAR:     2015
                                          LATITUDE:   35 15 N
                                          LONGITUDE:  93  6 W

[TEMPERATURE DATA]      [PRECIPITATION DATA]       SYMBOLS USED IN COLUMN 16

AVERAGE MONTHLY: 83.1   TOTAL FOR MONTH:   3.19    1 = FOG OR MIST
DPTR FM NORMAL:   1.5   DPTR FM NORMAL:   -0.45    2 = FOG REDUCING VISIBILITY
HIGHEST:    99 ON 29    GRTST 24HR  1.59 ON  2- 3      TO 1/4 MILE OR LESS
LOWEST:     66 ON 31                               3 = THUNDER
                        SNOW, ICE PELLETS, HAIL    4 = ICE PELLETS
                        TOTAL MONTH:   0.0 INCH    5 = HAIL
                        GRTST 24HR     0.0         6 = FREEZING RAIN OR DRIZZLE
                        GRTST DEPTH:   0           7 = DUSTSTORM OR SANDSTORM:
                                                       VSBY 1/2 MILE OR LESS
                                                   8 = SMOKE OR HAZE
[NO. OF DAYS WITH]      [WEATHER - DAYS WITH]      9 = BLOWING SNOW
                                                   X = TORNADO
MAX 32 OR BELOW:   0    0.01 INCH OR MORE:   8
MAX 90 OR ABOVE:  25    0.10 INCH OR MORE:   7
MIN 32 OR BELOW:   0    0.50 INCH OR MORE:   1
MIN  0 OR BELOW:   0    1.00 INCH OR MORE:   1

[HDD (BASE 65) ]
TOTAL THIS MO.     0    CLEAR  (SCALE 0-3)  22
DPTR FM NORMAL     0    PTCLDY (SCALE 4-7)   9
TOTAL FM JUL 1     0    CLOUDY (SCALE 8-10)  0
DPTR FM NORMAL     0

[CDD (BASE 65) ]
TOTAL THIS MO.   571
DPTR FM NORMAL    58    [PRESSURE DATA]
TOTAL FM JAN 1  1256    HIGHEST SLP 30.13 ON 31
DPTR FM NORMAL   142    LOWEST  SLP 29.73 ON 14

[REMARKS]
#FINAL-07-15#
#FINAL-07-15#
