000
CXUS54 KLZK 231130
CF6RUE
PRELIMINARY LOCAL CLIMATOLOGICAL DATA (WS FORM: F-6)

                                          STATION:   Russellville
                                          MONTH:     NOVEMBER
                                          YEAR:      2017
                                          LATITUDE:   35 15 N
                                          LONGITUDE:  93  6 W

  TEMPERATURE IN F:       :PCPN:    SNOW:  WIND      :SUNSHINE: SKY     :PK WND
================================================================================
1   2   3   4   5  6A  6B    7    8   9   10  11  12  13   14  15   16   17  18
                                     12Z  AVG MX 2MIN
DY MAX MIN AVG DEP HDD CDD  WTR  SNW DPTH SPD SPD DIR MIN PSBL S-S WX    SPD DR
================================================================================

 1  63  43  53  -4  12   0    T    M    M  2.9  8 120   M    M   9 1      13  90
 2  84  62  73  16   0   8 0.00    M    M  6.2 21 190   M    M   2        28 200
 3  81  60  71  15   0   6 0.00    M    M  4.5 15  70   M    M   6 18     20  80
 4  80  60  70  14   0   5 0.00    M    M  2.6 13 200   M    M   8 1      19 200
 5  81  66  74  18   0   9 0.00    M    M  8.0 18 210   M    M   5        25 200
 6  66  53  60   5   5   0 0.05    M    M  5.0 12 330   M    M  10 13     16  70
 7  60  49  55   0  10   0 0.00    M    M  6.1 14  10   M    M  10 1      18  10
 8  52  39  46  -8  19   0 0.00    M    M  4.3 12  10   M    M   7        14 340
 9  64  33  49  -5  16   0 0.00    M    M  1.8  9 280   M    M   0 1      11 270
10  59  32  46  -8  19   0 0.00    M    M  4.2 14  70   M    M   0        16  80
11  59  30  45  -8  20   0 0.00    M    M  2.3  9 100   M    M   5        13  90
12  72  45  59   6   6   0    T    M    0  1.7 13  50   M    M   6 8      15  30
13  59  39  49  -3  16   0 0.00  0.0    0  2.7 10 100   M    M   4 1      18 110
14  54  45  50  -2  15   0 0.21    M    0  2.3  8 110   M    M  10 1      14 120
15  59  48  54   2  11   0 0.41    M    0  1.5 15 350   M    M   9 123    21 340
16  63  39  51   0  14   0 0.00  0.0    0  2.3 10  60   M    M   5 12     14  80
17  72  53  63  12   2   0 0.00  0.0    0  5.7 14 180   M    M  10        20 200
18  78  37  58   8   7   0 0.00  0.0    0 11.8 36 270   M    M   6        46 280
19  60  30  45  -5  20   0 0.00  0.0    0  2.5 13 300   M    M   0        16 290
20  61  28  45  -5  20   0 0.00  0.0    0  2.8 13 190   M    M   0        18 180
21  64  34  49   0  16   0 0.00  0.0    0  3.5 16  10   M    M   0 8      23 360
22  53  27  40  -9  25   0 0.00  0.0    0  3.8 15 360   M    M   0 18     20 360
================================================================================
SM 1444  952       253  28  0.67     0.0  88.5          M      112
================================================================================
AV 65.6 43.3                               4.0 FASTST   M    M   5    MAX(MPH)
                                 MISC ---->  # 36 270               # 46  280
================================================================================
NOTES:
# LAST OF SEVERAL OCCURRENCES

COLUMN 17 PEAK WIND IN M.P.H.

PRELIMINARY LOCAL CLIMATOLOGICAL DATA (WS FORM: F-6) , PAGE 2

                                          STATION:  Russellville
                                          MONTH:    NOVEMBER
                                          YEAR:     2017
                                          LATITUDE:   35 15 N
                                          LONGITUDE:  93  6 W

[TEMPERATURE DATA]      [PRECIPITATION DATA]       SYMBOLS USED IN COLUMN 16

AVERAGE MONTHLY: 54.5   TOTAL FOR MONTH:   0.67    1 = FOG OR MIST
DPTR FM NORMAL:   1.5   DPTR FM NORMAL:   -2.85    2 = FOG REDUCING VISIBILITY
HIGHEST:    84 ON  2    GRTST 24HR  0.41 ON 15-15      TO 1/4 MILE OR LESS
LOWEST:     27 ON 22                               3 = THUNDER
                        SNOW, ICE PELLETS, HAIL    4 = ICE PELLETS
                        TOTAL MONTH:   0.0 INCH    5 = HAIL
                        GRTST 24HR     0.0         6 = FREEZING RAIN OR DRIZZLE
                        GRTST DEPTH:   0           7 = DUSTSTORM OR SANDSTORM:
                                                       VSBY 1/2 MILE OR LESS
                                                   8 = SMOKE OR HAZE
[NO. OF DAYS WITH]      [WEATHER - DAYS WITH]      9 = BLOWING SNOW
                                                   X = TORNADO
MAX 32 OR BELOW:   0    0.01 INCH OR MORE:   3
MAX 90 OR ABOVE:   0    0.10 INCH OR MORE:   2
MIN 32 OR BELOW:   5    0.50 INCH OR MORE:   0
MIN  0 OR BELOW:   0    1.00 INCH OR MORE:   0

[HDD (BASE 65) ]
TOTAL THIS MO.   253    CLEAR  (SCALE 0-3)   7
DPTR FM NORMAL   -16    PTCLDY (SCALE 4-7)   9
TOTAL FM JUL 1   432    CLOUDY (SCALE 8-10)  6
DPTR FM NORMAL    -6

[CDD (BASE 65) ]
TOTAL THIS MO.    28
DPTR FM NORMAL    25    [PRESSURE DATA]
TOTAL FM JAN 1  1891    HIGHEST SLP M ON M
DPTR FM NORMAL   -70    LOWEST  SLP 29.53 ON 18

[REMARKS]
