000
CXUS54 KLZK 221130
CF6RUE
PRELIMINARY LOCAL CLIMATOLOGICAL DATA (WS FORM: F-6)

                                          STATION:   Russellville
                                          MONTH:     JULY
                                          YEAR:      2017
                                          LATITUDE:   35 15 N
                                          LONGITUDE:  93  6 W

  TEMPERATURE IN F:       :PCPN:    SNOW:  WIND      :SUNSHINE: SKY     :PK WND
================================================================================
1   2   3   4   5  6A  6B    7    8   9   10  11  12  13   14  15   16   17  18
                                     12Z  AVG MX 2MIN
DY MAX MIN AVG DEP HDD CDD  WTR  SNW DPTH SPD SPD DIR MIN PSBL S-S WX    SPD DR
================================================================================

 1  89  68  79  -2   0  14 0.02  0.0    0  3.1 14  70   M    M   3        17  70
 2  89  68  79  -2   0  14 0.48  0.0    0  2.0 28 270   M    M   3 13     39 270
 3  87  70  79  -2   0  14 1.12  0.0    0  2.3 10 320   M    M   5 13     15 270
 4  87  74  81   0   0  16 0.13  0.0    0  2.8 14 220   M    M   0 13     21 220
 5  85  73  79  -2   0  14 0.06  0.0    0  3.7 12 270   M    M   0 13     17 220
 6  91  70  81   0   0  16 0.00  0.0    0  4.6 18 280   M    M   1 1      23 270
 7  94  70  82   1   0  17 0.00  0.0    0  3.0 13 260   M    M   0        17 290
 8  88  68  78  -3   0  13 1.05  0.0    0  3.3 23 340   M    M   1 13     29 340
 9  91  70  81   0   0  16 0.00  0.0    0  2.2 10 200   M    M   2 12     14 190
10  91  68  80  -2   0  15 0.00  0.0    0  2.6 10 180   M    M   1        15 180
11  93  69  81  -1   0  16    T  0.0    0  2.5  9 270   M    M   1 1      13 200
12  93  73  83   1   0  18 0.00  0.0    0  2.7 10 180   M    M   1 1      13 170
13  95  74  85   3   0  20 0.00  0.0    0  2.1  9 190   M    M   0 1      13 180
14  92  72  82   0   0  17 0.22  0.0    0  2.1 23 340   M    M   1 138    35 360
15  92  72  82   0   0  17    T  0.0    0  1.6 10  90   M    M   2 1      16  80
16  91  72  82   0   0  17 0.00  0.0    0  1.9  8 180   M    M   0 1      11 180
17  92  71  82   0   0  17 0.00  0.0    0  1.7  9  80   M    M   1 1      12  80
18  93  69  81  -1   0  16 0.00  0.0    0  1.0  8 360   M    M   1 1      11 350
19  95  72  84   2   0  19 0.00  0.0    0  1.3  7 120   M    M   1 1      13  80
20  97  75  86   4   0  21    T  0.0    0  1.6  8  60   M    M   1 1      10 240
21  96  75  86   4   0  21 0.00  0.0    0  2.1  9 180   M    M   0 18     12 150
================================================================================
SM 1921 1493         0 348  3.08     0.0  50.2          M       25
================================================================================
AV 91.5 71.1                               2.4 FASTST   M    M   1    MAX(MPH)
                                 MISC ---->  # 28 270               # 39  270
================================================================================
NOTES:
# LAST OF SEVERAL OCCURRENCES

COLUMN 17 PEAK WIND IN M.P.H.

PRELIMINARY LOCAL CLIMATOLOGICAL DATA (WS FORM: F-6) , PAGE 2

                                          STATION:  Russellville
                                          MONTH:    JULY
                                          YEAR:     2017
                                          LATITUDE:   35 15 N
                                          LONGITUDE:  93  6 W

[TEMPERATURE DATA]      [PRECIPITATION DATA]       SYMBOLS USED IN COLUMN 16

AVERAGE MONTHLY: 81.3   TOTAL FOR MONTH:   3.08    1 = FOG OR MIST
DPTR FM NORMAL:  -0.3   DPTR FM NORMAL:    0.46    2 = FOG REDUCING VISIBILITY
HIGHEST:    97 ON 20    GRTST 24HR  1.36 ON 30- 1      TO 1/4 MILE OR LESS
LOWEST:     68 ON 10, 8                            3 = THUNDER
                        SNOW, ICE PELLETS, HAIL    4 = ICE PELLETS
                        TOTAL MONTH:   0.0 INCH    5 = HAIL
                        GRTST 24HR     0.0         6 = FREEZING RAIN OR DRIZZLE
                        GRTST DEPTH:   0           7 = DUSTSTORM OR SANDSTORM:
                                                       VSBY 1/2 MILE OR LESS
                                                   8 = SMOKE OR HAZE
[NO. OF DAYS WITH]      [WEATHER - DAYS WITH]      9 = BLOWING SNOW
                                                   X = TORNADO
MAX 32 OR BELOW:   0    0.01 INCH OR MORE:   7
MAX 90 OR ABOVE:  15    0.10 INCH OR MORE:   5
MIN 32 OR BELOW:   0    0.50 INCH OR MORE:   2
MIN  0 OR BELOW:   0    1.00 INCH OR MORE:   2

[HDD (BASE 65) ]
TOTAL THIS MO.     0    CLEAR  (SCALE 0-3)  20
DPTR FM NORMAL     0    PTCLDY (SCALE 4-7)   1
TOTAL FM JUL 1     0    CLOUDY (SCALE 8-10)  0
DPTR FM NORMAL     0

[CDD (BASE 65) ]
TOTAL THIS MO.   348
DPTR FM NORMAL     1    [PRESSURE DATA]
TOTAL FM JAN 1   910    HIGHEST SLP M ON M
DPTR FM NORMAL   -38    LOWEST  SLP 29.88 ON 21

[REMARKS]
