000
CXUS51 KBTV 200700
CF6RUT
PRELIMINARY LOCAL CLIMATOLOGICAL DATA (WS FORM: F-6)

                                          STATION:   RUTLAND VT
                                          MONTH:     FEBRUARY
                                          YEAR:      2018
                                          LATITUDE:   43 31 N
                                          LONGITUDE:  72 57 W

  TEMPERATURE IN F:       :PCPN:    SNOW:  WIND      :SUNSHINE: SKY     :PK WND
================================================================================
1   2   3   4   5  6A  6B    7    8   9   10  11  12  13   14  15   16   17  18
                                     12Z  AVG MX 2MIN
DY MAX MIN AVG DEP HDD CDD  WTR  SNW DPTH SPD SPD DIR MIN PSBL S-S WX    SPD DR
================================================================================

 1  43  28  36   M  29   0 0.01    M    0  5.4 12 230   M    M   9 1      18 230
 2  32   1  17   M  48   0    T    M    0 10.1 16 340   M    M   8 18     29 310
 3  21  -1  10   M  55   0    T    M    0  8.7 14 130   M    M   6        18 230
 4  37  16  27   M  38   0 0.01    M    0 10.2 16 200   M    M   9 1      23 170
 5  32   8  20   M  45   0 0.02    M    0  5.8 15 260   M    M   6 1      33 250
 6  28   9  19   M  46   0    T    M    0  4.1  8 220   M    M   8 1       M  M
 7  25   8  17   M  48   0    T    M    0  8.9 23 120   M    M   8 12     30 120
 8  26  13  20   M  45   0    T    M    0  5.3 10 340   M    M   7 1       M  M
 9  25   6  16   M  49   0    T    M    0  6.7 12 120   M    M   7 1       M  M
10  43  25  34   M  31   0 0.37    M    0  3.6 10 130   M    M  10 12      M  M
11  47  23  35   M  30   0 0.05    M    0  8.5 21 110   M    M  10 12     31 100
12  52  20  36   M  29   0    T    M    0 10.3 21 310   M    M   3 1      25 310
13  26  10  18   M  47   0 0.00  0.0    0  2.8  9 110   M    M   1         M  M
14  42  17  30   M  35   0 0.00  0.0    0  5.5 12 110   M    M   9         M  M
15  53  30  42   M  23   0    T    M    0  3.5 13 240   M    M   7        20 240
16  48  24  36   M  29   0 0.25    M    0  5.0 13 320   M    M  10 12     22 320
17  34  15  25   M  40   0    T    M    0  6.3 17 140   M    M   3 1      21 130
18  37  24  31   M  34   0 0.08    M    0  6.8 13 290   M    M   8 1      17 300
19  46  24  35   M  30   0 0.10    M    0  8.7 15 160   M    M   4 1      22 160
================================================================================
SM  697  300       731   0  0.89     0.0 126.2          M      133
================================================================================
AV 36.7 15.8                               6.6 FASTST   M    M   7    MAX(MPH)
                                 MISC ---->  # 23 120               # 33  250
================================================================================
NOTES:
# LAST OF SEVERAL OCCURRENCES

COLUMN 17 PEAK WIND IN M.P.H.

PRELIMINARY LOCAL CLIMATOLOGICAL DATA (WS FORM: F-6) , PAGE 2

                                          STATION:  RUTLAND VT
                                          MONTH:    FEBRUARY
                                          YEAR:     2018
                                          LATITUDE:   43 31 N
                                          LONGITUDE:  72 57 W

[TEMPERATURE DATA]      [PRECIPITATION DATA]       SYMBOLS USED IN COLUMN 16

AVERAGE MONTHLY: 26.2   TOTAL FOR MONTH:   0.89    1 = FOG OR MIST
DPTR FM NORMAL:     M   DPTR FM NORMAL:       M    2 = FOG REDUCING VISIBILITY
HIGHEST:    53 ON 15    GRTST 24HR  0.37 ON 10-10      TO 1/4 MILE OR LESS
LOWEST:     -1 ON  3                               3 = THUNDER
                        SNOW, ICE PELLETS, HAIL    4 = ICE PELLETS
                        TOTAL MONTH:   0.0 INCH    5 = HAIL
                        GRTST 24HR     0.0         6 = FREEZING RAIN OR DRIZZLE
                        GRTST DEPTH:   0           7 = DUSTSTORM OR SANDSTORM:
                                                       VSBY 1/2 MILE OR LESS
                                                   8 = SMOKE OR HAZE
[NO. OF DAYS WITH]      [WEATHER - DAYS WITH]      9 = BLOWING SNOW
                                                   X = TORNADO
MAX 32 OR BELOW:   8    0.01 INCH OR MORE:   8
MAX 90 OR ABOVE:   0    0.10 INCH OR MORE:   3
MIN 32 OR BELOW:  19    0.50 INCH OR MORE:   0
MIN  0 OR BELOW:   1    1.00 INCH OR MORE:   0

[HDD (BASE 65) ]
TOTAL THIS MO.   731    CLEAR  (SCALE 0-3)   3
DPTR FM NORMAL     M    PTCLDY (SCALE 4-7)   9
TOTAL FM JUL 1  4711    CLOUDY (SCALE 8-10)  7
DPTR FM NORMAL     M

[CDD (BASE 65) ]
TOTAL THIS MO.     0
DPTR FM NORMAL     M    [PRESSURE DATA]
TOTAL FM JAN 1     0    HIGHEST SLP M ON M
DPTR FM NORMAL     M    LOWEST  SLP M ON M

[REMARKS]
