000
CXUS55 KCYS 211000
CF6RWL
PRELIMINARY LOCAL CLIMATOLOGICAL DATA (WS FORM: F-6)

                                          STATION:   RAWLINS WYOMING AIRPORT
                                          MONTH:     OCTOBER
                                          YEAR:      2017
                                          LATITUDE:   41 47 N
                                          LONGITUDE: 107 12 W

  TEMPERATURE IN F:       :PCPN:    SNOW:  WIND      :SUNSHINE: SKY     :PK WND
================================================================================
1   2   3   4   5  6A  6B    7    8   9   10  11  12  13   14  15   16   17  18
                                     12Z  AVG MX 2MIN
DY MAX MIN AVG DEP HDD CDD  WTR  SNW DPTH SPD SPD DIR MIN PSBL S-S WX    SPD DR
================================================================================

 1  49  32  41  -8  24   0 0.01    M    M 13.8 28 260   M    M   3 1      32 260
 2  35  30  33 -15  32   0 0.14    M    M  7.2 22 250   M    M   6 1      25 250
 3  51  27  39  -9  26   0 0.00    M    M  5.8 16  50   M    M   2        21  40
 4  70  32  51   3  14   0    T    M    M 12.4 38 210   M    M   1        52 230
 5  66  26  46  -1  19   0 0.00    M    M  4.7 18 220   M    M   0        23 210
 6  52  33  43  -4  22   0 0.00    M    M 17.4 35 270   M    M   1        43 280
 7  65  38  52   5  13   0 0.00    M    M 22.1 37 250   M    M   0        49 250
 8  58  29  44  -2  21   0 0.19    M    M 15.4 28 310   M    M   5 1      35 290
 9  37  19  28 -18  37   0 0.05    M    M  7.6 23  50   M    M   4 1      28  50
10  51  19  35 -11  30   0 0.00    M    M  7.6 22 220   M    M   0        30 220
11  61  40  51   6  14   0 0.00    M    M 18.0 40 220   M    M   0        50 220
12  53  33  43  -2  22   0 0.00    M    M 12.7 26 270   M    M   2        33 280
13  57  22  40  -4  25   0 0.00    M    M  9.9 28 240   M    M   0        37 230
14  43  24  34 -10  31   0    T    M    M 15.8 30 260   M    M   4 1      36 260
15  56  27  42  -2  23   0 0.00    M    M 12.3 25 250   M    M   0        32 260
16  64  37  51   8  14   0 0.00    M    M 10.3 28 240   M    M   0        33 250
17  66  37  52   9  13   0 0.00    M    M 16.1 25 260   M    M   0        33 220
18  67  34  51   8  14   0 0.00    M    M 10.8 24 240   M    M   0        29 250
19  69  25  47   5  18   0 0.00    M    M  8.5 24 240   M    M   0        32 240
20  66  31  49   7  16   0 0.04    M    M 21.4 41 220   M    M   3 1      56 220
================================================================================
SM 1136  595       428   0  0.43    M    249.8          M       31
================================================================================
AV 56.8 29.8                              12.5 FASTST   M    M   2    MAX(MPH)
                                 MISC ---->  # 41 220               # 56  220
================================================================================
NOTES:
# LAST OF SEVERAL OCCURRENCES

COLUMN 17 PEAK WIND IN M.P.H.

PRELIMINARY LOCAL CLIMATOLOGICAL DATA (WS FORM: F-6) , PAGE 2

                                          STATION:  RAWLINS WYOMING AIRPORT
                                          MONTH:    OCTOBER
                                          YEAR:     2017
                                          LATITUDE:   41 47 N
                                          LONGITUDE: 107 12 W

[TEMPERATURE DATA]      [PRECIPITATION DATA]       SYMBOLS USED IN COLUMN 16

AVERAGE MONTHLY: 43.3   TOTAL FOR MONTH:   0.43    1 = FOG OR MIST
DPTR FM NORMAL:  -2.1   DPTR FM NORMAL:   -0.09    2 = FOG REDUCING VISIBILITY
HIGHEST:    70 ON  4    GRTST 24HR  0.19 ON  8- 8      TO 1/4 MILE OR LESS
LOWEST:     19 ON 10, 9                            3 = THUNDER
                        SNOW, ICE PELLETS, HAIL    4 = ICE PELLETS
                        TOTAL MONTH:    M          5 = HAIL
                        GRTST 24HR    M  ON   M    6 = FREEZING RAIN OR DRIZZLE
                        GRTST DEPTH:  M  ON   M    7 = DUSTSTORM OR SANDSTORM:
                                                       VSBY 1/2 MILE OR LESS
                                                   8 = SMOKE OR HAZE
[NO. OF DAYS WITH]      [WEATHER - DAYS WITH]      9 = BLOWING SNOW
                                                   X = TORNADO
MAX 32 OR BELOW:   0    0.01 INCH OR MORE:   5
MAX 90 OR ABOVE:   0    0.10 INCH OR MORE:   2
MIN 32 OR BELOW:  13    0.50 INCH OR MORE:   0
MIN  0 OR BELOW:   0    1.00 INCH OR MORE:   0

[HDD (BASE 65) ]
TOTAL THIS MO.   428    CLEAR  (SCALE 0-3)  15
DPTR FM NORMAL    36    PTCLDY (SCALE 4-7)   5
TOTAL FM JUL 1   748    CLOUDY (SCALE 8-10)  0
DPTR FM NORMAL   -30

[CDD (BASE 65) ]
TOTAL THIS MO.     0
DPTR FM NORMAL     0    [PRESSURE DATA]
TOTAL FM JAN 1   266    HIGHEST SLP M ON M
DPTR FM NORMAL    80    LOWEST  SLP 29.36 ON 20

[REMARKS]
