000
CXUS55 KPIH 271200
CF6RXE

PRELIMINARY LOCAL CLIMATOLOGICAL DATA (WS FORM: F-6)

                                          STATION:   REXBURG ID
                                          MONTH:     APRIL
                                          YEAR:      2017
                                          LATITUDE:   43 49 N
                                          LONGITUDE: 111 48 W

  TEMPERATURE IN F:       :PCPN:    SNOW:  WIND      :SUNSHINE: SKY     :PK WND
================================================================================
1   2   3   4   5  6A  6B    7    8   9   10  11  12  13   14  15   16   17  18
                                     12Z  AVG MX 2MIN
DY MAX MIN AVG DEP HDD CDD  WTR  SNW DPTH SPD SPD DIR MIN PSBL S-S WX    SPD DR
================================================================================

 1  56  29  43   3  22   0 0.00    M    M  7.4 15 210   M    M   1        22 240
 2  49  33  41   1  24   0 0.13    M    M  9.0 22 230   M    M   9 1      27 230
 3  41  25  33  -8  32   0    T    M    M  4.1 17  30   M    M   5 1      24  30
 4  45  22  34  -7  31   0    T    M    M  5.1 14 210   M    M   2        22 240
 5  54  25  40  -1  25   0 0.00    M    M  5.7 16 240   M    M   3        20 200
 6  67  33  50   8  15   0 0.00    M    M  7.1 22 230   M    M   2        33 220
 7  60  41  51   9  14   0 0.19    M    M 15.3 36 230   M    M   7 18     48 220
 8  51  33  42   0  23   0 0.10    M    M 11.5 37 230   M    M   9 1      45 230
 9  46  30  38  -4  27   0 0.05    M    M  9.5 20 210   M    M   7 1      27 210
10  49  32  41  -1  24   0    T    M    M 12.8 30 240   M    M   6        37 240
11  53  29  41  -2  24   0    T    M    M  5.5 18 180   M    M   5        28 230
12  66  35  51   8  14   0 0.00    M    M  6.9 18 210   M    M   3        25 180
13  68  36  52   9  13   0 0.03    M    M 16.2 29 210   M    M   3 1      39 200
14  47  33  40  -3  25   0    T    M    M 18.3 35 240   M    M   6        42 240
15  48  27  38  -6  27   0 0.00    M    M  9.7 20 220   M    M   2        26 200
16  60  24  42  -2  23   0 0.00    M    M  3.4 12 250   M    M   0        14 230
17  59  42  51   7  14   0    T    M    M 16.6 37 240   M    M   5        50 240
18  53  43  48   4  17   0 0.19    M    M  8.1 16 210   M    M   9 1      23 220
19  56  38  47   2  18   0 0.03    M    M  7.8 16 210   M    M   5 1      25 220
20  49  33  41  -4  24   0 0.38    M    M  7.2 20 240   M    M   6 1      25 310
21  49  32  41  -4  24   0    T    M    M  5.5 16 290   M    M   7        26 280
22  58  28  43  -2  22   0 0.00    M    M  5.4 15 230   M    M   1        25 240
23  59  38  49   3  16   0    T    M    M  7.5 31 240   M    M   5        42 230
24  46  34  40  -6  25   0 0.35    M    M 11.1 22 210   M    M   9 1      29 210
25  52  32  42  -4  23   0 0.49    M    M  8.8 20 230   M    M   9 13     25 210
26  50  36  43  -3  22   0 0.08    M    M 14.4 30 230   M    M   7 13     38 230
================================================================================
SM 1391  843       568   0  2.02    M    239.9          M      133
================================================================================
AV 53.5 32.4                               9.2 FASTST   M    M   5    MAX(MPH)
                                 MISC ---->  # 37 230               # 50  240
================================================================================
NOTES:
# LAST OF SEVERAL OCCURRENCES
PRECIPITATION SUSPECT DURING FREEZING/FROZEN EVENTS

COLUMN 17 PEAK WIND IN M.P.H.

PRELIMINARY LOCAL CLIMATOLOGICAL DATA (WS FORM: F-6) , PAGE 2

                                          STATION:  REXBURG ID
                                          MONTH:    APRIL
                                          YEAR:     2017
                                          LATITUDE:   43 49 N
                                          LONGITUDE: 111 48 W

[TEMPERATURE DATA]      [PRECIPITATION DATA]       SYMBOLS USED IN COLUMN 16

AVERAGE MONTHLY: 43.0   TOTAL FOR MONTH:   2.02    1 = FOG OR MIST
DPTR FM NORMAL:  -0.3   DPTR FM NORMAL:    0.76    2 = FOG REDUCING VISIBILITY
HIGHEST:    68 ON 13    GRTST 24HR  0.49 ON 25-25      TO 1/4 MILE OR LESS
LOWEST:     22 ON  4                               3 = THUNDER
                        SNOW, ICE PELLETS, HAIL    4 = ICE PELLETS
                        TOTAL MONTH:    M          5 = HAIL
                        GRTST 24HR    M  ON   M    6 = FREEZING RAIN OR DRIZZLE
                        GRTST DEPTH:  M  ON   M    7 = DUSTSTORM OR SANDSTORM:
                                                       VSBY 1/2 MILE OR LESS
                                                   8 = SMOKE OR HAZE
[NO. OF DAYS WITH]      [WEATHER - DAYS WITH]      9 = BLOWING SNOW
                                                   X = TORNADO
MAX 32 OR BELOW:   0    0.01 INCH OR MORE:  11
MAX 90 OR ABOVE:   0    0.10 INCH OR MORE:   7
MIN 32 OR BELOW:  12    0.50 INCH OR MORE:   0
MIN  0 OR BELOW:   0    1.00 INCH OR MORE:   0

[HDD (BASE 65) ]
TOTAL THIS MO.   568    CLEAR  (SCALE 0-3)   9
DPTR FM NORMAL     2    PTCLDY (SCALE 4-7)  12
TOTAL FM JUL 1  7102    CLOUDY (SCALE 8-10)  5
DPTR FM NORMAL  -393

[CDD (BASE 65) ]
TOTAL THIS MO.     0
DPTR FM NORMAL     0    [PRESSURE DATA]
TOTAL FM JAN 1     0    HIGHEST SLP M ON M
DPTR FM NORMAL     0    LOWEST  SLP 29.59 ON 13

[REMARKS]
