000
CXUS55 KPIH 291200
CF6RXE

PRELIMINARY LOCAL CLIMATOLOGICAL DATA (WS FORM: F-6)

                                          STATION:   REXBURG ID
                                          MONTH:     AUGUST
                                          YEAR:      2014
                                          LATITUDE:   43 49 N
                                          LONGITUDE: 111 48 W

  TEMPERATURE IN F:       :PCPN:    SNOW:  WIND      :SUNSHINE: SKY     :PK WND
================================================================================
1   2   3   4   5  6A  6B    7    8   9   10  11  12  13   14  15   16   17  18
                                     12Z  AVG MX 2MIN
DY MAX MIN AVG DEP HDD CDD  WTR  SNW DPTH SPD SPD DIR MIN PSBL S-S WX    SPD DR
================================================================================

 1  88  50  69   0   0   4    T    M    M  5.6 23  70   M    M   1 3      32  70
 2  89  49  69   0   0   4 0.00    M    M  4.4 10 240   M    M   0        14 250
 3  91  51  71   2   0   6 0.00    M    M  5.0 24 360   M    M   0        33 330
 4  75  60  68  -1   0   3 0.26    M    M  4.5 14 150   M    M   6 1      18 140
 5  68  60  64  -5   1   0 0.13    M    M  3.1 10 150   M    M  10 13     14 160
 6  71  58  65  -4   0   0 0.54    M    M  6.4 20 220   M    M   7 1      24 220
 7  78  58  68  -1   0   3 0.00    M    M  4.8 13 260   M    M   4 3      17 250
 8  79  51  65  -4   0   0    T    M    M  5.4 20  60   M    M   1        25  70
 9  83  50  67  -1   0   2 0.00    M    M  3.4  8 180   M    M   0        12  50
10  86  51  69   1   0   4 0.00    M    M  2.6  9 290   M    M   0        13 290
11  90  52  71   3   0   6 0.00    M    M  2.6 12 260   M    M   0        13 260
12  85  54  70   2   0   5 0.26    M    M  5.3 22 270   M    M   1 3      29 280
13  80  57  69   1   0   4 0.06    M    M  6.3 18 180   M    M   4 3      25 180
14  77  57  67  -1   0   2 0.42    M    M  6.4 17 280   M    M   2 13     24 280
15  83  53  68   1   0   3 0.03    M    M  8.7 20 230   M    M   0        29  80
16  83  50  67   0   0   2 0.00    M    M 13.5 23 230   M    M   0        29 230
17  85  49  67   0   0   2 0.00    M    M  5.3 14  40   M    M   0        21  20
18  88  51  70   4   0   5 0.15    M    M  5.3 17 300   M    M   1 3      24 300
19  81  48  65  -1   0   0 0.55    M    M  6.9 29 270   M    M   1 3      40 270
20  77  50  64  -2   1   0 0.38    M    M  5.9 37 290   M    M   4 13     48 290
21  71  54  63  -3   2   0 0.44    M    M  5.8 18 270   M    M   7 13     24 290
22  61  49  55 -10  10   0 0.00    M    M  5.3 16 190   M    M   5        21 200
23  59  48  54 -11  11   0 0.55    M    M  6.3 20 210   M    M  10 13     27 210
24  67  44  56  -8   9   0 0.00    M    M  3.4  9 150   M    M   2        15 140
25  64  43  54 -10  11   0 0.03    M    M  6.3 15 210   M    M   3        19 220
26  75  44  60  -4   5   0 0.00    M    M  2.8 10 290   M    M   0        14 280
27  77  45  61  -2   4   0 0.00    M    M  5.8 12 200   M    M   0 1      19 180
28  80  47  64   1   1   0 0.00    M    M  7.3 16 210   M    M   0 8      22 210
================================================================================
SM 2191 1433        55  55  3.80    M    154.4          M       69
================================================================================
AV 78.2 51.2                               5.5 FASTST   M    M   2    MAX(MPH)
                                 MISC ---->  # 37 290               # 48  290
================================================================================
NOTES:
# LAST OF SEVERAL OCCURRENCES

COLUMN 17 PEAK WIND IN M.P.H.

PRELIMINARY LOCAL CLIMATOLOGICAL DATA (WS FORM: F-6) , PAGE 2

                                          STATION:  REXBURG ID
                                          MONTH:    AUGUST
                                          YEAR:     2014
                                          LATITUDE:   43 49 N
                                          LONGITUDE: 111 48 W

[TEMPERATURE DATA]      [PRECIPITATION DATA]       SYMBOLS USED IN COLUMN 16

AVERAGE MONTHLY: 64.7   TOTAL FOR MONTH:   3.80    1 = FOG OR MIST
DPTR FM NORMAL:  -2.2   DPTR FM NORMAL:    2.96    2 = FOG REDUCING VISIBILITY
HIGHEST:    91 ON  3    GRTST 24HR  0.55 ON 23-23      TO 1/4 MILE OR LESS
LOWEST:     43 ON 25                               3 = THUNDER
                        SNOW, ICE PELLETS, HAIL    4 = ICE PELLETS
                        TOTAL MONTH:    M          5 = HAIL
                        GRTST 24HR    M  ON   M    6 = FREEZING RAIN OR DRIZZLE
                        GRTST DEPTH:  M  ON   M    7 = DUSTSTORM OR SANDSTORM:
                                                       VSBY 1/2 MILE OR LESS
                                                   8 = SMOKE OR HAZE
[NO. OF DAYS WITH]      [WEATHER - DAYS WITH]      9 = BLOWING SNOW
                                                   X = TORNADO
MAX 32 OR BELOW:   0    0.01 INCH OR MORE:  13
MAX 90 OR ABOVE:   2    0.10 INCH OR MORE:  10
MIN 32 OR BELOW:   0    0.50 INCH OR MORE:   3
MIN  0 OR BELOW:   0    1.00 INCH OR MORE:   0

[HDD (BASE 65) ]
TOTAL THIS MO.    55    CLEAR  (SCALE 0-3)  19
DPTR FM NORMAL    24    PTCLDY (SCALE 4-7)   7
TOTAL FM JUL 1    63    CLOUDY (SCALE 8-10)  2
DPTR FM NORMAL     2

[CDD (BASE 65) ]
TOTAL THIS MO.    55
DPTR FM NORMAL   -27    [PRESSURE DATA]
TOTAL FM JAN 1   221    HIGHEST SLP M ON M
DPTR FM NORMAL    25    LOWEST  SLP 29.68 ON 19

[REMARKS]
