000
CXUS55 KTWC 250855
CF6SAD
PRELIMINARY LOCAL CLIMATOLOGICAL DATA (WS FORM: F-6)

                                          STATION:   SAFFORD AZ AIRPORT
                                          MONTH:     JULY
                                          YEAR:      2017
                                          LATITUDE:   32 50 N
                                          LONGITUDE: 109 38 W

  TEMPERATURE IN F:       :PCPN:    SNOW:  WIND      :SUNSHINE: SKY     :PK WND
================================================================================
1   2   3   4   5  6A  6B    7    8   9   10  11  12  13   14  15   16   17  18
                                     12Z  AVG MX 2MIN
DY MAX MIN AVG DEP HDD CDD  WTR  SNW DPTH SPD SPD DIR MIN PSBL S-S WX    SPD DR
================================================================================

 1 107  64  86   0   0  21 0.00  0.0    0  6.9 22 300   M    M   1 8      29 300
 2 106  70  88   2   0  23 0.00  0.0    0 10.3 25 320   M    M   0        33 310
 3 106  79  93   7   0  28 0.00  0.0    0 15.4 25 280   M    M   0 3      32 270
 4 108  79  94   8   0  29 0.00  0.0    0 14.6 31  30   M    M   0        41  30
 5 108  77  93   7   0  28 0.00  0.0    0 12.3 31 360   M    M   0        38 360
 6 108  80  94   8   0  29    T  0.0    0  8.6 25 110   M    M   0 3      37 140
 7 105  83  94   8   0  29 0.00  0.0    0 10.9 21 100   M    M   0        30 140
 8 105  81  93   7   0  28 0.00  0.0    0 10.7 24  70   M    M   0        30  70
 9 104  76  90   4   0  25 0.01  0.0    0  9.2 32 340   M    M   1 3      40 330
10 105  73  89   3   0  24    T  0.0    0  9.3 36  30   M    M   1 3      46  30
11  98  72  85  -1   0  20    T  0.0    0 18.5 28 300   M    M   1 3      36 310
12 104  76  90   4   0  25 0.01  0.0    0  9.6 33  80   M    M   1 3      39  80
13 104  74  89   3   0  24 0.00  0.0    0  8.4 26  60   M    M   0 3      34  70
14  99  67  83  -3   0  18 0.94  0.0    0  7.8 56  70   M    M   1 138    72  70
15  98  74  86   0   0  21 0.00  0.0    0  7.7 31  90   M    M   1 3      38  80
16  94  71  83  -3   0  18 0.17  0.0    0  7.4 25  90   M    M   4 3      33  80
17  94  69  82  -4   0  17 0.33  0.0    0  6.7 43 120   M    M   1 38     57 140
18  96  69  83  -3   0  18 0.25  0.0    0  6.7 26 300   M    M   1 13     32 300
19  95  69  82  -3   0  17 0.73  0.0    0  8.8 32 110   M    M   1 13     40 120
20  92  67  80  -5   0  15    T  0.0    0  6.1 20 190   M    M   2        26 190
21  94  71  83  -2   0  18 0.15  0.0    0  5.4 30 350   M    M   2 38     41 350
22  94  72  83  -2   0  18    T  0.0    0  5.8 38 360   M    M   2 3      51  10
23  95  68  82  -3   0  17 0.99  0.0    0  4.5 45 110   M    M   2 138    66  90
24  90  70  80  -5   0  15 1.10  0.0    0  4.7 29 310   M    M   3 13     33 250
================================================================================
SM 2409 1751         0 525  4.68     0.0 216.3          M       25
================================================================================
AV100.4 73.0                               9.0 FASTST   M    M   1    MAX(MPH)
                                 MISC ---->  # 56  70               # 72   70
================================================================================
NOTES:
# LAST OF SEVERAL OCCURRENCES

COLUMN 17 PEAK WIND IN M.P.H.

PRELIMINARY LOCAL CLIMATOLOGICAL DATA (WS FORM: F-6) , PAGE 2

                                          STATION:  SAFFORD AZ AIRPORT
                                          MONTH:    JULY
                                          YEAR:     2017
                                          LATITUDE:   32 50 N
                                          LONGITUDE: 109 38 W

[TEMPERATURE DATA]      [PRECIPITATION DATA]       SYMBOLS USED IN COLUMN 16

AVERAGE MONTHLY: 86.7   TOTAL FOR MONTH:   4.68    1 = FOG OR MIST
DPTR FM NORMAL:   0.9   DPTR FM NORMAL:    3.51    2 = FOG REDUCING VISIBILITY
HIGHEST:   108 ON  6, 5 GRTST 24HR  1.10 ON 24-24      TO 1/4 MILE OR LESS
LOWEST:     64 ON  1                               3 = THUNDER
                        SNOW, ICE PELLETS, HAIL    4 = ICE PELLETS
                        TOTAL MONTH:   0.0 INCH    5 = HAIL
                        GRTST 24HR     0.0         6 = FREEZING RAIN OR DRIZZLE
                        GRTST DEPTH:   0           7 = DUSTSTORM OR SANDSTORM:
                                                       VSBY 1/2 MILE OR LESS
                                                   8 = SMOKE OR HAZE
[NO. OF DAYS WITH]      [WEATHER - DAYS WITH]      9 = BLOWING SNOW
                                                   X = TORNADO
MAX 32 OR BELOW:   0    0.01 INCH OR MORE:  10
MAX 90 OR ABOVE:  24    0.10 INCH OR MORE:   8
MIN 32 OR BELOW:   0    0.50 INCH OR MORE:   4
MIN  0 OR BELOW:   0    1.00 INCH OR MORE:   1

[HDD (BASE 65) ]
TOTAL THIS MO.     0    CLEAR  (SCALE 0-3)  23
DPTR FM NORMAL     0    PTCLDY (SCALE 4-7)   1
TOTAL FM JUL 1     0    CLOUDY (SCALE 8-10)  0
DPTR FM NORMAL     0

[CDD (BASE 65) ]
TOTAL THIS MO.   525
DPTR FM NORMAL    27    [PRESSURE DATA]
TOTAL FM JAN 1  1587    HIGHEST SLP M ON M
DPTR FM NORMAL   201    LOWEST  SLP 27.25 ON  7

[REMARKS]
