000
CXUS55 KTWC 230855
CF6SAD
PRELIMINARY LOCAL CLIMATOLOGICAL DATA (WS FORM: F-6)

                                          STATION:   SAFFORD AZ AIRPORT
                                          MONTH:     JANUARY
                                          YEAR:      2017
                                          LATITUDE:   32 50 N
                                          LONGITUDE: 109 38 W

  TEMPERATURE IN F:       :PCPN:    SNOW:  WIND      :SUNSHINE: SKY     :PK WND
================================================================================
1   2   3   4   5  6A  6B    7    8   9   10  11  12  13   14  15   16   17  18
                                     12Z  AVG MX 2MIN
DY MAX MIN AVG DEP HDD CDD  WTR  SNW DPTH SPD SPD DIR MIN PSBL S-S WX    SPD DR
================================================================================

 1  56  40  48   3  17   0 0.09    M    M  9.9 21 310   M    M   5        27 320
 2  53  39  46   1  19   0    T    M    M  3.6 12 130   M    M   3        14 130
 3  59  32  46   1  19   0 0.00    M    M  2.3  9 150   M    M   1        12 150
 4  63  38  51   5  14   0 0.00    M    M  4.2 12 250   M    M   0 12     14 290
 5  65  37  51   5  14   0 0.00    M    M  6.7 20 320   M    M   1        24 220
 6  61  39  50   4  15   0 0.02    M    M 14.0 28 280   M    M   2        37 280
 7  56  35  46   0  19   0 0.00    M    M  8.7 15 140   M    M   2        20 150
 8  66  39  53   7  12   0 0.00    M    M  5.9 29 170   M    M   0        24 130
 9  68  38  53   7  12   0 0.00  0.0    0  6.4 18 110   M    M   M        22 120
10  67  41  54   8  11   0    T    M    0  3.6 13 180   M    M   0        14 210
11  67  35  51   5  14   0 0.00  0.0    0  3.9 13 300   M    M   M        19 300
12  69  34  52   6  13   0 0.00  0.0    0  7.1 15 120   M    M   M        21  90
13  66  34  50   4  15   0 0.00  0.0    0  5.3 14 300   M    M   M        18 310
14  67  48  58  12   7   0 0.05  0.0    0  9.8 26 110   M    M   M 3      33 100
15  54  44  49   3  16   0 0.08  0.0    0 11.5 21 300   M    M   M 1      26 320
16  57  38  48   2  17   0    T    M    0  4.1 16 280   M    M   7        19 280
17  60  32  46  -1  19   0    T    M    0  3.7 10 300   M    M   3 1      12 130
18  59  35  47   0  18   0 0.00  0.0    0  5.4 16 300   M    M   2        19 320
19  50  34  42  -5  23   0    T    M    0  4.4  9 270   M    M   5 1      15 250
20  57  37  47   0  18   0 0.04    M    0  6.8 22 150   M    M   9 12     29 160
21  50  37  44  -3  21   0 0.45    M    0 15.5 36 290   M    M   7 1      44 280
22  54  31  43  -4  22   0 0.00  0.0    0  2.6 10 350   M    M   3        17 140
================================================================================
SM 1324  817       355   0  0.73     0.0 145.4          M       50
================================================================================
AV 60.2 37.1                               6.6 FASTST   M    M   3    MAX(MPH)
                                 MISC ---->  # 36 290               # 44  280
================================================================================
NOTES:
# LAST OF SEVERAL OCCURRENCES

COLUMN 17 PEAK WIND IN M.P.H.

PRELIMINARY LOCAL CLIMATOLOGICAL DATA (WS FORM: F-6) , PAGE 2

                                          STATION:  SAFFORD AZ AIRPORT
                                          MONTH:    JANUARY
                                          YEAR:     2017
                                          LATITUDE:   32 50 N
                                          LONGITUDE: 109 38 W

[TEMPERATURE DATA]      [PRECIPITATION DATA]       SYMBOLS USED IN COLUMN 16

AVERAGE MONTHLY: 48.7   TOTAL FOR MONTH:   0.73    1 = FOG OR MIST
DPTR FM NORMAL:   2.5   DPTR FM NORMAL:    0.18    2 = FOG REDUCING VISIBILITY
HIGHEST:    69 ON 12    GRTST 24HR  0.49 ON 20-21      TO 1/4 MILE OR LESS
LOWEST:     31 ON 22                               3 = THUNDER
                        SNOW, ICE PELLETS, HAIL    4 = ICE PELLETS
                        TOTAL MONTH:   0.0 INCH    5 = HAIL
                        GRTST 24HR     0.0         6 = FREEZING RAIN OR DRIZZLE
                        GRTST DEPTH:   0           7 = DUSTSTORM OR SANDSTORM:
                                                       VSBY 1/2 MILE OR LESS
                                                   8 = SMOKE OR HAZE
[NO. OF DAYS WITH]      [WEATHER - DAYS WITH]      9 = BLOWING SNOW
                                                   X = TORNADO
MAX 32 OR BELOW:   0    0.01 INCH OR MORE:   6
MAX 90 OR ABOVE:   0    0.10 INCH OR MORE:   1
MIN 32 OR BELOW:   3    0.50 INCH OR MORE:   0
MIN  0 OR BELOW:   0    1.00 INCH OR MORE:   0

[HDD (BASE 65) ]
TOTAL THIS MO.   355    CLEAR  (SCALE 0-3)  11
DPTR FM NORMAL   -60    PTCLDY (SCALE 4-7)   4
TOTAL FM JUL 1  1052    CLOUDY (SCALE 8-10)  1
DPTR FM NORMAL  -301

[CDD (BASE 65) ]
TOTAL THIS MO.     0
DPTR FM NORMAL     0    [PRESSURE DATA]
TOTAL FM JAN 1     0    HIGHEST SLP M ON M
DPTR FM NORMAL     0    LOWEST  SLP 29.49 ON 21

[REMARKS]
