000
CXUS52 KCHS 250715
CF6SAV
PRELIMINARY LOCAL CLIMATOLOGICAL DATA (WS FORM: F-6)

                                          STATION:   SAVANNAH GA
                                          MONTH:     JULY
                                          YEAR:      2016
                                          LATITUDE:   32  7 N
                                          LONGITUDE:  81 12 W

  TEMPERATURE IN F:       :PCPN:    SNOW:  WIND      :SUNSHINE: SKY     :PK WND
================================================================================
1   2   3   4   5  6A  6B    7    8   9   10  11  12  13   14  15   16   17  18
                                     12Z  AVG MX 2MIN
DY MAX MIN AVG DEP HDD CDD  WTR  SNW DPTH SPD SPD DIR MIN PSBL S-S WX    SPD DR
================================================================================

 1  91  75  83   1   0  18    T  0.0    0  6.2 24 180   M    M   7        29 180
 2  94  75  85   3   0  20 0.00  0.0    0  7.7 20 180   M    M   4        24 170
 3  96  77  87   5   0  22 0.00  0.0    0  8.9 22 160   M    M   4        28 180
 4  96  78  87   5   0  22    T  0.0    0  9.6 22 230   M    M   4        29 220
 5  97  78  88   6   0  23 0.00  0.0    0  9.2 20 260   M    M   2        25 270
 6  98  75  87   5   0  22    T  0.0    0  9.2 31 330   M    M   3 3      41 340
 7  97  73  85   3   0  20 0.00  0.0    0  9.4 18 240   M    M   4        24 270
 8  99  79  89   7   0  24 0.00  0.0    0  9.8 17 270   M    M   5 3      23 260
 9  99  77  88   6   0  23 0.06  0.0    0  7.4 37 330   M    M   4 3      47 330
10  98  74  86   3   0  21 0.00  0.0    0  8.1 15 170   M    M   2        19 170
11  97  76  87   4   0  22 0.00  0.0    0  7.4 16 170   M    M   2        18 170
12  98  74  86   3   0  21 0.00  0.0    0  6.4 16 190   M    M   2        20 270
13  98  75  87   4   0  22 0.00  0.0    0  7.7 16 180   M    M   3        19 170
14  99  75  87   4   0  22 0.02  0.0    0  7.3 24 210   M    M   4 3      30 220
15  98  75  87   4   0  22 0.00  0.0    0  8.5 29 210   M    M   4 3      38 220
16  97  75  86   3   0  21 0.00  0.0    0  7.6 21 160   M    M   5        26 170
17  94  73  84   1   0  19 0.10  0.0    0  5.1 17 130   M    M   6 13     23  80
18  94  73  84   1   0  19 0.00  0.0    0  4.7 22 170   M    M   5 1      26 170
19  97  75  86   3   0  21 0.10  0.0    0  5.7 17 230   M    M   5 13     21 240
20  95  74  85   2   0  20 0.04  0.0    0  4.4 28 110   M    M   4 38     36 120
21  93  73  83   0   0  18    T  0.0    0  4.3 15 160   M    M   5        19 160
22  95  75  85   2   0  20 0.10  0.0    0  4.5 18  90   M    M   5        22  90
23  97  75  86   3   0  21 0.00  0.0    0  5.5 18  10   M    M   3 3      24 360
24  99  77  88   5   0  23 0.79  0.0    0  6.2 36 180   M    M   3 3      46 180
================================================================================
SM 2316 1806         0 506  1.21     0.0 170.8          M       95
================================================================================
AV 96.5 75.2                               7.1 FASTST   M    M   4    MAX(MPH)
                                 MISC ---->  # 37 330               # 47  330
================================================================================
NOTES:
# LAST OF SEVERAL OCCURRENCES

COLUMN 17 PEAK WIND IN M.P.H.

PRELIMINARY LOCAL CLIMATOLOGICAL DATA (WS FORM: F-6) , PAGE 2

                                          STATION:  SAVANNAH GA
                                          MONTH:    JULY
                                          YEAR:     2016
                                          LATITUDE:   32  7 N
                                          LONGITUDE:  81 12 W

[TEMPERATURE DATA]      [PRECIPITATION DATA]       SYMBOLS USED IN COLUMN 16

AVERAGE MONTHLY: 85.9   TOTAL FOR MONTH:   1.21    1 = FOG OR MIST
DPTR FM NORMAL:   3.2   DPTR FM NORMAL:   -2.96    2 = FOG REDUCING VISIBILITY
HIGHEST:    99 ON 24,14 GRTST 24HR  0.79 ON 24-24      TO 1/4 MILE OR LESS
LOWEST:     73 ON 21,18                            3 = THUNDER
                        SNOW, ICE PELLETS, HAIL    4 = ICE PELLETS
                        TOTAL MONTH:   0.0 INCH    5 = HAIL
                        GRTST 24HR     0.0         6 = FREEZING RAIN OR DRIZZLE
                        GRTST DEPTH:   0           7 = DUSTSTORM OR SANDSTORM:
                                                       VSBY 1/2 MILE OR LESS
                                                   8 = SMOKE OR HAZE
[NO. OF DAYS WITH]      [WEATHER - DAYS WITH]      9 = BLOWING SNOW
                                                   X = TORNADO
MAX 32 OR BELOW:   0    0.01 INCH OR MORE:   7
MAX 90 OR ABOVE:  24    0.10 INCH OR MORE:   4
MIN 32 OR BELOW:   0    0.50 INCH OR MORE:   1
MIN  0 OR BELOW:   0    1.00 INCH OR MORE:   0

[HDD (BASE 65) ]
TOTAL THIS MO.     0    CLEAR  (SCALE 0-3)   6
DPTR FM NORMAL     0    PTCLDY (SCALE 4-7)  18
TOTAL FM JUL 1     0    CLOUDY (SCALE 8-10)  0
DPTR FM NORMAL     0

[CDD (BASE 65) ]
TOTAL THIS MO.   506
DPTR FM NORMAL    82    [PRESSURE DATA]
TOTAL FM JAN 1  1550    HIGHEST SLP M ON M
DPTR FM NORMAL   277    LOWEST  SLP 29.91 ON  8

[REMARKS]
