000
CXUS52 KCHS 230915
CF6SAV
PRELIMINARY LOCAL CLIMATOLOGICAL DATA (WS FORM: F-6)

                                          STATION:   SAVANNAH GA
                                          MONTH:     APRIL
                                          YEAR:      2014
                                          LATITUDE:   32  7 N
                                          LONGITUDE:  81 12 W

  TEMPERATURE IN F:       :PCPN:    SNOW:  WIND      :SUNSHINE: SKY     :PK WND
================================================================================
1   2   3   4   5  6A  6B    7    8   9   10  11  12  13   14  15   16   17  18
                                     12Z  AVG MX 2MIN
DY MAX MIN AVG DEP HDD CDD  WTR  SNW DPTH SPD SPD DIR MIN PSBL S-S WX    SPD DR
================================================================================

 1  84  48  66   4   0   1 0.00  0.0    0  5.7 17 170   M    M   3 8      22 170
 2  88  52  70   7   0   5 0.00  0.0    0  7.1 18 180   M    M   4 8      22 170
 3  88  56  72   9   0   7 0.00  0.0    0  7.6 21 170   M    M   4        24 170
 4  84  60  72   9   0   7 0.00  0.0    0 10.4 28 230   M    M   4        38 230
 5  83  61  72   9   0   7 0.00  0.0    0  6.7 17 260   M    M   6 8      23 250
 6  69  59  64   0   1   0 0.32  0.0    0  5.4 16 100   M    M   8 18     25 140
 7  76  61  69   5   0   4 1.28  0.0    0  8.5 32 310   M    M  10 138    43 300
 8  75  57  66   2   0   1 0.62  0.0    0  9.5 18 270   M    M   9 1      23 280
 9  75  50  63  -1   2   0 0.00  0.0    0  8.2 17 280   M    M   2        23 280
10  79  48  64   0   1   0 0.00  0.0    0  5.6 20 190   M    M   0        26 280
11  80  53  67   3   0   2 0.00  0.0    0  6.4 17 160   M    M   3        22 140
12  84  55  70   5   0   5 0.00  0.0    0  4.9 17 160   M    M   3        22 160
13  82  58  70   5   0   5 0.00  0.0    0  6.2 20 130   M    M   5 1      24 110
14  84  66  75  10   0  10 0.00  0.0    0 10.1 22 160   M    M   8        25 150
15  74  49  62  -3   3   0 0.72  0.0    0 11.7 25 280   M    M   8 1      31 290
16  62  43  53 -13  12   0 0.00  0.0    0 10.4 20  50   M    M   2        26  50
17  72  47  60  -6   5   0 0.00  0.0    0 10.4 16 100   M    M   6        21 100
18  63  57  60  -6   5   0 2.27  0.0    0 11.2 25  60   M    M   9 1      31  70
19  64  54  59  -7   6   0 0.09  0.0    0  9.7 20  10   M    M  10 1      26  10
20  73  53  63  -3   2   0    T  0.0    0 11.7 22  10   M    M   8 1      29  30
21  80  53  67   0   0   2 0.00  0.0    0  5.2 14 350   M    M   2        20 360
22  85  56  71   4   0   6 0.16  0.0    0  8.1 22 300   M    M   4 13     28 300
================================================================================
SM 1704 1196        37  62  5.46     0.0 180.7          M      118
================================================================================
AV 77.5 54.4                               8.2 FASTST   M    M   5    MAX(MPH)
                                 MISC ---->  # 32 310               # 43  300
================================================================================
NOTES:
# LAST OF SEVERAL OCCURRENCES

COLUMN 17 PEAK WIND IN M.P.H.

PRELIMINARY LOCAL CLIMATOLOGICAL DATA (WS FORM: F-6) , PAGE 2

                                          STATION:  SAVANNAH GA
                                          MONTH:    APRIL
                                          YEAR:     2014
                                          LATITUDE:   32  7 N
                                          LONGITUDE:  81 12 W

[TEMPERATURE DATA]      [PRECIPITATION DATA]       SYMBOLS USED IN COLUMN 16

AVERAGE MONTHLY: 65.9   TOTAL FOR MONTH:   5.46    1 = FOG OR MIST
DPTR FM NORMAL:   1.3   DPTR FM NORMAL:    3.11    2 = FOG REDUCING VISIBILITY
HIGHEST:    88 ON  3, 2 GRTST 24HR  2.30 ON 18-19      TO 1/4 MILE OR LESS
LOWEST:     43 ON 16                               3 = THUNDER
                        SNOW, ICE PELLETS, HAIL    4 = ICE PELLETS
                        TOTAL MONTH:   0.0 INCH    5 = HAIL
                        GRTST 24HR     0.0         6 = FREEZING RAIN OR DRIZZLE
                        GRTST DEPTH:   0           7 = DUSTSTORM OR SANDSTORM:
                                                       VSBY 1/2 MILE OR LESS
                                                   8 = SMOKE OR HAZE
[NO. OF DAYS WITH]      [WEATHER - DAYS WITH]      9 = BLOWING SNOW
                                                   X = TORNADO
MAX 32 OR BELOW:   0    0.01 INCH OR MORE:   7
MAX 90 OR ABOVE:   0    0.10 INCH OR MORE:   6
MIN 32 OR BELOW:   0    0.50 INCH OR MORE:   4
MIN  0 OR BELOW:   0    1.00 INCH OR MORE:   2

[HDD (BASE 65) ]
TOTAL THIS MO.    37    CLEAR  (SCALE 0-3)   4
DPTR FM NORMAL   -29    PTCLDY (SCALE 4-7)  13
TOTAL FM JUL 1  1682    CLOUDY (SCALE 8-10)  5
DPTR FM NORMAL  -111

[CDD (BASE 65) ]
TOTAL THIS MO.    62
DPTR FM NORMAL     3    [PRESSURE DATA]
TOTAL FM JAN 1    92    HIGHEST SLP M ON M
DPTR FM NORMAL    -9    LOWEST  SLP 29.61 ON  8

[REMARKS]
