000
CXUS55 KLOX 231155
CF6SBA
PRELIMINARY LOCAL CLIMATOLOGICAL DATA (WS FORM: F-6)

                                          STATION:   SANTA BARBARA AIRPORT CA
                                          MONTH:     APRIL
                                          YEAR:      2014
                                          LATITUDE:   34 25 N
                                          LONGITUDE: 119 50 W

  TEMPERATURE IN F:       :PCPN:    SNOW:  WIND      :SUNSHINE: SKY     :PK WND
================================================================================
1   2   3   4   5  6A  6B    7    8   9   10  11  12  13   14  15   16   17  18
                                     12Z  AVG MX 2MIN
DY MAX MIN AVG DEP HDD CDD  WTR  SNW DPTH SPD SPD DIR MIN PSBL S-S WX    SPD DR
================================================================================

 1  62  45  54  -2  11   0 0.25    M    0  7.8  M   M   M    M   4 1       M  M
 2  63  43  53  -3  12   0 0.01    M    0  9.6  M   M   M    M   2         M  M
 3  63  42  53  -3  12   0 0.00  0.0    0  4.7  M   M   M    M   2         M  M
 4  68  44  56   0   9   0    T    M    0  6.4 35 350   M    M   2         M  M
 5  77  49  63   7   2   0 0.00  0.0    0 10.3 23  20   M    M   1        37 330
 6  76  48  62   5   3   0 0.00  0.0    0  3.6 18  30   M    M   0 1      21  10
 7  79  48  64   7   1   0 0.00  0.0    0  3.2 14 260   M    M   0 8      17 270
 8  74  47  61   4   4   0 0.00  0.0    0  3.0 12 250   M    M   3 1      15 260
 9  68  51  60   3   5   0 0.00  0.0    0  4.8 12 260   M    M   6 128    16 340
10  63  50  57   0   8   0 0.00  0.0    0  3.5 14 220   M    M   6 12     16 220
11  67  49  58   1   7   0 0.00  0.0    0  4.2 10 270   M    M   2 128    13 270
12  62  47  55  -2  10   0 0.00    M    0  6.2 16 260   M    M   5        18 270
13  65  43  54  -3  11   0 0.00  0.0    0  4.6 14 270   M    M   1        18 260
14  68  47  58   1   7   0 0.00  0.0    0  3.5 13 260   M    M   1 12      M  M
15  68  51  60   3   5   0 0.00  0.0    M  4.6 10 140   M    M   3 128    14 140
16  65  51  58   0   7   0 0.00  0.0    0  4.6 10 160   M    M   3 18     14 160
17  66  53  60   2   5   0 0.00  0.0    0  4.4 10 280   M    M   9 18     17  60
18  69  53  61   3   4   0 0.00  0.0    0  4.5 14 260   M    M   6 8       M  M
19  69  50  60   2   5   0 0.00  0.0    0  3.5  9 160   M    M   0        12 240
20  69  51  60   2   5   0 0.00  0.0    0  4.1 10 270   M    M   0 1      14 270
21  65  50  58   0   7   0 0.00  0.0    0  4.5 24 290   M    M   6 128     M  M
22  72  51  62   4   3   0 0.00  0.0    0  8.1 22 360   M    M   3 18     30  10
================================================================================
SM 1498 1063       143   0  0.26     0.0 113.7          M       65
================================================================================
AV 68.1 48.3                               5.2 FASTST   M    M   3    MAX(MPH)
                                 MISC ---->  # 35 350               # 37  330
================================================================================
NOTES:
# LAST OF SEVERAL OCCURRENCES

COLUMN 17 PEAK WIND IN M.P.H.

PRELIMINARY LOCAL CLIMATOLOGICAL DATA (WS FORM: F-6) , PAGE 2

                                          STATION:  SANTA BARBARA AIRPORT CA
                                          MONTH:    APRIL
                                          YEAR:     2014
                                          LATITUDE:   34 25 N
                                          LONGITUDE: 119 50 W

[TEMPERATURE DATA]      [PRECIPITATION DATA]       SYMBOLS USED IN COLUMN 16

AVERAGE MONTHLY: 58.2   TOTAL FOR MONTH:   0.26    1 = FOG OR MIST
DPTR FM NORMAL:   1.1   DPTR FM NORMAL:   -0.55    2 = FOG REDUCING VISIBILITY
HIGHEST:    79 ON  7    GRTST 24HR  0.28 ON 31- 1      TO 1/4 MILE OR LESS
LOWEST:     42 ON  3                               3 = THUNDER
                        SNOW, ICE PELLETS, HAIL    4 = ICE PELLETS
                        TOTAL MONTH:   0.0 INCH    5 = HAIL
                        GRTST 24HR     0.0         6 = FREEZING RAIN OR DRIZZLE
                        GRTST DEPTH:   0           7 = DUSTSTORM OR SANDSTORM:
                                                       VSBY 1/2 MILE OR LESS
                                                   8 = SMOKE OR HAZE
[NO. OF DAYS WITH]      [WEATHER - DAYS WITH]      9 = BLOWING SNOW
                                                   X = TORNADO
MAX 32 OR BELOW:   0    0.01 INCH OR MORE:   2
MAX 90 OR ABOVE:   0    0.10 INCH OR MORE:   1
MIN 32 OR BELOW:   0    0.50 INCH OR MORE:   0
MIN  0 OR BELOW:   0    1.00 INCH OR MORE:   0

[HDD (BASE 65) ]
TOTAL THIS MO.   143    CLEAR  (SCALE 0-3)  14
DPTR FM NORMAL   -33    PTCLDY (SCALE 4-7)   7
TOTAL FM JUL 1  1544    CLOUDY (SCALE 8-10)  1
DPTR FM NORMAL  -529

[CDD (BASE 65) ]
TOTAL THIS MO.     0
DPTR FM NORMAL     0    [PRESSURE DATA]
TOTAL FM JAN 1     5    HIGHEST SLP M ON M
DPTR FM NORMAL     3    LOWEST  SLP 29.74 ON 16

[REMARKS]
