000
CXUS53 KMKX 290650
CF6SBM
PRELIMINARY LOCAL CLIMATOLOGICAL DATA (WS FORM: F-6)

                                          STATION:   SHEBOYGAN WI
                                          MONTH:     JUNE
                                          YEAR:      2015
                                          LATITUDE:   43 46 N
                                          LONGITUDE:  87 51 W

  TEMPERATURE IN F:       :PCPN:    SNOW:  WIND      :SUNSHINE: SKY     :PK WND
================================================================================
1   2   3   4   5  6A  6B    7    8   9   10  11  12  13   14  15   16   17  18
                                     12Z  AVG MX 2MIN
DY MAX MIN AVG DEP HDD CDD  WTR  SNW DPTH SPD SPD DIR MIN PSBL S-S WX    SPD DR
================================================================================

 1  59  38  49 -10  16   0 0.00  0.0    0  7.6 16  50   M    M   0        20  60
 2  66  37  52  -8  13   0 0.00  0.0    0  4.0 13 180   M    M   0 1      19 180
 3  67  44  56  -4   9   0 0.00  0.0    0  7.1 18 180   M    M   0 1      22 180
 4  80  53  67   7   0   2 0.04  0.0    0  7.9 16 200   M    M   7 1      21 320
 5  65  50  58  -3   7   0 0.00  0.0    0 11.5 22  50   M    M   5 1      26  50
 6  66  47  57  -4   8   0 0.00  0.0    0  7.6 18  30   M    M   0        22  30
 7  82  50  66   4   0   1 0.09  0.0    0  9.2 25 250   M    M   5 138    35 260
 8  79  58  69   7   0   4    T  0.0    0  8.9 32 340   M    M   1 3      46 320
 9  84  58  71   9   0   6 0.00  0.0    0  6.7 15 260   M    M   1 18     20 280
10  82  52  67   4   0   2 0.00  0.0    0  9.9 18 300   M    M   0 18     25 300
11  65  53  59  -4   6   0 1.22  0.0    0  9.4 21  50   M    M   6 13     25  50
12  63  54  59  -5   6   0 0.69  0.0    0 14.0 24  40   M    M   7 1      30  40
13  61  53  57  -7   8   0 0.07  0.0    0  4.6 12 120   M    M  10 12     14 110
14  76  60  68   4   0   3 0.35  0.0    0  2.3  9  50   M    M   7 12     11  40
15  81  62  72   7   0   7 0.55    M    M  4.9 18 330   M    M   5 1      25  20
16  66  57  62  -3   3   0 0.00    M    M  7.4 15  20   M    M   1        19  60
17  70  50  60  -5   5   0 0.00    M    M  5.4 10  60   M    M   1        13  50
18  81  52  67   1   0   2 0.00  0.0    0 10.4 24  40   M    M   5 1      30  50
19  66  47  57  -9   8   0 0.00  0.0    0  6.2 15  50   M    M   0        18  60
20  72  46  59  -7   6   0 0.00  0.0    0  5.9 21 180   M    M   2        26 120
21  82  60  71   4   0   6 0.00  0.0    0  6.9 16 270   M    M   2 1      21 270
22  84  57  71   4   0   6 0.91  0.0    0 11.3 32 240   M    M   1 138    41 230
23  78  58  68   1   0   3 0.00  0.0    0  8.4 20 300   M    M   0        28 290
24  79  55  67   0   0   2 0.00  0.0    0  4.9 15 180   M    M   1 1      18 160
25  74  57  66  -2   0   1 0.00  0.0    0  5.6 14  60   M    M   4 18     16  40
26  71  56  64  -4   1   0 0.00    M    M  9.1 17  40   M    M   2 1      20  40
27  75  53  64  -4   1   0 0.00    M    M  6.0 17  50   M    M   0        21  30
28  76  49  63  -5   2   0 0.00    M    M  5.3 14 180   M    M   1        16 180
================================================================================
SM 2050 1466        99  45  3.92     0.0 208.4          M       74
================================================================================
AV 73.2 52.4                               7.4 FASTST   M    M   3    MAX(MPH)
                                 MISC ---->  # 32 340               # 46  320
================================================================================
NOTES:
# LAST OF SEVERAL OCCURRENCES

COLUMN 17 PEAK WIND IN M.P.H.

PRELIMINARY LOCAL CLIMATOLOGICAL DATA (WS FORM: F-6) , PAGE 2

                                          STATION:  SHEBOYGAN WI
                                          MONTH:    JUNE
                                          YEAR:     2015
                                          LATITUDE:   43 46 N
                                          LONGITUDE:  87 51 W

[TEMPERATURE DATA]      [PRECIPITATION DATA]       SYMBOLS USED IN COLUMN 16

AVERAGE MONTHLY: 62.8   TOTAL FOR MONTH:   3.92    1 = FOG OR MIST
DPTR FM NORMAL:  -1.4   DPTR FM NORMAL:    0.27    2 = FOG REDUCING VISIBILITY
HIGHEST:    84 ON 22, 9 GRTST 24HR  1.91 ON 11-12      TO 1/4 MILE OR LESS
LOWEST:     37 ON  2                               3 = THUNDER
                        SNOW, ICE PELLETS, HAIL    4 = ICE PELLETS
                        TOTAL MONTH:   0.0 INCH    5 = HAIL
                        GRTST 24HR     0.0         6 = FREEZING RAIN OR DRIZZLE
                        GRTST DEPTH:   0           7 = DUSTSTORM OR SANDSTORM:
                                                       VSBY 1/2 MILE OR LESS
                                                   8 = SMOKE OR HAZE
[NO. OF DAYS WITH]      [WEATHER - DAYS WITH]      9 = BLOWING SNOW
                                                   X = TORNADO
MAX 32 OR BELOW:   0    0.01 INCH OR MORE:   8
MAX 90 OR ABOVE:   0    0.10 INCH OR MORE:   5
MIN 32 OR BELOW:   0    0.50 INCH OR MORE:   4
MIN  0 OR BELOW:   0    1.00 INCH OR MORE:   1

[HDD (BASE 65) ]
TOTAL THIS MO.    99    CLEAR  (SCALE 0-3)  18
DPTR FM NORMAL     7    PTCLDY (SCALE 4-7)   9
TOTAL FM JUL 1  7946    CLOUDY (SCALE 8-10)  1
DPTR FM NORMAL   306

[CDD (BASE 65) ]
TOTAL THIS MO.    45
DPTR FM NORMAL   -23    [PRESSURE DATA]
TOTAL FM JAN 1    53    HIGHEST SLP M ON M
DPTR FM NORMAL   -25    LOWEST  SLP 29.59 ON M

[REMARKS]
