000
CXUS55 KLOX 301655
CF6SBP
PRELIMINARY LOCAL CLIMATOLOGICAL DATA (WS FORM: F-6)

                                          STATION:   SAN LUIS OBISPO AIRPORT CA
                                          MONTH:     APRIL
                                          YEAR:      2016
                                          LATITUDE:   35 13 N
                                          LONGITUDE: 120 38 W

  TEMPERATURE IN F:       :PCPN:    SNOW:  WIND      :SUNSHINE: SKY     :PK WND
================================================================================
1   2   3   4   5  6A  6B    7    8   9   10  11  12  13   14  15   16   17  18
                                     12Z  AVG MX 2MIN
DY MAX MIN AVG DEP HDD CDD  WTR  SNW DPTH SPD SPD DIR MIN PSBL S-S WX    SPD DR
================================================================================

 1  72  46  59   3   6   0 0.00  0.0    0  9.3 22 310   M    M   0        28 310
 2  74  44  59   3   6   0 0.00  0.0    0  4.2 14 300   M    M   4 12     17 300
 3  69  50  60   4   5   0 0.00  0.0    0  5.5 18 320   M    M   8 12     22 320
 4  78  49  64   8   1   0 0.00  0.0    0  9.9 25 320   M    M   3 12     32 320
 5  89  52  71  15   0   6 0.00  0.0    0  6.6 23 350   M    M   0        28 330
 6  89  54  72  16   0   7 0.00  0.0    0  3.3 13 220   M    M   1        16 320
 7  76  54  65   9   0   0    T  0.0    0  3.9 15 320   M    M   8 1      18 310
 8  64  58  61   5   4   0 0.17  0.0    0  3.2  8 200   M    M  10 18     12 220
 9  72  57  65   9   0   0 0.04  0.0    0  3.5 12 290   M    M   9 1      14 300
10  71  56  64   8   1   0 0.00  0.0    0  6.9 22 320   M    M   7 1      26 320
11  72  54  63   7   2   0 0.00  0.0    0  7.8 22 320   M    M   7        26 320
12  71  51  61   5   4   0 0.00  0.0    0  9.7 24 320   M    M   5        28 310
13  74  50  62   6   3   0 0.00  0.0    0 10.4 26 320   M    M   0        32 320
14  68  48  58   1   7   0 0.00  0.0    0 12.6 30 320   M    M   1        35 310
15  71  49  60   3   5   0 0.00  0.0    0 11.8 29 320   M    M   1        33 310
16  83  46  65   8   0   0 0.00  0.0    0  6.7 22 320   M    M   0        25 330
17  88  46  67  10   0   2 0.00  0.0    0  3.3 15 320   M    M   0        19 280
18  88  46  67  10   0   2 0.00  0.0    0  4.4 15 310   M    M   0        18 310
19  85  48  67  10   0   2 0.00  0.0    0  2.6 15 310   M    M   1        19 320
20  82  44  63   6   2   0 0.00  0.0    0  5.4 17 310   M    M   1 128    22 330
21  76  46  61   4   4   0 0.00  0.0    0  5.8 21 310   M    M   5        26 320
22  70  50  60   3   5   0    T  0.0    0  6.4 24 290   M    M   5 18     29 290
23  72  48  60   2   5   0 0.00  0.0    0 14.5 29 310   M    M   1        36 320
24  72  49  61   3   4   0 0.00  0.0    0 15.6 35 310   M    M   2        43 300
25  65  41  53  -5  12   0 0.00  0.0    0 12.1 30 290   M    M   1 8      41 300
26  71  43  57  -1   8   0 0.00  0.0    0 11.0 30 320   M    M   1 18     35 320
27  70  47  59   1   6   0 0.00  0.0    0 12.0 33 310   M    M   3        43 310
28  67  45  56  -2   9   0 0.00  0.0    0  9.2 25 300   M    M   4        31 300
29  69  50  60   2   5   0 0.00  0.0    0  7.5 22 310   M    M   8 1      27 310
================================================================================
SM 2168 1421       104  19  0.21     0.0 225.1          M       96
================================================================================
AV 74.8 49.0                               7.8 FASTST   M    M   3    MAX(MPH)
                                 MISC ---->  # 35 310                 43    M
================================================================================
NOTES:
# LAST OF SEVERAL OCCURRENCES

COLUMN 17 PEAK WIND IN M.P.H.

PRELIMINARY LOCAL CLIMATOLOGICAL DATA (WS FORM: F-6) , PAGE 2

                                          STATION:  SAN LUIS OBISPO AIRPORT CA
                                          MONTH:    APRIL
                                          YEAR:     2016
                                          LATITUDE:   35 13 N
                                          LONGITUDE: 120 38 W

[TEMPERATURE DATA]      [PRECIPITATION DATA]       SYMBOLS USED IN COLUMN 16

AVERAGE MONTHLY: 61.9   TOTAL FOR MONTH:   0.21    1 = FOG OR MIST
DPTR FM NORMAL:   5.1   DPTR FM NORMAL:   -0.87    2 = FOG REDUCING VISIBILITY
HIGHEST:    89 ON  6, 5 GRTST 24HR  0.17 ON  8- 8      TO 1/4 MILE OR LESS
LOWEST:     41 ON 25                               3 = THUNDER
                        SNOW, ICE PELLETS, HAIL    4 = ICE PELLETS
                        TOTAL MONTH:   0.0 INCH    5 = HAIL
                        GRTST 24HR     0.0         6 = FREEZING RAIN OR DRIZZLE
                        GRTST DEPTH:   0           7 = DUSTSTORM OR SANDSTORM:
                                                       VSBY 1/2 MILE OR LESS
                                                   8 = SMOKE OR HAZE
[NO. OF DAYS WITH]      [WEATHER - DAYS WITH]      9 = BLOWING SNOW
                                                   X = TORNADO
MAX 32 OR BELOW:   0    0.01 INCH OR MORE:   2
MAX 90 OR ABOVE:   0    0.10 INCH OR MORE:   1
MIN 32 OR BELOW:   0    0.50 INCH OR MORE:   0
MIN  0 OR BELOW:   0    1.00 INCH OR MORE:   0

[HDD (BASE 65) ]
TOTAL THIS MO.   104    CLEAR  (SCALE 0-3)  17
DPTR FM NORMAL  -140    PTCLDY (SCALE 4-7)  10
TOTAL FM JUL 1  1285    CLOUDY (SCALE 8-10)  2
DPTR FM NORMAL  -847

[CDD (BASE 65) ]
TOTAL THIS MO.    19
DPTR FM NORMAL    19    [PRESSURE DATA]
TOTAL FM JAN 1    49    HIGHEST SLP M ON M
DPTR FM NORMAL    46    LOWEST  SLP 29.69 ON 27

[REMARKS]
