000
CXUS51 KAKQ 291010
CF6SBY
PRELIMINARY LOCAL CLIMATOLOGICAL DATA (WS FORM: F-6)

                                          STATION:   SALISBURY MD
                                          MONTH:     DECEMBER
                                          YEAR:      2014
                                          LATITUDE:   38 20 N
                                          LONGITUDE:  75 30 W

  TEMPERATURE IN F:       :PCPN:    SNOW:  WIND      :SUNSHINE: SKY     :PK WND
================================================================================
1   2   3   4   5  6A  6B    7    8   9   10  11  12  13   14  15   16   17  18
                                     12Z  AVG MX 2MIN
DY MAX MIN AVG DEP HDD CDD  WTR  SNW DPTH SPD SPD DIR MIN PSBL S-S WX    SPD DR
================================================================================

 1  71  46  59  16   6   0 0.01  0.0    0  9.8 23 360   M    M   3        32 360
 2  46  40  43   0  22   0 0.01  0.0    0  6.6 17  20   M    M  10 1      23  20
 3  55  42  49   7  16   0    T  0.0    0  8.5 18 310   M    M   8 1      25 220
 4  49  30  40  -2  25   0    T  0.0    0  4.1 14 340   M    M   2        17 330
 5  51  41  46   4  19   0    T  0.0    0  2.3  9 330   M    M   8 18     11 330
 6  63  47  55  13  10   0 0.14  0.0    0  4.7 24 350   M    M   9 18     35 350
 7  48  37  43   2  22   0 0.02  0.0    0 14.2 25  10   M    M   4 1      34  10
 8  50  36  43   2  22   0 0.18    T    0 12.4 20 360   M    M   9 18     25  50
 9  51  44  48   7  17   0 0.17  0.0    0 13.5 29  60   M    M  10 18     39  60
10  50  41  46   6  19   0    T  0.0    0 13.5 23 320   M    M   8 1      31 330
11  46  35  41   1  24   0 0.00  0.0    0 10.3 22 270   M    M   7        30 250
12  44  33  39  -1  26   0 0.00  0.0    0  8.3 17 310   M    M  10        23 310
13  47  29  38  -2  27   0 0.00  0.0    0  6.9 16 320   M    M   1 18     21 320
14  51  28  40   1  25   0 0.00  0.0    0  4.1  9 290   M    M   8 18     13 280
15  53  34  44   5  21   0    T  0.0    0  2.0  8 300   M    M   7 18     10 330
16  60  32  46   7  19   0 0.30  0.0    0  5.3 15 240   M    M   7 128    20 200
17  57  37  47   9  18   0 0.00  0.0    0  7.2 18 270   M    M   2 18     27 270
18  44  34  39   1  26   0 0.00  0.0    0  8.5 21 320   M    M   0        27 320
19  42  29  36  -2  29   0 0.00  0.0    0  8.1 17 320   M    M   7        23 330
20  41  23  32  -6  33   0 0.00  0.0    0  1.8  7 250   M    M   3         9 280
21  45  27  36  -2  29   0 0.00  0.0    0  1.5 10 310   M    M   5 18     13 290
22  50  29  40   3  25   0 0.07  0.0    0  7.3 15  60   M    M   8 18     19  40
23  56  50  53  16  12   0 0.03  0.0    0  3.5  9 260   M    M  10 12     13  70
24  70  50  60  23   5   0 1.03  0.0    0 10.2 22 200   M    M  10 12     34 210
25  68  36  52  15  13   0 0.09  0.0    0  9.9 28 310   M    M   4        37 290
26  54  30  42   5  23   0 0.00  0.0    0  2.8 12 260   M    M   0        14 260
27  65  31  48  12  17   0 0.00  0.0    0  3.7 12 250   M    M   1 128    14 250
28  61  46  54  18  11   0 0.01    M    0  6.3 16 200   M    M   6        19 200
================================================================================
SM 1488 1017       561   0  2.06    T    197.3          M      167
================================================================================
AV 53.1 36.3                               7.0 FASTST   M    M   6    MAX(MPH)
                                 MISC ---->  # 29  60               # 39   60
================================================================================
NOTES:
# LAST OF SEVERAL OCCURRENCES

COLUMN 17 PEAK WIND IN M.P.H.

PRELIMINARY LOCAL CLIMATOLOGICAL DATA (WS FORM: F-6) , PAGE 2

                                          STATION:  SALISBURY MD
                                          MONTH:    DECEMBER
                                          YEAR:     2014
                                          LATITUDE:   38 20 N
                                          LONGITUDE:  75 30 W

[TEMPERATURE DATA]      [PRECIPITATION DATA]       SYMBOLS USED IN COLUMN 16

AVERAGE MONTHLY: 44.7   TOTAL FOR MONTH:   2.06    1 = FOG OR MIST
DPTR FM NORMAL:   5.4   DPTR FM NORMAL:   -1.35    2 = FOG REDUCING VISIBILITY
HIGHEST:    71 ON  1    GRTST 24HR  1.03 ON 24-24      TO 1/4 MILE OR LESS
LOWEST:     23 ON 20                               3 = THUNDER
                        SNOW, ICE PELLETS, HAIL    4 = ICE PELLETS
                        TOTAL MONTH:    T          5 = HAIL
                        GRTST 24HR    T  ON  8- 8  6 = FREEZING RAIN OR DRIZZLE
                        GRTST DEPTH:   0           7 = DUSTSTORM OR SANDSTORM:
                                                       VSBY 1/2 MILE OR LESS
                                                   8 = SMOKE OR HAZE
[NO. OF DAYS WITH]      [WEATHER - DAYS WITH]      9 = BLOWING SNOW
                                                   X = TORNADO
MAX 32 OR BELOW:   0    0.01 INCH OR MORE:  12
MAX 90 OR ABOVE:   0    0.10 INCH OR MORE:   5
MIN 32 OR BELOW:  10    0.50 INCH OR MORE:   1
MIN  0 OR BELOW:   0    1.00 INCH OR MORE:   1

[HDD (BASE 65) ]
TOTAL THIS MO.   561    CLEAR  (SCALE 0-3)   7
DPTR FM NORMAL  -158    PTCLDY (SCALE 4-7)  13
TOTAL FM JUL 1  1233    CLOUDY (SCALE 8-10)  8
DPTR FM NORMAL  -304

[CDD (BASE 65) ]
TOTAL THIS MO.     0
DPTR FM NORMAL     0    [PRESSURE DATA]
TOTAL FM JAN 1  1379    HIGHEST SLP M ON M
DPTR FM NORMAL   226    LOWEST  SLP 29.62 ON M

[REMARKS]
