000
CXUS56 KSTO 211455
CF6SCK
PRELIMINARY LOCAL CLIMATOLOGICAL DATA (WS FORM: F-6)

                                          STATION:   STOCKTON AIRPORT CA
                                          MONTH:     DECEMBER
                                          YEAR:      2014
                                          LATITUDE:   37 54 N
                                          LONGITUDE: 121 15 W

  TEMPERATURE IN F:       :PCPN:    SNOW:  WIND      :SUNSHINE: SKY     :PK WND
================================================================================
1   2   3   4   5  6A  6B    7    8   9   10  11  12  13   14  15   16   17  18
                                     12Z  AVG MX 2MIN
DY MAX MIN AVG DEP HDD CDD  WTR  SNW DPTH SPD SPD DIR MIN PSBL S-S WX    SPD DR
================================================================================

 1  67  44  56   8   9   0 0.00  0.0    0  3.7 12 150   M    M   5 128    14 140
 2  58  47  53   5  12   0 1.10    M    0  9.0 22 160   M    M   9 12     29 160
 3  69  56  63  15   2   0 0.20  0.0    0 13.4 35 160   M    M   9 1      44 150
 4  71  55  63  16   2   0 0.00  0.0    0  4.8 12 130   M    M   3 1      14 140
 5  65  54  60  13   5   0 0.06  0.0    0  8.1 15 140   M    M   7 1      20 160
 6  71  53  62  15   3   0 0.02  0.0    0  4.0 14 150   M    M   4 18     22  20
 7  63  50  57  10   8   0 0.00  0.0    0  2.6 13 290   M    M   8 128    14  80
 8  62  50  56  10   9   0 0.00  0.0    0  2.4 10 300   M    M   8 128    10  90
 9  57  50  54   8  11   0 0.00  0.0    0  2.3 13 290   M    M  10 12     15 290
10  55  52  54   8  11   0 0.00  0.0    0 12.0 22 140   M    M   7 1      26 140
11  66  51  59  13   6   0 1.92  0.0    0 13.6 36 150   M    M   8 18     45 160
12  55  48  52   6  13   0 0.48    M    0  2.8 12 320   M    M  10 1      15 310
13  53  42  48   2  17   0 0.00  0.0    0  2.4  8 320   M    M   7 128    10 330
14  54  42  48   3  17   0 0.00  0.0    0  5.7 12 120   M    M   6 18     15 120
15  51  46  49   4  16   0 0.93    M    0 11.4 21 120   M    M  10 1      28 120
16  62  47  55  10  10   0 0.56    M    0 11.0 20 140   M    M   7 1      25 130
17  60  46  53   8  12   0 0.03    M    0  4.8 10 120   M    M   9 1      14 210
18  61  49  55  10  10   0 0.09    M    0  7.2 13 120   M    M   3 18     15 130
19  54  50  52   7  13   0 0.31  0.0    0 10.8 18 120   M    M  10 1      23 120
20  58  52  55  10  10   0 0.32  0.0    0  5.7 14 110   M    M  10 18     18 120
================================================================================
SM 1212  984       196   0  6.02     0.0 137.7          M      150
================================================================================
AV 60.6 49.2                               6.9 FASTST   M    M   8    MAX(MPH)
                                 MISC ---->  # 36 150               # 45  160
================================================================================
NOTES:
# LAST OF SEVERAL OCCURRENCES

COLUMN 17 PEAK WIND IN M.P.H.

PRELIMINARY LOCAL CLIMATOLOGICAL DATA (WS FORM: F-6) , PAGE 2

                                          STATION:  STOCKTON AIRPORT CA
                                          MONTH:    DECEMBER
                                          YEAR:     2014
                                          LATITUDE:   37 54 N
                                          LONGITUDE: 121 15 W

[TEMPERATURE DATA]      [PRECIPITATION DATA]       SYMBOLS USED IN COLUMN 16

AVERAGE MONTHLY: 54.9   TOTAL FOR MONTH:   6.02    1 = FOG OR MIST
DPTR FM NORMAL:   8.8   DPTR FM NORMAL:    4.68    2 = FOG REDUCING VISIBILITY
HIGHEST:    71 ON  6, 4 GRTST 24HR  2.35 ON 11-12      TO 1/4 MILE OR LESS
LOWEST:     42 ON 14,13                            3 = THUNDER
                        SNOW, ICE PELLETS, HAIL    4 = ICE PELLETS
                        TOTAL MONTH:   0.0 INCH    5 = HAIL
                        GRTST 24HR     0.0         6 = FREEZING RAIN OR DRIZZLE
                        GRTST DEPTH:   0           7 = DUSTSTORM OR SANDSTORM:
                                                       VSBY 1/2 MILE OR LESS
                                                   8 = SMOKE OR HAZE
[NO. OF DAYS WITH]      [WEATHER - DAYS WITH]      9 = BLOWING SNOW
                                                   X = TORNADO
MAX 32 OR BELOW:   0    0.01 INCH OR MORE:  12
MAX 90 OR ABOVE:   0    0.10 INCH OR MORE:   8
MIN 32 OR BELOW:   0    0.50 INCH OR MORE:   4
MIN  0 OR BELOW:   0    1.00 INCH OR MORE:   2

[HDD (BASE 65) ]
TOTAL THIS MO.   196    CLEAR  (SCALE 0-3)   2
DPTR FM NORMAL  -182    PTCLDY (SCALE 4-7)  10
TOTAL FM JUL 1   482    CLOUDY (SCALE 8-10)  8
DPTR FM NORMAL  -353

[CDD (BASE 65) ]
TOTAL THIS MO.     0
DPTR FM NORMAL     0    [PRESSURE DATA]
TOTAL FM JAN 1  1658    HIGHEST SLP M ON M
DPTR FM NORMAL   338    LOWEST  SLP 30.11 ON 11

[REMARKS]
