000
CXUS55 KLOX 201655
CF6SDB
PRELIMINARY LOCAL CLIMATOLOGICAL DATA (WS FORM: F-6)

                                          STATION:   SANDBERG CA
                                          MONTH:     FEBRUARY
                                          YEAR:      2018
                                          LATITUDE:   34 45 N
                                          LONGITUDE: 118 44 W

  TEMPERATURE IN F:       :PCPN:    SNOW:  WIND      :SUNSHINE: SKY     :PK WND
================================================================================
1   2   3   4   5  6A  6B    7    8   9   10  11  12  13   14  15   16   17  18
                                     12Z  AVG MX 2MIN
DY MAX MIN AVG DEP HDD CDD  WTR  SNW DPTH SPD SPD DIR MIN PSBL S-S WX    SPD DR
================================================================================

 1  73  53  63  20   2   0 0.00  0.0    0  9.2 15  80   M    M   0        18  70
 2  72  55  64  21   1   0 0.00  0.0    0 11.6 22  80   M    M   0        29 100
 3  75  56  66  23   0   1 0.00  0.0    0  9.8 25  70   M    M   0        32  80
 4  75  56  66  23   0   1 0.00  0.0    0  9.8 20  80   M    M   0        24  80
 5  74  54  64  21   1   0 0.00  0.0    0 12.7 33 330   M    M   0        40 340
 6  69  50  60  17   5   0 0.00  0.0    0 13.8 33 320   M    M   0        41 320
 7  61  49  55  12  10   0 0.00  0.0    0 14.6 28  80   M    M   0        34  70
 8  67  50  59  16   6   0 0.00  0.0    0 13.3 24  80   M    M   0        29  80
 9  70  50  60  17   5   0 0.00  0.0    0 18.5 38 320   M    M   0 8      44 320
10  60  44  52   9  13   0 0.00  0.0    0 19.9 48 320   M    M   0        56 320
11  59  36  48   5  17   0 0.00  0.0    0 20.3 39  80   M    M   0        50  70
12  48  31  40  -4  25   0 0.06    M    0  9.9 20 150   M    M   7 1      26 170
13  47  32  40  -4  25   0    T    M    0 14.8 30 110   M    M   5 1      40 120
14  51  37  44   0  21   0 0.02    M    0 11.0 22 320   M    M   6 1      26 330
15  52  33  43  -1  22   0 0.00  0.0    M 13.7 29  80   M    M   0        37  80
16  56  38  47   3  18   0 0.00  0.0    0 11.3 25  70   M    M   0        31  70
17  62  44  53   9  12   0 0.00  0.0    0  8.1 16 330   M    M   0        18 330
18  54  30  42  -2  23   0 0.00  0.0    0 13.5 35 330   M    M   0 1      41 320
19  33  24  29 -15  36   0 0.02    M    0 17.8 33 330   M    M   9 1      43 320
================================================================================
SM 1158  822       242   2  0.10     0.0 253.6          M       27
================================================================================
AV 61.0 43.3                              13.3 FASTST   M    M   1    MAX(MPH)
                                 MISC ---->  # 48 320               # 56  320
================================================================================
NOTES:
# LAST OF SEVERAL OCCURRENCES

COLUMN 17 PEAK WIND IN M.P.H.

PRELIMINARY LOCAL CLIMATOLOGICAL DATA (WS FORM: F-6) , PAGE 2

                                          STATION:  SANDBERG CA
                                          MONTH:    FEBRUARY
                                          YEAR:     2018
                                          LATITUDE:   34 45 N
                                          LONGITUDE: 118 44 W

[TEMPERATURE DATA]      [PRECIPITATION DATA]       SYMBOLS USED IN COLUMN 16

AVERAGE MONTHLY: 52.1   TOTAL FOR MONTH:   0.10    1 = FOG OR MIST
DPTR FM NORMAL:   8.7   DPTR FM NORMAL:   -1.91    2 = FOG REDUCING VISIBILITY
HIGHEST:    75 ON  4, 3 GRTST 24HR  0.06 ON 12-12      TO 1/4 MILE OR LESS
LOWEST:     24 ON 19                               3 = THUNDER
                        SNOW, ICE PELLETS, HAIL    4 = ICE PELLETS
                        TOTAL MONTH:   0.0 INCH    5 = HAIL
                        GRTST 24HR     0.0         6 = FREEZING RAIN OR DRIZZLE
                        GRTST DEPTH:   0           7 = DUSTSTORM OR SANDSTORM:
                                                       VSBY 1/2 MILE OR LESS
                                                   8 = SMOKE OR HAZE
[NO. OF DAYS WITH]      [WEATHER - DAYS WITH]      9 = BLOWING SNOW
                                                   X = TORNADO
MAX 32 OR BELOW:   0    0.01 INCH OR MORE:   3
MAX 90 OR ABOVE:   0    0.10 INCH OR MORE:   0
MIN 32 OR BELOW:   4    0.50 INCH OR MORE:   0
MIN  0 OR BELOW:   0    1.00 INCH OR MORE:   0

[HDD (BASE 65) ]
TOTAL THIS MO.   242    CLEAR  (SCALE 0-3)  15
DPTR FM NORMAL  -169    PTCLDY (SCALE 4-7)   3
TOTAL FM JUL 1  1326    CLOUDY (SCALE 8-10)  1
DPTR FM NORMAL -1250

[CDD (BASE 65) ]
TOTAL THIS MO.     2
DPTR FM NORMAL     2    [PRESSURE DATA]
TOTAL FM JAN 1     2    HIGHEST SLP M ON M
DPTR FM NORMAL     2    LOWEST  SLP 29.77 ON M

[REMARKS]
