000
CXUS56 KSGX 011445
CF6SDM
PRELIMINARY LOCAL CLIMATOLOGICAL DATA (WS FORM: F-6)

                                          STATION:   SAN DIEGO/BROWN
                                          MONTH:     FEBRUARY
                                          YEAR:      2015
                                          LATITUDE:   32 34 N
                                          LONGITUDE: 116 59 W

  TEMPERATURE IN F:       :PCPN:    SNOW:  WIND      :SUNSHINE: SKY     :PK WND
================================================================================
1   2   3   4   5  6A  6B    7    8   9   10  11  12  13   14  15   16   17  18
                                     12Z  AVG MX 2MIN
DY MAX MIN AVG DEP HDD CDD  WTR  SNW DPTH SPD SPD DIR MIN PSBL S-S WX    SPD DR
================================================================================

 1  75  45  60   5   5   0 0.00  0.0    0  5.2 12 280   M    M   0 1      15 270
 2  75  46  61   6   4   0 0.00  0.0    0  5.2 10 300   M    M   1 12     14 280
 3  75  45  60   5   5   0 0.00  0.0    0  3.0 10 280   M    M   4 128    14 290
 4  72  45  59   4   6   0 0.00  0.0    0  3.5 12 280   M    M   4 128    14 260
 5  76  47  62   7   3   0 0.00  0.0    0  3.6 12 280   M    M   5 128    16 300
 6  81  48  65  10   0   0 0.00  0.0    0  4.3 15 280   M    M   2 128    18 270
 7  75  40  58   3   7   0 0.00  0.0    0  4.3 15 270   M    M   3 128    18 280
 8  78  50  64   9   1   0 0.00  0.0    0  4.8 17 280   M    M   0 18     23 280
 9  71  49  60   5   5   0 0.00  0.0    0  4.1 15 270   M    M   3 128    18 270
10  72  44  58   3   7   0 0.00  0.0    0  4.3 15 270   M    M   0 18     19 280
11  88  50  69  14   0   4 0.00  0.0    0  4.0 12 280   M    M   0 8      15 280
12  85  54  70  14   0   5 0.00  0.0    0  9.6 25 110   M    M   0        31 110
13  84  54  69  13   0   4 0.00  0.0    0  6.6 16 120   M    M   0        21 130
14  86  55  71  15   0   6 0.00  0.0    0  6.9 18 120   M    M   0        23 120
15  79  51  65   9   0   0 0.00  0.0    0  4.6 15 280   M    M   0 12     20 290
16  70  50  60   4   5   0 0.00  0.0    0  4.3 12 270   M    M   4 128    16 280
17  68  51  60   4   5   0 0.00  0.0    0  3.5 13 270   M    M   4 18     16 280
18  69  48  59   3   6   0 0.00  0.0    0  3.3 12 280   M    M   3 18     15 280
19  68  53  61   5   4   0 0.00  0.0    0  3.5 10 270   M    M   5 18     16 250
20  67  57  62   6   3   0 0.00  0.0    0  3.2 13 260   M    M   7 18     16 280
21  67  58  63   7   2   0 0.00  0.0    0  5.7 13 230   M    M   8        17 250
22  64  54  59   3   6   0 0.20  0.0    0  8.0 18 210   M    M  10 1      25 190
23  64  51  58   2   7   0 0.13  0.0    0  6.1 18 250   M    M   4 1      22 250
24  67  44  56   0   9   0 0.00  0.0    0  5.7 17 280   M    M   0        22 260
25  70  44  57   1   8   0 0.00  0.0    0  5.7 13 270   M    M   0        16 270
26  67  45  56   0   9   0 0.00  0.0    0  4.8 14 260   M    M   1 18     17 250
27  68  47  58   2   7   0    T    M    0  9.3 20 190   M    M   8 1      23 180
28  65  53  59   3   6   0 0.03  0.0    0  7.7 15 240   M    M   7        21 260
================================================================================
SM 2046 1378       120  19  0.36     0.0 144.8          M       83
================================================================================
AV 73.1 49.2                               5.2 FASTST   M    M   3    MAX(MPH)
                                 MISC ---->  # 25 110               # 31  110
================================================================================
NOTES:
# LAST OF SEVERAL OCCURRENCES

COLUMN 17 PEAK WIND IN M.P.H.

PRELIMINARY LOCAL CLIMATOLOGICAL DATA (WS FORM: F-6) , PAGE 2

                                          STATION:  SAN DIEGO/BROWN
                                          MONTH:    FEBRUARY
                                          YEAR:     2015
                                          LATITUDE:   32 34 N
                                          LONGITUDE: 116 59 W

[TEMPERATURE DATA]      [PRECIPITATION DATA]       SYMBOLS USED IN COLUMN 16

AVERAGE MONTHLY: 61.1   TOTAL FOR MONTH:   0.36    1 = FOG OR MIST
DPTR FM NORMAL:   5.5   DPTR FM NORMAL:   -1.80    2 = FOG REDUCING VISIBILITY
HIGHEST:    88 ON 11    GRTST 24HR  0.32 ON 22-23      TO 1/4 MILE OR LESS
LOWEST:     40 ON  7                               3 = THUNDER
                        SNOW, ICE PELLETS, HAIL    4 = ICE PELLETS
                        TOTAL MONTH:   0.0 INCH    5 = HAIL
                        GRTST 24HR     0.0         6 = FREEZING RAIN OR DRIZZLE
                        GRTST DEPTH:   0           7 = DUSTSTORM OR SANDSTORM:
                                                       VSBY 1/2 MILE OR LESS
                                                   8 = SMOKE OR HAZE
[NO. OF DAYS WITH]      [WEATHER - DAYS WITH]      9 = BLOWING SNOW
                                                   X = TORNADO
MAX 32 OR BELOW:   0    0.01 INCH OR MORE:   3
MAX 90 OR ABOVE:   0    0.10 INCH OR MORE:   2
MIN 32 OR BELOW:   0    0.50 INCH OR MORE:   0
MIN  0 OR BELOW:   0    1.00 INCH OR MORE:   0

[HDD (BASE 65) ]
TOTAL THIS MO.   120    CLEAR  (SCALE 0-3)  16
DPTR FM NORMAL  -145    PTCLDY (SCALE 4-7)   9
TOTAL FM JUL 1   597    CLOUDY (SCALE 8-10)  3
DPTR FM NORMAL  -572

[CDD (BASE 65) ]
TOTAL THIS MO.    19
DPTR FM NORMAL    16    [PRESSURE DATA]
TOTAL FM JAN 1    24    HIGHEST SLP 30.23 ON 25
DPTR FM NORMAL    18    LOWEST  SLP 29.78 ON 27

[REMARKS]
#FINAL-02-15#
