000
CXUS52 KMLB 171221
CF6SFB
PRELIMINARY LOCAL CLIMATOLOGICAL DATA (WS FORM: F-6)

                                          STATION:   SANFORD
                                          MONTH:     DECEMBER
                                          YEAR:      2014
                                          LATITUDE:   28 46 N
                                          LONGITUDE:  81 15 W

  TEMPERATURE IN F:       :PCPN:    SNOW:  WIND      :SUNSHINE: SKY     :PK WND
================================================================================
1   2   3   4   5  6A  6B    7    8   9   10  11  12  13   14  15   16   17  18
                                     12Z  AVG MX 2MIN
DY MAX MIN AVG DEP HDD CDD  WTR  SNW DPTH SPD SPD DIR MIN PSBL S-S WX    SPD DR
================================================================================

 1  80  56  68   3   0   3 0.00  0.0    0  7.0 20  90   M    M   2        24 100
 2  80  61  71   6   0   6    T  0.0    0  7.5 21 100   M    M   3        26 100
 3  81  59  70   6   0   5 0.00  0.0    0  7.6 15  90   M    M   4        19  90
 4  81  62  72   8   0   7    T  0.0    0  8.4 18  40   M    M   6 12     22  50
 5  80  65  73   9   0   8 0.01  0.0    0  6.4 15  90   M    M   8 1      18  80
 6  81  65  73   9   0   8 0.00  0.0    0  3.3 13  50   M    M   7 1      14  60
 7  71  60  66   2   0   1 0.11  0.0    0  9.7 16 340   M    M   7 1      21 360
 8  66  54  60  -3   5   0 0.11  0.0    0 10.5 18 350   M    M  10 1      23 360
 9  66  47  57  -6   8   0 0.00  0.0    0 10.4 16 320   M    M   4        29 330
10  64  42  53 -10  12   0 0.00  0.0    0  6.2 14 240   M    M   0 8      18 250
11  62  40  51 -12  14   0 0.00  0.0    0  7.1 18 280   M    M   0        22 300
12  63  42  53  -9  12   0 0.00  0.0    0  4.4  8 310   M    M   0        12 350
13  69  40  55  -7  10   0 0.00  0.0    0  4.4 12 340   M    M   0 1      15 350
14  72  40  56  -6   9   0 0.00  0.0    0  3.8  9 360   M    M   0        12 310
15  72  40  56  -6   9   0 0.00  0.0    0  2.3  9 240   M    M   0 1      11 270
16  75  42  59  -3   6   0 0.00  0.0    0  5.3 14 270   M    M   0 1      17 260
================================================================================
SM 1163  815        85  38  0.23     0.0 104.3          M       51
================================================================================
AV 72.7 50.9                               6.5 FASTST   M    M   3    MAX(MPH)
                                 MISC ---->  # 21 100               # 29  330
================================================================================
NOTES:
# LAST OF SEVERAL OCCURRENCES

COLUMN 17 PEAK WIND IN M.P.H.

PRELIMINARY LOCAL CLIMATOLOGICAL DATA (WS FORM: F-6) , PAGE 2

                                          STATION:  SANFORD
                                          MONTH:    DECEMBER
                                          YEAR:     2014
                                          LATITUDE:   28 46 N
                                          LONGITUDE:  81 15 W

[TEMPERATURE DATA]      [PRECIPITATION DATA]       SYMBOLS USED IN COLUMN 16

AVERAGE MONTHLY: 61.8   TOTAL FOR MONTH:   0.23    1 = FOG OR MIST
DPTR FM NORMAL:  -1.4   DPTR FM NORMAL:   -1.12    2 = FOG REDUCING VISIBILITY
HIGHEST:    81 ON  6, 4 GRTST 24HR  0.22 ON  7- 8      TO 1/4 MILE OR LESS
LOWEST:     40 ON 15,14                            3 = THUNDER
                        SNOW, ICE PELLETS, HAIL    4 = ICE PELLETS
                        TOTAL MONTH:   0.0 INCH    5 = HAIL
                        GRTST 24HR     0.0         6 = FREEZING RAIN OR DRIZZLE
                        GRTST DEPTH:   0           7 = DUSTSTORM OR SANDSTORM:
                                                       VSBY 1/2 MILE OR LESS
                                                   8 = SMOKE OR HAZE
[NO. OF DAYS WITH]      [WEATHER - DAYS WITH]      9 = BLOWING SNOW
                                                   X = TORNADO
MAX 32 OR BELOW:   0    0.01 INCH OR MORE:   3
MAX 90 OR ABOVE:   0    0.10 INCH OR MORE:   2
MIN 32 OR BELOW:   0    0.50 INCH OR MORE:   0
MIN  0 OR BELOW:   0    1.00 INCH OR MORE:   0

[HDD (BASE 65) ]
TOTAL THIS MO.    85    CLEAR  (SCALE 0-3)   8
DPTR FM NORMAL    20    PTCLDY (SCALE 4-7)   6
TOTAL FM JUL 1   186    CLOUDY (SCALE 8-10)  2
DPTR FM NORMAL    74

[CDD (BASE 65) ]
TOTAL THIS MO.    38
DPTR FM NORMAL    -1    [PRESSURE DATA]
TOTAL FM JAN 1  3452    HIGHEST SLP M ON M
DPTR FM NORMAL    50    LOWEST  SLP 29.99 ON  9

[REMARKS]
