000
CXUS52 KMLB 290845
CF6SFB
PRELIMINARY LOCAL CLIMATOLOGICAL DATA (WS FORM: F-6)

                                          STATION:   SANFORD
                                          MONTH:     JULY
                                          YEAR:      2015
                                          LATITUDE:   28 46 N
                                          LONGITUDE:  81 15 W

  TEMPERATURE IN F:       :PCPN:    SNOW:  WIND      :SUNSHINE: SKY     :PK WND
================================================================================
1   2   3   4   5  6A  6B    7    8   9   10  11  12  13   14  15   16   17  18
                                     12Z  AVG MX 2MIN
DY MAX MIN AVG DEP HDD CDD  WTR  SNW DPTH SPD SPD DIR MIN PSBL S-S WX    SPD DR
================================================================================

 1  94  76  85   2   0  20 0.00  0.0    0  7.4 17 300   M    M   1 3      23 210
 2  95  73  84   1   0  19 0.17  0.0    0  5.9 31 300   M    M   1 38     41 300
 3  95  72  84   1   0  19    T  0.0    0  5.8 15 170   M    M   2 3      18 220
 4  94  72  83   0   0  18 0.00  0.0    0  4.6 24 120   M    M   1 138    30 120
 5  95  72  84   1   0  19 1.63  0.0    0  6.1 32  80   M    M   3 138    42  80
 6  92  70  81  -2   0  16 0.04  0.0    0  5.4 24 320   M    M   3 3      32 320
 7  88  71  80  -3   0  15 0.18  0.0    0  3.2 17 310   M    M   4 13     23 140
 8  92  72  82  -1   0  17 0.00  0.0    0  5.2 16 100   M    M   1 3      21  90
 9  94  74  84   1   0  19 0.00  0.0    0  5.5 17 100   M    M   1 13     21  90
10  94  73  84   1   0  19 0.00  0.0    0  4.6 15  90   M    M   0        20 100
11  96  76  86   3   0  21 0.00  0.0    0  5.1 18 240   M    M   1 3      22 230
12  96  74  85   2   0  20 0.00  0.0    0  4.4 20 320   M    M   0 3      25 320
13  96  73  85   2   0  20 0.00  0.0    0  5.3 15 320   M    M   0        20 320
14  94  79  87   4   0  22 0.00  0.0    0  9.6 24 330   M    M   1 3      31 350
15  95  79  87   3   0  22    T  0.0    0 10.4 28 300   M    M   1        34 300
16  94  77  86   2   0  21    T  0.0    0  9.4 23 250   M    M   1 3      30 240
17  96  75  86   2   0  21 0.38  0.0    0  6.9 25 180   M    M   5 13     35 180
18  90  76  83  -1   0  18    T  0.0    0  6.5 25 250   M    M   5 138    33 220
19  94  76  85   1   0  20    T  0.0    0  7.6 22 280   M    M   2 3      27 270
20  94  76  85   1   0  20    T  0.0    0  7.6 23 260   M    M   2 3      28 250
21  94  78  86   2   0  21    T  0.0    0  7.2 21 230   M    M   1 3      27 220
22  93  75  84   0   0  19 0.20  0.0    0  6.3 18 310   M    M   2 138    22 360
23  91  79  85   1   0  20 0.10  0.0    0  6.8 20  20   M    M   2 3      23  20
24  90  76  83  -1   0  18 0.67  0.0    0  9.9 37 280   M    M   4 138    46 280
25  94  75  85   1   0  20 0.36  0.0    0  5.7 37 150   M    M   4 13     44 150
26  93  75  84   0   0  19 0.36  0.0    0  4.5 28 110   M    M   4 13     35 110
27  90  77  84   0   0  19 0.20  0.0    0  7.3 25 220   M    M   6 1      31 230
28  87  76  82  -2   0  17 0.30  0.0    0  8.0 21 220   M    M   7 13     26 230
================================================================================
SM 2610 2097         0 539  4.59     0.0 182.2          M       65
================================================================================
AV 93.2 74.9                               6.5 FASTST   M    M   2    MAX(MPH)
                                 MISC ---->  # 37 280               # 46  280
================================================================================
NOTES:
# LAST OF SEVERAL OCCURRENCES

COLUMN 17 PEAK WIND IN M.P.H.

PRELIMINARY LOCAL CLIMATOLOGICAL DATA (WS FORM: F-6) , PAGE 2

                                          STATION:  SANFORD
                                          MONTH:    JULY
                                          YEAR:     2015
                                          LATITUDE:   28 46 N
                                          LONGITUDE:  81 15 W

[TEMPERATURE DATA]      [PRECIPITATION DATA]       SYMBOLS USED IN COLUMN 16

AVERAGE MONTHLY: 84.1   TOTAL FOR MONTH:   4.59    1 = FOG OR MIST
DPTR FM NORMAL:   0.6   DPTR FM NORMAL:   -2.16    2 = FOG REDUCING VISIBILITY
HIGHEST:    96 ON 17,13 GRTST 24HR  1.63 ON  5- 5      TO 1/4 MILE OR LESS
LOWEST:     70 ON  6                               3 = THUNDER
                        SNOW, ICE PELLETS, HAIL    4 = ICE PELLETS
                        TOTAL MONTH:   0.0 INCH    5 = HAIL
                        GRTST 24HR     0.0         6 = FREEZING RAIN OR DRIZZLE
                        GRTST DEPTH:   0           7 = DUSTSTORM OR SANDSTORM:
                                                       VSBY 1/2 MILE OR LESS
                                                   8 = SMOKE OR HAZE
[NO. OF DAYS WITH]      [WEATHER - DAYS WITH]      9 = BLOWING SNOW
                                                   X = TORNADO
MAX 32 OR BELOW:   0    0.01 INCH OR MORE:  12
MAX 90 OR ABOVE:  26    0.10 INCH OR MORE:  11
MIN 32 OR BELOW:   0    0.50 INCH OR MORE:   2
MIN  0 OR BELOW:   0    1.00 INCH OR MORE:   1

[HDD (BASE 65) ]
TOTAL THIS MO.     0    CLEAR  (SCALE 0-3)  20
DPTR FM NORMAL     0    PTCLDY (SCALE 4-7)   8
TOTAL FM JUL 1     0    CLOUDY (SCALE 8-10)  0
DPTR FM NORMAL     0

[CDD (BASE 65) ]
TOTAL THIS MO.   539
DPTR FM NORMAL    22    [PRESSURE DATA]
TOTAL FM JAN 1  2166    HIGHEST SLP M ON M
DPTR FM NORMAL   362    LOWEST  SLP 29.83 ON 26

[REMARKS]
