000
CXUS56 KOTX 261500
CF6SFF
PRELIMINARY LOCAL CLIMATOLOGICAL DATA (WS FORM: F-6)

                                          STATION:   SPOKANE WA FELTS AIRPORT
                                          MONTH:     MARCH
                                          YEAR:      2015
                                          LATITUDE:   47 40 N
                                          LONGITUDE: 117 20 W

  TEMPERATURE IN F:       :PCPN:    SNOW:  WIND      :SUNSHINE: SKY     :PK WND
================================================================================
1   2   3   4   5  6A  6B    7    8   9   10  11  12  13   14  15   16   17  18
                                     12Z  AVG MX 2MIN
DY MAX MIN AVG DEP HDD CDD  WTR  SNW DPTH SPD SPD DIR MIN PSBL S-S WX    SPD DR
================================================================================

 1  46  20  33  -4  32   0 0.00    M    M  1.6  6  20   M    M   2         7  10
 2  44  27  36  -1  29   0 0.05    M    M  2.7 10  70   M    M  10 1      15  30
 3  40  17  29  -8  36   0 0.00    M    M  2.4 13 260   M    M   0        19 290
 4  47  18  33  -5  32   0 0.00    M    M  3.2 14 230   M    M   0        19 220
 5  55  26  41   3  24   0 0.00    M    M  2.6  9 220   M    M   0        14 220
 6  62  28  45   7  20   0 0.00    M    M  3.1 10 260   M    M   0        16 260
 7  62  29  46   8  19   0 0.00    M    M  2.4  9 220   M    M   0        12 280
 8  63  28  46   7  19   0 0.00    M    M  3.1 15 230   M    M   0 1      19 260
 9  65  33  49  10  16   0 0.00    M    M  4.8 16 220   M    M   0        21 220
10  70  31  51  12  14   0 0.00    M    M  2.2  9 190   M    M   0        12 170
11  59  43  51  11  14   0    T    M    M  2.7 13 210   M    M   8        16 200
12  63  40  52  12  13   0 0.00    M    M  7.1 21 230   M    M   5        26 220
13  68  32  50  10  15   0 0.00    M    M  2.1 10  90   M    M   0 1      12  80
14  60  46  53  13  12   0 0.16    M    M  9.3 22 230   M    M   9 1      29 230
15  53  45  49   8  16   0 1.30    M    M  5.0 22 240   M    M   8 1      30 220
16  57  37  47   6  18   0 0.01    M    M  3.5 18 230   M    M   4        25 240
17  46  37  42   1  23   0 0.24    M    M  0.9  9 280   M    M   8 1      13 290
18  58  39  49   7  16   0    T    M    M  6.1 14 230   M    M   6 1      18 230
19  58  34  46   4  19   0 0.00    M    M  3.9 13 220   M    M   3        15 210
20  63  37  50   8  15   0 0.00    M    M  3.2 13 190   M    M   2        17 210
21  59  38  49   7  16   0 0.04    M    M 10.8 36 220   M    M   5        45 240
22  62  34  48   6  17   0    T    M    M  2.7 12 200   M    M   3        14 210
23  51  39  45   2  20   0 0.15    M    M  6.8 21 230   M    M   9 1      27 220
24  52  36  44   1  21   0 0.15    M    M  4.2 15 250   M    M   6 1      22 260
25  50  36  43   0  22   0 0.14    M    M  4.4 14 210   M    M   8 18     19 190
================================================================================
SM 1413  830       498   0  2.24    M    100.8          M       96
================================================================================
AV 56.5 33.2                               4.0 FASTST   M    M   4    MAX(MPH)
                                 MISC ---->  # 36 220               # 45  240
================================================================================
NOTES:
# LAST OF SEVERAL OCCURRENCES

COLUMN 17 PEAK WIND IN M.P.H.

PRELIMINARY LOCAL CLIMATOLOGICAL DATA (WS FORM: F-6) , PAGE 2

                                          STATION:  SPOKANE WA FELTS AIRPORT
                                          MONTH:    MARCH
                                          YEAR:     2015
                                          LATITUDE:   47 40 N
                                          LONGITUDE: 117 20 W

[TEMPERATURE DATA]      [PRECIPITATION DATA]       SYMBOLS USED IN COLUMN 16

AVERAGE MONTHLY: 44.9   TOTAL FOR MONTH:   2.24    1 = FOG OR MIST
DPTR FM NORMAL:   4.8   DPTR FM NORMAL:    1.03    2 = FOG REDUCING VISIBILITY
HIGHEST:    70 ON 10    GRTST 24HR  1.30 ON 15-15      TO 1/4 MILE OR LESS
LOWEST:     17 ON  3                               3 = THUNDER
                        SNOW, ICE PELLETS, HAIL    4 = ICE PELLETS
                        TOTAL MONTH:    M          5 = HAIL
                        GRTST 24HR    M  ON   M    6 = FREEZING RAIN OR DRIZZLE
                        GRTST DEPTH:  M  ON   M    7 = DUSTSTORM OR SANDSTORM:
                                                       VSBY 1/2 MILE OR LESS
                                                   8 = SMOKE OR HAZE
[NO. OF DAYS WITH]      [WEATHER - DAYS WITH]      9 = BLOWING SNOW
                                                   X = TORNADO
MAX 32 OR BELOW:   0    0.01 INCH OR MORE:   9
MAX 90 OR ABOVE:   0    0.10 INCH OR MORE:   6
MIN 32 OR BELOW:  10    0.50 INCH OR MORE:   1
MIN  0 OR BELOW:   0    1.00 INCH OR MORE:   1

[HDD (BASE 65) ]
TOTAL THIS MO.   498    CLEAR  (SCALE 0-3)  12
DPTR FM NORMAL  -126    PTCLDY (SCALE 4-7)   8
TOTAL FM JUL 1  4316    CLOUDY (SCALE 8-10)  5
DPTR FM NORMAL  -879

[CDD (BASE 65) ]
TOTAL THIS MO.     0
DPTR FM NORMAL     0    [PRESSURE DATA]
TOTAL FM JAN 1     0    HIGHEST SLP M ON M
DPTR FM NORMAL     0    LOWEST  SLP  0.00 ON M

[REMARKS]
