494
CXUS54 KLZK 211130
CF6SGT
PRELIMINARY LOCAL CLIMATOLOGICAL DATA (WS FORM: F-6)

                                          STATION:   Stuttgart Airport
                                          MONTH:     JANUARY
                                          YEAR:      2018
                                          LATITUDE:   34 35 N
                                          LONGITUDE:  91 34 W

  TEMPERATURE IN F:       :PCPN:    SNOW:  WIND      :SUNSHINE: SKY     :PK WND
================================================================================
1   2   3   4   5  6A  6B    7    8   9   10  11  12  13   14  15   16   17  18
                                     12Z  AVG MX 2MIN
DY MAX MIN AVG DEP HDD CDD  WTR  SNW DPTH SPD SPD DIR MIN PSBL S-S WX    SPD DR
================================================================================

 1  21  11  16 -24  49   0 0.00  0.0    0 15.4 23  10   M    M   0        29  10
 2  23  14  19 -21  46   0 0.00  0.0    0 10.2 18  50   M    M   1         M  M
 3  37  15  26 -14  39   0 0.00  0.0    0  8.3 14 270   M    M   1         M  M
 4  33  22  28 -12  37   0 0.00  0.0    0  7.4 13  20   M    M   0 8       M  M
 5  46  20  33  -7  32   0 0.00  0.0    0  7.5 14 210   M    M   0 8       M  M
 6  40  24  32  -8  33   0 0.00  0.0    0 10.5 16  60   M    M   0         M  M
 7  47  26  37  -3  28   0 0.08    M    0 10.4 22 150   M    M   6         M  M
 8  47  41  44   4  21   0 0.23    M    0  9.4 15 150   M    M  10 1      23 150
 9  46  40  43   3  22   0    T    M    0  6.6  9  30   M    M  10 1       M  M
10  59  44  52  12  13   0 0.01    M    0  7.7 17 150   M    M  10 12     23 150
11  65  34  50  10  15   0 0.81    M    0 13.3 25 330   M    M  10 1      37 330
12  35  24  30 -10  35   0 0.21    M    0 18.5 27 330   M    M   6 1      38 360
13  31  22  27 -13  38   0 0.00  0.0    0 12.4 18  20   M    M   1        21  20
14  31  24  28 -12  37   0    T    M    0  7.8 10 200   M    M   6         M  M
15  42  24  33  -7  32   0 0.01    M    0  9.0 22 360   M    M   5 1      31  10
16  24   9  17 -23  48   0    T    M    0 12.8 22 350   M    M   3 1       M  M
17  23   6  15 -25  50   0 0.00  0.0    0  6.9 14 360   M    M   0         M  M
18  36  12  24 -16  41   0 0.00  0.0    0  7.9 12 180   M    M   0         M  M
19  41  24  33  -7  32   0 0.00  0.0    0  8.6 12 160   M    M   7         M  M
20  58  39  49   9  16   0    T    M    0 10.6 16 170   M    M   9         M  M
================================================================================
SM  785  475       664   0  1.35     0.0 201.2          M       85
================================================================================
AV 39.3 23.8                              10.1 FASTST   M    M   4    MAX(MPH)
                                 MISC ---->  # 27 330               # 38  360
================================================================================
NOTES:
# LAST OF SEVERAL OCCURRENCES

COLUMN 17 PEAK WIND IN M.P.H.

PRELIMINARY LOCAL CLIMATOLOGICAL DATA (WS FORM: F-6) , PAGE 2

                                          STATION:  Stuttgart Airport
                                          MONTH:    JANUARY
                                          YEAR:     2018
                                          LATITUDE:   34 35 N
                                          LONGITUDE:  91 34 W

[TEMPERATURE DATA]      [PRECIPITATION DATA]       SYMBOLS USED IN COLUMN 16

AVERAGE MONTHLY: 31.5   TOTAL FOR MONTH:   1.35    1 = FOG OR MIST
DPTR FM NORMAL:  -8.5   DPTR FM NORMAL:   -1.00    2 = FOG REDUCING VISIBILITY
HIGHEST:    65 ON 11    GRTST 24HR  0.81 ON 11-11      TO 1/4 MILE OR LESS
LOWEST:      6 ON 17                               3 = THUNDER
                        SNOW, ICE PELLETS, HAIL    4 = ICE PELLETS
                        TOTAL MONTH:   0.0 INCH    5 = HAIL
                        GRTST 24HR     0.0         6 = FREEZING RAIN OR DRIZZLE
                        GRTST DEPTH:   0           7 = DUSTSTORM OR SANDSTORM:
                                                       VSBY 1/2 MILE OR LESS
                                                   8 = SMOKE OR HAZE
[NO. OF DAYS WITH]      [WEATHER - DAYS WITH]      9 = BLOWING SNOW
                                                   X = TORNADO
MAX 32 OR BELOW:   6    0.01 INCH OR MORE:   6
MAX 90 OR ABOVE:   0    0.10 INCH OR MORE:   3
MIN 32 OR BELOW:  15    0.50 INCH OR MORE:   1
MIN  0 OR BELOW:   0    1.00 INCH OR MORE:   0

[HDD (BASE 65) ]
TOTAL THIS MO.   664    CLEAR  (SCALE 0-3)   9
DPTR FM NORMAL   164    PTCLDY (SCALE 4-7)   6
TOTAL FM JUL 1  1762    CLOUDY (SCALE 8-10)  5
DPTR FM NORMAL    11

[CDD (BASE 65) ]
TOTAL THIS MO.     0
DPTR FM NORMAL     0    [PRESSURE DATA]
TOTAL FM JAN 1     0    HIGHEST SLP M ON M
DPTR FM NORMAL     0    LOWEST  SLP M ON M

[REMARKS]
