000
CXUS56 KFGZ 270900
CF6SJN
PRELIMINARY LOCAL CLIMATOLOGICAL DATA (WS FORM: F-6)

                                          STATION:   SAINT JOHNS AZ AIRPORT
                                          MONTH:     JANUARY
                                          YEAR:      2015
                                          LATITUDE:   34 31 N
                                          LONGITUDE: 109 23 W

  TEMPERATURE IN F:       :PCPN:    SNOW:  WIND      :SUNSHINE: SKY     :PK WND
================================================================================
1   2   3   4   5  6A  6B    7    8   9   10  11  12  13   14  15   16   17  18
                                     12Z  AVG MX 2MIN
DY MAX MIN AVG DEP HDD CDD  WTR  SNW DPTH SPD SPD DIR MIN PSBL S-S WX    SPD DR
================================================================================

 1  27   4  16 -18  49   0 0.09    M    M  3.8 16 210   M    M   6 18     23 210
 2  24  14  19 -15  46   0 0.07    M    M  7.0 16 280   M    M  10 12     19 290
 3  35   4  20 -14  45   0    T    M    M  3.6 13 270   M    M   2 1      16 250
 4  39   3  21 -13  44   0 0.00    M    M  2.1  6 170   M    M   0 18      7 340
 5  44   9  27  -7  38   0 0.00    M    M  2.4  7 160   M    M   0 18      8 330
 6  45  15  30  -4  35   0 0.00    M    M  2.5  8 310   M    M   0 1       9 330
 7  50  21  36   2  29   0 0.00    M    M  2.7  8 280   M    M   0 1      10 300
 8  53  25  39   5  26   0 0.00    M    M  2.0  7 140   M    M   0 18      8 340
 9  56  26  41   6  24   0 0.00    M    M  2.5  7 270   M    M   1        10  20
10  55  27  41   6  24   0    T    M    M  3.1 18 270   M    M   5        22 280
11  53  38  46  11  19   0 0.03    M    M  4.5 16 230   M    M   8 1      19 220
12  50  37  44   9  21   0 0.29    M    M  4.3 18 240   M    M   8 1      22 240
13  44  33  39   4  26   0 0.17    M    M  6.0 20 280   M    M  10 1      23 280
14  44  30  37   2  28   0    T    M    M  4.3 13 180   M    M   8 1      22 310
15  51  25  38   3  27   0 0.00    M    M  4.2 12  50   M    M   1 1      14  40
16  54  22  38   2  27   0 0.00    M    M  2.7 10 180   M    M   0 1      12 180
17  55  23  39   3  26   0 0.00    M    M  3.6 12 190   M    M   0        13 190
18  57  23  40   4  25   0 0.00    M    M  4.7 13 310   M    M   0        16 300
19  64  24  44   8  21   0 0.00    M    M  4.2 14 310   M    M   0 18     17 300
20  54  26  40   4  25   0 0.00    M    M  3.6  8 170   M    M   1 1      11 330
21  49  29  39   3  26   0 0.03    M    M  6.8 25 340   M    M   6 1      30 340
22  39  18  29  -7  36   0 0.00    M    M  6.2 18  80   M    M   4 1      26 120
23  44  14  29  -8  36   0 0.00    M    M  2.4  9 300   M    M   0 18     11 300
24  51  18  35  -2  30   0 0.00    M    M  3.5 12 180   M    M   0        14 180
25  54  17  36  -1  29   0 0.00    M    M  4.0 10 170   M    M   0        15 320
26  60  20  40   3  25   0 0.00  0.0    0  3.4 10 180   M    M   0 18     14 270
================================================================================
SM 1251  545       787   0  0.68     0.0 100.1          M       70
================================================================================
AV 48.1 21.0                               3.8 FASTST   M    M   3    MAX(MPH)
                                 MISC ---->  # 25 340               # 30  340
================================================================================
NOTES:
# LAST OF SEVERAL OCCURRENCES

COLUMN 17 PEAK WIND IN M.P.H.

PRELIMINARY LOCAL CLIMATOLOGICAL DATA (WS FORM: F-6) , PAGE 2

                                          STATION:  SAINT JOHNS AZ AIRPORT
                                          MONTH:    JANUARY
                                          YEAR:     2015
                                          LATITUDE:   34 31 N
                                          LONGITUDE: 109 23 W

[TEMPERATURE DATA]      [PRECIPITATION DATA]       SYMBOLS USED IN COLUMN 16

AVERAGE MONTHLY: 34.5   TOTAL FOR MONTH:   0.68    1 = FOG OR MIST
DPTR FM NORMAL:  -0.7   DPTR FM NORMAL:    0.03    2 = FOG REDUCING VISIBILITY
HIGHEST:    64 ON 19    GRTST 24HR  0.32 ON 11-12      TO 1/4 MILE OR LESS
LOWEST:      3 ON  4                               3 = THUNDER
                        SNOW, ICE PELLETS, HAIL    4 = ICE PELLETS
                        TOTAL MONTH:   0.0 INCH    5 = HAIL
                        GRTST 24HR     0.0         6 = FREEZING RAIN OR DRIZZLE
                        GRTST DEPTH:   0           7 = DUSTSTORM OR SANDSTORM:
                                                       VSBY 1/2 MILE OR LESS
                                                   8 = SMOKE OR HAZE
[NO. OF DAYS WITH]      [WEATHER - DAYS WITH]      9 = BLOWING SNOW
                                                   X = TORNADO
MAX 32 OR BELOW:   2    0.01 INCH OR MORE:   6
MAX 90 OR ABOVE:   0    0.10 INCH OR MORE:   2
MIN 32 OR BELOW:  23    0.50 INCH OR MORE:   0
MIN  0 OR BELOW:   0    1.00 INCH OR MORE:   0

[HDD (BASE 65) ]
TOTAL THIS MO.   787    CLEAR  (SCALE 0-3)  17
DPTR FM NORMAL    11    PTCLDY (SCALE 4-7)   5
TOTAL FM JUL 1  2488    CLOUDY (SCALE 8-10)  4
DPTR FM NORMAL  -263

[CDD (BASE 65) ]
TOTAL THIS MO.     0
DPTR FM NORMAL     0    [PRESSURE DATA]
TOTAL FM JAN 1     0    HIGHEST SLP M ON M
DPTR FM NORMAL     0    LOWEST  SLP 29.83 ON  1

[REMARKS]
