000
CXUS54 KSJT 221210
CF6SJT
PRELIMINARY LOCAL CLIMATOLOGICAL DATA (WS FORM: F-6)

                                          STATION:   SAN ANGELO
                                          MONTH:     MAY
                                          YEAR:      2017
                                          LATITUDE:   31 21 N
                                          LONGITUDE: 100 30 W

  TEMPERATURE IN F:       :PCPN:    SNOW:  WIND      :SUNSHINE: SKY     :PK WND
================================================================================
1   2   3   4   5  6A  6B    7    8   9   10  11  12  13   14  15   16   17  18
                                     12Z  AVG MX 2MIN
DY MAX MIN AVG DEP HDD CDD  WTR  SNW DPTH SPD SPD DIR MIN PSBL S-S WX    SPD DR
================================================================================

 1  92  50  71   1   0   6 0.00  0.0    0 13.2 28 240   M    M   0        34 240
 2  94  49  72   1   0   7 0.00  0.0    0 10.8 23 170   M    M   0        30 160
 3  84  62  73   2   0   8 0.00  0.0    0 14.5 26  30   M    M   2        38  30
 4  79  47  63  -8   2   0 0.00  0.0    0 10.1 26  20   M    M   0        30  20
 5  85  41  63  -9   2   0 0.00  0.0    0  5.2 13  40   M    M   0        16  60
 6  93  47  70  -2   0   5 0.00  0.0    0  8.0 17 190   M    M   0        23 150
 7  91  60  76   4   0  11 0.00  0.0    0 10.0 22 150   M    M   0        32 140
 8  73  62  68  -4   0   3 0.00  0.0    0 11.5 21 130   M    M   8        26 130
 9  79  67  73   0   0   8 0.01  0.0    0 10.8 20 130   M    M   8 18     26 140
10  94  71  83  10   0  18    T  0.0    0 11.7 22 180   M    M   4 3      28 160
11  88  60  74   1   0   9 0.47  0.0    0  7.8 28 250   M    M   2 38     34 260
12  84  54  69  -5   0   4 0.00  0.0    0  9.5 21 360   M    M   0        25 360
13  91  47  69  -5   0   4 0.00  0.0    0  4.4 17  80   M    M   0        22  80
14  97  60  79   5   0  14 0.00  0.0    0  9.1 18 180   M    M   0        26 130
15  97  65  81   7   0  16 0.00  0.0    0 11.2 22 140   M    M   0        28 140
16  93  62  78   3   0  13 0.12  0.0    0 17.2 33 290   M    M   4 3      50 290
17  90  56  73  -2   0   8 0.32  0.0    0  8.9 25 240   M    M   0 3      34 240
18  97  70  84   9   0  19    T  0.0    0 12.5 23 200   M    M   3 8      35 200
19  91  62  77   2   0  12 0.68  0.0    0 10.2 41 270   M    M   6 38     48 280
20  79  62  71  -5   0   6 0.00  0.0    0 10.9 21  30   M    M   8 3      27  40
21  72  57  65 -11   0   0 0.31  0.0    0 10.1 21  70   M    M   9 13     29  60
================================================================================
SM 1843 1211         4 171  1.91     0.0 217.6          M       54
================================================================================
AV 87.8 57.7                              10.4 FASTST   M    M   3    MAX(MPH)
                                 MISC ---->  # 41 270               # 50  290
================================================================================
NOTES:
# LAST OF SEVERAL OCCURRENCES

COLUMN 17 PEAK WIND IN M.P.H.

PRELIMINARY LOCAL CLIMATOLOGICAL DATA (WS FORM: F-6) , PAGE 2

                                          STATION:  SAN ANGELO
                                          MONTH:    MAY
                                          YEAR:     2017
                                          LATITUDE:   31 21 N
                                          LONGITUDE: 100 30 W

[TEMPERATURE DATA]      [PRECIPITATION DATA]       SYMBOLS USED IN COLUMN 16

AVERAGE MONTHLY: 72.7   TOTAL FOR MONTH:   1.91    1 = FOG OR MIST
DPTR FM NORMAL:  -0.5   DPTR FM NORMAL:    0.20    2 = FOG REDUCING VISIBILITY
HIGHEST:    97 ON 18,15 GRTST 24HR  0.68 ON 19-19      TO 1/4 MILE OR LESS
LOWEST:     41 ON  5                               3 = THUNDER
                        SNOW, ICE PELLETS, HAIL    4 = ICE PELLETS
                        TOTAL MONTH:   0.0 INCH    5 = HAIL
                        GRTST 24HR     0.0         6 = FREEZING RAIN OR DRIZZLE
                        GRTST DEPTH:   0           7 = DUSTSTORM OR SANDSTORM:
                                                       VSBY 1/2 MILE OR LESS
                                                   8 = SMOKE OR HAZE
[NO. OF DAYS WITH]      [WEATHER - DAYS WITH]      9 = BLOWING SNOW
                                                   X = TORNADO
MAX 32 OR BELOW:   0    0.01 INCH OR MORE:   6
MAX 90 OR ABOVE:  12    0.10 INCH OR MORE:   5
MIN 32 OR BELOW:   0    0.50 INCH OR MORE:   1
MIN  0 OR BELOW:   0    1.00 INCH OR MORE:   0

[HDD (BASE 65) ]
TOTAL THIS MO.     4    CLEAR  (SCALE 0-3)  14
DPTR FM NORMAL    -4    PTCLDY (SCALE 4-7)   6
TOTAL FM JUL 1  1502    CLOUDY (SCALE 8-10)  1
DPTR FM NORMAL  -812

[CDD (BASE 65) ]
TOTAL THIS MO.   171
DPTR FM NORMAL   -12    [PRESSURE DATA]
TOTAL FM JAN 1   472    HIGHEST SLP M ON M
DPTR FM NORMAL   133    LOWEST  SLP 29.48 ON 16

[REMARKS]
