000
CXUS56 KPQR 301230
CF6SLE
PRELIMINARY LOCAL CLIMATOLOGICAL DATA (WS FORM: F-6)

                                          STATION:   SALEM OR
                                          MONTH:     OCTOBER
                                          YEAR:      2014
                                          LATITUDE:   44 55 N
                                          LONGITUDE: 123  0 W

  TEMPERATURE IN F:       :PCPN:    SNOW:  WIND      :SUNSHINE: SKY     :PK WND
================================================================================
1   2   3   4   5  6A  6B    7    8   9   10  11  12  13   14  15   16   17  18
                                     12Z  AVG MX 2MIN
DY MAX MIN AVG DEP HDD CDD  WTR  SNW DPTH SPD SPD DIR MIN PSBL S-S WX    SPD DR
================================================================================

 1  69  47  58   0   7   0 0.00  0.0    0  3.9 15 350   M    M   3 1      20  20
 2  73  43  58   0   7   0 0.00  0.0    0  4.5 13 360   M    M   0        17 350
 3  80  45  63   6   2   0 0.00  0.0    0  1.9 10  10   M    M   0        13  20
 4  84  47  66   9   0   1 0.00  0.0    0  1.3  8  40   M    M   0        12  10
 5  86  50  68  11   0   3 0.00  0.0    0  3.8 12  10   M    M   0        16  20
 6  87  54  71  15   0   6 0.00  0.0    0  3.5 13 360   M    M   0        18 350
 7  84  54  69  13   0   4 0.00  0.0    0  1.6  8  20   M    M   0 1      12  60
 8  79  50  65   9   0   0 0.00  0.0    0  1.8  9 360   M    M   0 1      12  10
 9  77  48  63   8   2   0 0.00  0.0    0  1.6  8 360   M    M   1 1      10  20
10  73  47  60   5   5   0 0.00  0.0    0  2.9  9 180   M    M   4 18     12 180
11  73  51  62   7   3   0 0.06  0.0    0  7.9 20 280   M    M   6 1      26 290
12  69  48  59   5   6   0 0.00  0.0    0  4.1 13  20   M    M   1        15  10
13  75  43  59   5   6   0 0.18    M    0  7.6 21 190   M    M   3 1      26 200
14  59  53  56   2   9   0 0.25  0.0    0  6.9 16 160   M    M   7 1      20 160
15  61  50  56   3   9   0 0.49  0.0    0 13.8 26 180   M    M   7 1      36 190
16  71  49  60   7   5   0    T    M    0  3.8 10 160   M    M   1        13 160
17  62  54  58   5   7   0 0.48  0.0    0  3.2 13 160   M    M   9 1      15 170
18  75  54  65  13   0   0 0.01  0.0    0  6.5 15 160   M    M   6 1      20 170
19  75  53  64  12   1   0 0.01  0.0    0  4.4 12 210   M    M   5 1      16 190
20  63  53  58   6   7   0 0.19  0.0    0  9.0 17 190   M    M   5 1      23 190
21  63  53  58   6   7   0 0.15  0.0    0 13.3 20 160   M    M   9 1      28 170
22  60  54  57   6   8   0 1.22  0.0    0 10.1 21 180   M    M   9 1      26 180
23  61  53  57   6   8   0 0.48  0.0    0  8.6 16 200   M    M   7 1      21 200
24  54  48  51   0  14   0 0.32    M    0  4.6  9 350   M    M   7 12     12 350
25  65  46  56   6   9   0 0.30    M    0 13.3 39 180   M    M   9 128    51 180
26  59  46  53   3  12   0 0.17    M    0  8.7 20 200   M    M   6        24 220
27  62  47  55   5  10   0    T    M    0  5.5 14 150   M    M   4        16 140
28  61  54  58   8   7   0 0.16  0.0    0 11.4 23 180   M    M   9 138    31 180
29  63  55  59  10   6   0 0.11  0.0    0  4.5 15 180   M    M   9 1      19 180
================================================================================
SM 2023 1449       157  14  4.58     0.0 174.0          M      127
================================================================================
AV 69.8 50.0                               6.0 FASTST   M    M   4    MAX(MPH)
                                 MISC ---->  # 39 180               # 51  180
================================================================================
NOTES:
# LAST OF SEVERAL OCCURRENCES

COLUMN 17 PEAK WIND IN M.P.H.

PRELIMINARY LOCAL CLIMATOLOGICAL DATA (WS FORM: F-6) , PAGE 2

                                          STATION:  SALEM OR
                                          MONTH:    OCTOBER
                                          YEAR:     2014
                                          LATITUDE:   44 55 N
                                          LONGITUDE: 123  0 W

[TEMPERATURE DATA]      [PRECIPITATION DATA]       SYMBOLS USED IN COLUMN 16

AVERAGE MONTHLY: 59.9   TOTAL FOR MONTH:   4.58    1 = FOG OR MIST
DPTR FM NORMAL:   6.4   DPTR FM NORMAL:    1.85    2 = FOG REDUCING VISIBILITY
HIGHEST:    87 ON  6    GRTST 24HR  1.50 ON 22-23      TO 1/4 MILE OR LESS
LOWEST:     43 ON 13, 2                            3 = THUNDER
                        SNOW, ICE PELLETS, HAIL    4 = ICE PELLETS
                        TOTAL MONTH:   0.0 INCH    5 = HAIL
                        GRTST 24HR     0.0         6 = FREEZING RAIN OR DRIZZLE
                        GRTST DEPTH:   0           7 = DUSTSTORM OR SANDSTORM:
                                                       VSBY 1/2 MILE OR LESS
                                                   8 = SMOKE OR HAZE
[NO. OF DAYS WITH]      [WEATHER - DAYS WITH]      9 = BLOWING SNOW
                                                   X = TORNADO
MAX 32 OR BELOW:   0    0.01 INCH OR MORE:  16
MAX 90 OR ABOVE:   0    0.10 INCH OR MORE:  13
MIN 32 OR BELOW:   0    0.50 INCH OR MORE:   1
MIN  0 OR BELOW:   0    1.00 INCH OR MORE:   1

[HDD (BASE 65) ]
TOTAL THIS MO.   157    CLEAR  (SCALE 0-3)  12
DPTR FM NORMAL  -178    PTCLDY (SCALE 4-7)  11
TOTAL FM JUL 1   189    CLOUDY (SCALE 8-10)  6
DPTR FM NORMAL  -311

[CDD (BASE 65) ]
TOTAL THIS MO.    14
DPTR FM NORMAL    14    [PRESSURE DATA]
TOTAL FM JAN 1   605    HIGHEST SLP M ON M
DPTR FM NORMAL   316    LOWEST  SLP 29.37 ON 25

[REMARKS]
