000
CXUS51 KBTV 280701
CF6SLK
PRELIMINARY LOCAL CLIMATOLOGICAL DATA (WS FORM: F-6)

                                          STATION:   SARANAC LAKE NY
                                          MONTH:     FEBRUARY
                                          YEAR:      2017
                                          LATITUDE:   44 23 N
                                          LONGITUDE:  74 12 W

  TEMPERATURE IN F:       :PCPN:    SNOW:  WIND      :SUNSHINE: SKY     :PK WND
================================================================================
1   2   3   4   5  6A  6B    7    8   9   10  11  12  13   14  15   16   17  18
                                     12Z  AVG MX 2MIN
DY MAX MIN AVG DEP HDD CDD  WTR  SNW DPTH SPD SPD DIR MIN PSBL S-S WX    SPD DR
================================================================================

 1  26  14  20   7  45   0 0.07    M    0  5.9 15 230   M    M  10 18     22 210
 2  23  16  20   7  45   0    T    M    0  9.5 17 240   M    M  10 8      24 240
 3  19   9  14   1  51   0 0.02    M    0  7.8 16 240   M    M   8 18     23 250
 4  22   8  15   2  50   0    T    M    0  8.4 25 230   M    M   9 18     36 230
 5  27  11  19   6  46   0 0.04    M    0 10.4 12 220   M    M  10 128    14 220
 6  18   6  12  -1  53   0 0.04    M    0  5.3 12 240   M    M   9 18     17 270
 7  37  13  25  11  40   0 0.22    M    0  8.7 22 160   M    M  10 168    28 140
 8  44  17  31  17  34   0 0.15    M    0 11.4 23 240   M    M   7 18     34 240
 9  17  -8   5  -9  60   0 0.03    M    0  5.6 13  10   M    M   7 18     18 350
10  10  -5   3 -11  62   0    T    M    0  6.5 16 290   M    M   6 18     27 270
11  25   6  16   2  49   0    T    M    0  2.7 10  50   M    M  10 18     12  50
12  27  12  20   6  45   0 0.36    M    0  6.3 13 170   M    M   8 12     19 160
13  26  14  20   6  45   0 0.01    M    0  5.3 13 300   M    M  10 1      20 320
14  31   5  18   4  47   0    T    M    0  2.7 12 230   M    M   8 1      14 210
15  33  18  26  11  39   0 0.08    M    0  3.1  9 310   M    M   9 12     14 300
16  23  16  20   5  45   0 0.01    M    0  6.1 13 270   M    M  10 18     19 290
17  25   4  15   0  50   0    T    M    0  5.3 14 220   M    M   5 18     19 230
18  51   9  30  15  35   0 0.00    M    0  8.6 24 210   M    M   2        29 240
19  46  32  39  23  26   0 0.00  0.0    0  8.1 16 220   M    M   8        28 300
20  34   7  21   5  44   0 0.00  0.0    0  5.2 16  30   M    M   4        21  30
21  45   4  25   9  40   0 0.00  0.0    0  5.0 17 220   M    M   2        22 240
22  56  31  44  28  21   0 0.00  0.0    0  5.0 12 240   M    M   6        20 240
23  58  33  46  30  19   0    T    M    0  8.6 26 220   M    M   7        34 200
24  47  31  39  22  26   0 0.07    M    0  2.5 10  60   M    M   8 12     12  50
25  61  30  46  29  19   0 1.26    M    0 10.4 25 160   M    M   7 13     34 170
26  30  18  24   7  41   0 0.01    M    0 10.0 20 270   M    M   6 1      31 240
27  39  21  30  12  35   0 0.00  0.0    0  9.0 20 260   M    M   7        28 220
================================================================================
SM  900  372      1112   0  2.37     0.0 183.4          M      203
================================================================================
AV 33.3 13.8                               6.8 FASTST   M    M   8    MAX(MPH)
                                 MISC ---->  # 26 220               # 36  230
================================================================================
NOTES:
# LAST OF SEVERAL OCCURRENCES

COLUMN 17 PEAK WIND IN M.P.H.

PRELIMINARY LOCAL CLIMATOLOGICAL DATA (WS FORM: F-6) , PAGE 2

                                          STATION:  SARANAC LAKE NY
                                          MONTH:    FEBRUARY
                                          YEAR:     2017
                                          LATITUDE:   44 23 N
                                          LONGITUDE:  74 12 W

[TEMPERATURE DATA]      [PRECIPITATION DATA]       SYMBOLS USED IN COLUMN 16

AVERAGE MONTHLY: 23.6   TOTAL FOR MONTH:   2.37    1 = FOG OR MIST
DPTR FM NORMAL:   8.8   DPTR FM NORMAL:    0.81    2 = FOG REDUCING VISIBILITY
HIGHEST:    61 ON 25    GRTST 24HR  1.27 ON 25-26      TO 1/4 MILE OR LESS
LOWEST:     -8 ON  9                               3 = THUNDER
                        SNOW, ICE PELLETS, HAIL    4 = ICE PELLETS
                        TOTAL MONTH:   0.0 INCH    5 = HAIL
                        GRTST 24HR     0.0         6 = FREEZING RAIN OR DRIZZLE
                        GRTST DEPTH:   0           7 = DUSTSTORM OR SANDSTORM:
                                                       VSBY 1/2 MILE OR LESS
                                                   8 = SMOKE OR HAZE
[NO. OF DAYS WITH]      [WEATHER - DAYS WITH]      9 = BLOWING SNOW
                                                   X = TORNADO
MAX 32 OR BELOW:  15    0.01 INCH OR MORE:  14
MAX 90 OR ABOVE:   0    0.10 INCH OR MORE:   4
MIN 32 OR BELOW:  26    0.50 INCH OR MORE:   1
MIN  0 OR BELOW:   2    1.00 INCH OR MORE:   1

[HDD (BASE 65) ]
TOTAL THIS MO.  1112    CLEAR  (SCALE 0-3)   2
DPTR FM NORMAL  -245    PTCLDY (SCALE 4-7)  12
TOTAL FM JUL 1  5665    CLOUDY (SCALE 8-10) 13
DPTR FM NORMAL  -994

[CDD (BASE 65) ]
TOTAL THIS MO.     0
DPTR FM NORMAL     0    [PRESSURE DATA]
TOTAL FM JAN 1     0    HIGHEST SLP M ON M
DPTR FM NORMAL     0    LOWEST  SLP 29.32 ON M

[REMARKS]
