000
CXUS53 KICT 180800
CF6SLN
PRELIMINARY LOCAL CLIMATOLOGICAL DATA (WS FORM: F-6)

                                          STATION:   SALINA KS
                                          MONTH:     AUGUST
                                          YEAR:      2017
                                          LATITUDE:   38 47 N
                                          LONGITUDE:  97 39 W

  TEMPERATURE IN F:       :PCPN:    SNOW:  WIND      :SUNSHINE: SKY     :PK WND
================================================================================
1   2   3   4   5  6A  6B    7    8   9   10  11  12  13   14  15   16   17  18
                                     12Z  AVG MX 2MIN
DY MAX MIN AVG DEP HDD CDD  WTR  SNW DPTH SPD SPD DIR MIN PSBL S-S WX    SPD DR
================================================================================

 1  87  59  73  -8   0   8 0.00    M    M  2.7 12  20   M    M   1 18     18  40
 2  93  65  79  -2   0  14 0.00    M    M  3.8 12  40   M    M   1        15  40
 3  83  66  75  -6   0  10    T    M    M 11.2 23  10   M    M   1 3      28  10
 4  84  59  72  -9   0   7 0.00    M    M  8.2 15 150   M    M   4        19 150
 5  90  66  78  -3   0  13    T    M    M 16.0 25 150   M    M   6 3      33 150
 6  78  67  73  -8   0   8 0.00    M    M  8.8 16  10   M    M  10 18     20 340
 7  83  64  74  -7   0   9 0.00    M    M  6.5 15  30   M    M   4 18     19  40
 8  86  57  72  -9   0   7 0.00    M    M  5.1 15 140   M    M   0 18     19 140
 9  76  66  71 -10   0   6 0.11    M    M  7.5 16 120   M    M   5 1      20 200
10  83  62  73  -8   0   8 0.01    M    M  4.8 13  40   M    M   5 128    17  20
11  87  65  76  -4   0  11 0.01    M    M  8.1 16  10   M    M   2        22 350
12  88  62  75  -5   0  10 0.00    M    M  6.3 16 160   M    M   3        20 140
13  88  63  76  -4   0  11 0.00    M    M  7.2 15 200   M    M   4        19 190
14  95  68  82   2   0  17 0.00    M    M  9.9 18 200   M    M   3 1      24 220
15  97  73  85   5   0  20 0.00    M    M 12.0 23 150   M    M   1        28 160
16  87  66  77  -3   0  12 0.55    M    M  9.1 36 300   M    M   3 13     46 300
17  92  62  77  -3   0  12 0.00    M    M  6.7 15 320   M    M   0        18 340
================================================================================
SM 1477 1090         0 183  0.68    M    133.9          M       53
================================================================================
AV 86.9 64.1                               7.9 FASTST   M    M   3    MAX(MPH)
                                 MISC ---->  # 36 300               # 46  300
================================================================================
NOTES:
# LAST OF SEVERAL OCCURRENCES

COLUMN 17 PEAK WIND IN M.P.H.

PRELIMINARY LOCAL CLIMATOLOGICAL DATA (WS FORM: F-6) , PAGE 2

                                          STATION:  SALINA KS
                                          MONTH:    AUGUST
                                          YEAR:     2017
                                          LATITUDE:   38 47 N
                                          LONGITUDE:  97 39 W

[TEMPERATURE DATA]      [PRECIPITATION DATA]       SYMBOLS USED IN COLUMN 16

AVERAGE MONTHLY: 75.5   TOTAL FOR MONTH:   0.68    1 = FOG OR MIST
DPTR FM NORMAL:  -5.1   DPTR FM NORMAL:   -1.57    2 = FOG REDUCING VISIBILITY
HIGHEST:    97 ON 15    GRTST 24HR  0.55 ON 16-16      TO 1/4 MILE OR LESS
LOWEST:     57 ON  8                               3 = THUNDER
                        SNOW, ICE PELLETS, HAIL    4 = ICE PELLETS
                        TOTAL MONTH:    M          5 = HAIL
                        GRTST 24HR    M  ON   M    6 = FREEZING RAIN OR DRIZZLE
                        GRTST DEPTH:  M  ON   M    7 = DUSTSTORM OR SANDSTORM:
                                                       VSBY 1/2 MILE OR LESS
                                                   8 = SMOKE OR HAZE
[NO. OF DAYS WITH]      [WEATHER - DAYS WITH]      9 = BLOWING SNOW
                                                   X = TORNADO
MAX 32 OR BELOW:   0    0.01 INCH OR MORE:   4
MAX 90 OR ABOVE:   5    0.10 INCH OR MORE:   2
MIN 32 OR BELOW:   0    0.50 INCH OR MORE:   1
MIN  0 OR BELOW:   0    1.00 INCH OR MORE:   0

[HDD (BASE 65) ]
TOTAL THIS MO.     0    CLEAR  (SCALE 0-3)   9
DPTR FM NORMAL     0    PTCLDY (SCALE 4-7)   7
TOTAL FM JUL 1     0    CLOUDY (SCALE 8-10)  1
DPTR FM NORMAL     0

[CDD (BASE 65) ]
TOTAL THIS MO.   183
DPTR FM NORMAL   -83    [PRESSURE DATA]
TOTAL FM JAN 1  1398    HIGHEST SLP M ON M
DPTR FM NORMAL   178    LOWEST  SLP 29.67 ON  5

[REMARKS]
