000
CXUS56 KMTR 291000
CF6SNS
PRELIMINARY LOCAL CLIMATOLOGICAL DATA (WS FORM: F-6)

                                          STATION:   SALINAS AIRPORT
                                          MONTH:     JANUARY
                                          YEAR:      2015
                                          LATITUDE:   36 40 N
                                          LONGITUDE: 121 36 W

  TEMPERATURE IN F:       :PCPN:    SNOW:  WIND      :SUNSHINE: SKY     :PK WND
================================================================================
1   2   3   4   5  6A  6B    7    8   9   10  11  12  13   14  15   16   17  18
                                     12Z  AVG MX 2MIN
DY MAX MIN AVG DEP HDD CDD  WTR  SNW DPTH SPD SPD DIR MIN PSBL S-S WX    SPD DR
================================================================================

 1  58  35  47  -4  18   0 0.00  0.0    0  8.6 22 110   M    M   0        24 110
 2  59  34  47  -4  18   0 0.00  0.0    0  6.2 14 110   M    M   0        16 110
 3  61  36  49  -2  16   0 0.00  0.0    0  6.5 18 110   M    M   0        22 100
 4  64  37  51   0  14   0 0.00  0.0    0  7.0 20 110   M    M   0        23 100
 5  73  46  60   9   5   0 0.00  0.0    0 10.4 22 100   M    M   0        24 100
 6  76  48  62  11   3   0 0.00  0.0    0  8.4 21  90   M    M   0        24 100
 7  77  50  64  13   1   0 0.00  0.0    0  7.7 26 110   M    M   0        30 110
 8  70  48  59   8   6   0 0.00  0.0    0  5.0 16 100   M    M   0        20 100
 9  66  49  58   7   7   0 0.00  0.0    0  2.9 10 320   M    M   1 18     14 250
10  70  48  59   8   6   0 0.00  0.0    0  3.2 14 280   M    M   2 18     23  40
11  64  47  56   5   9   0 0.00  0.0    0  4.9 14 260   M    M   5 128    30 330
12  66  45  56   5   9   0 0.00  0.0    M  3.2 13 270   M    M   3 128    16 270
13  69  43  56   5   9   0 0.00  0.0    0  3.7 12 100   M    M   2 128    13 120
14  68  47  58   7   7   0 0.00  0.0    0  8.9 22 110   M    M   0 8      25 110
15  72  44  58   7   7   0 0.00  0.0    0  6.2 18 110   M    M   0        21 110
16  70  45  58   7   7   0 0.00  0.0    0  4.9 13 110   M    M   1        14 270
17  72  47  60   9   5   0 0.00  0.0    0  5.4 16  90   M    M   1 128    20  90
18  71  49  60   9   5   0 0.00  0.0    0  3.9 14 260   M    M   1 128    15 260
19  70  47  59   8   6   0 0.00  0.0    0  4.7 17 250   M    M   0 18     21 250
20  65  44  55   3  10   0 0.00  0.0    0  3.3 12 230   M    M   4 12      M  M
21  68  40  54   2  11   0 0.01  0.0    0  5.3 15 110   M    M   1 18     17 110
22  69  44  57   5   8   0 0.00  0.0    0  7.6 22  90   M    M   0        29 100
23  74  41  58   6   7   0 0.00  0.0    0  4.6 15 110   M    M   0        17 110
24  76  45  61   9   4   0 0.00  0.0    0  9.0 21 110   M    M   0        25 110
25  83  49  66  14   0   1 0.00  0.0    0 10.1 24 100   M    M   0        29 100
26  72  51  62  10   3   0 0.00  0.0    0  7.9 20 110   M    M   0        24 100
27  70  50  60   8   5   0 0.00  0.0    0 10.3 24 130   M    M   8        30 130
28  73  45  59   7   6   0 0.00  0.0    0  2.6 12 340   M    M   0        15 340
================================================================================
SM 1946 1254       212   1  0.01     0.0 172.4          M       29
================================================================================
AV 69.5 44.8                               6.2 FASTST   M    M   1    MAX(MPH)
                                 MISC ---->  # 26 110               # 30  110
================================================================================
NOTES:
# LAST OF SEVERAL OCCURRENCES

COLUMN 17 PEAK WIND IN M.P.H.

PRELIMINARY LOCAL CLIMATOLOGICAL DATA (WS FORM: F-6) , PAGE 2

                                          STATION:  SALINAS AIRPORT
                                          MONTH:    JANUARY
                                          YEAR:     2015
                                          LATITUDE:   36 40 N
                                          LONGITUDE: 121 36 W

[TEMPERATURE DATA]      [PRECIPITATION DATA]       SYMBOLS USED IN COLUMN 16

AVERAGE MONTHLY: 57.1   TOTAL FOR MONTH:   0.01    1 = FOG OR MIST
DPTR FM NORMAL:   5.8   DPTR FM NORMAL:   -2.32    2 = FOG REDUCING VISIBILITY
HIGHEST:    83 ON 25    GRTST 24HR  0.01 ON 21-21      TO 1/4 MILE OR LESS
LOWEST:     34 ON  2                               3 = THUNDER
                        SNOW, ICE PELLETS, HAIL    4 = ICE PELLETS
                        TOTAL MONTH:   0.0 INCH    5 = HAIL
                        GRTST 24HR     0.0         6 = FREEZING RAIN OR DRIZZLE
                        GRTST DEPTH:   0           7 = DUSTSTORM OR SANDSTORM:
                                                       VSBY 1/2 MILE OR LESS
                                                   8 = SMOKE OR HAZE
[NO. OF DAYS WITH]      [WEATHER - DAYS WITH]      9 = BLOWING SNOW
                                                   X = TORNADO
MAX 32 OR BELOW:   0    0.01 INCH OR MORE:   1
MAX 90 OR ABOVE:   0    0.10 INCH OR MORE:   0
MIN 32 OR BELOW:   0    0.50 INCH OR MORE:   0
MIN  0 OR BELOW:   0    1.00 INCH OR MORE:   0

[HDD (BASE 65) ]
TOTAL THIS MO.   212    CLEAR  (SCALE 0-3)  25
DPTR FM NORMAL  -172    PTCLDY (SCALE 4-7)   3
TOTAL FM JUL 1   682    CLOUDY (SCALE 8-10)  0
DPTR FM NORMAL  -755

[CDD (BASE 65) ]
TOTAL THIS MO.     1
DPTR FM NORMAL     1    [PRESSURE DATA]
TOTAL FM JAN 1     1    HIGHEST SLP M ON M
DPTR FM NORMAL     1    LOWEST  SLP 29.95 ON M

[REMARKS]
