000
CXUS55 KPIH 011200
CF6SNT

PRELIMINARY LOCAL CLIMATOLOGICAL DATA (WS FORM: F-6)

                                          STATION:   STANLEY_ID
                                          MONTH:     SEPTEMBER
                                          YEAR:      2014
                                          LATITUDE:   44 10 N
                                          LONGITUDE: 114 56 W

  TEMPERATURE IN F:       :PCPN:    SNOW:  WIND      :SUNSHINE: SKY     :PK WND
================================================================================
1   2   3   4   5  6A  6B    7    8   9   10  11  12  13   14  15   16   17  18
                                     12Z  AVG MX 2MIN
DY MAX MIN AVG DEP HDD CDD  WTR  SNW DPTH SPD SPD DIR MIN PSBL S-S WX    SPD DR
================================================================================

 1  69  27  48  -4  17   0 0.00    M    M  4.7 13 340   M    M   0        20  10
 2  74  26  50  -1  15   0 0.00    M    M  3.6 14 180   M    M   0        20 180
 3  61  30  46  -5  19   0 0.00    M    M  5.2 17 310   M    M   0        28 320
 4  67  22  45  -6  20   0 0.00    M    M  4.2 10 360   M    M   0        15 360
 5  72  22  47  -3  18   0 0.00    M    M  3.1 10  10   M    M   0        14  20
 6  77  23  50   0  15   0 0.00    M    M  4.0 14 320   M    M   0        22 320
 7  80  26  53   3  12   0 0.00    M    M  4.1 22 240   M    M   0        33 240
 8  80  27  54   4  11   0 0.00    M    M  4.0 15 180   M    M   0        21 250
 9  71  30  51   2  14   0 0.00    M    M  4.2 14 320   M    M   0        20 320
10  66  24  45  -4  20   0 0.00    M    M  4.3 16 270   M    M   0        22 280
11  60  21  41  -8  24   0 0.00    M    M  3.9 14 350   M    M   0        19 340
12  71  17  44  -4  21   0 0.00    M    M  3.4 13 220   M    M   0        17 210
13  75  22  49   1  16   0 0.00    M    M  4.2 16 340   M    M   0        25 320
14  77  25  51   3  14   0 0.00    M    M  3.8 15 300   M    M   0        22 330
15  79  27  53   5  12   0 0.00    M    M  2.9 18 230   M    M   0        30 220
16  80  43  62  14   3   0 0.01    M    M  3.8 15 340   M    M   0        21 340
17  80  36  58  11   7   0 0.00    M    M  2.8 10 350   M    M   0        14 340
18  72  41  57  10   8   0 0.00    M    M  3.9 14 200   M    M   0        23 330
19  74  30  52   5  13   0 0.00    M    M  4.5 14 340   M    M   0        19 330
20  81  30  56  10   9   0 0.00    M    M  3.1 10 340   M    M   0        15 350
21  74  34  54   8  11   0 0.00    M    M  3.6 13 150   M    M   0        20 130
22  66  42  54   8  11   0 0.07    M    M  2.9 10 180   M    M   0        15 180
23  75  36  56  10   9   0 0.00    M    M  4.2 14 160   M    M   0        19 150
24  81  37  59  14   6   0 0.00    M    M  5.7 22 190   M    M   0        34 210
25  79  41  60  15   5   0 0.09    M    M  8.7 21 150   M    M   0        31 150
26  65  43  54   9  11   0 0.02    M    M  2.8  9 320   M    M   0        13 340
27  62  45  54   9  11   0 0.08    M    M  3.2 16  90   M    M   0        21  80
28  56  41  49   5  16   0 0.70    M    M  3.5 15 130   M    M   0        22 140
29  54  36  45   1  20   0 0.10    M    M  2.9 12 130   M    M   0        17 130
30  51  31  41  -3  24   0 0.13    M    M  3.8 16 310   M    M   0        24 320
================================================================================
SM 2129  935       412   0  1.20    M    119.0          M        0
================================================================================
AV 71.0 31.2                               4.0 FASTST   M    M   0    MAX(MPH)
                                 MISC ---->  # 22 240               # 34  210
================================================================================
NOTES:
# LAST OF SEVERAL OCCURRENCES

COLUMN 17 PEAK WIND IN M.P.H.

PRELIMINARY LOCAL CLIMATOLOGICAL DATA (WS FORM: F-6) , PAGE 2

                                          STATION:  STANLEY_ID
                                          MONTH:    SEPTEMBER
                                          YEAR:     2014
                                          LATITUDE:   44 10 N
                                          LONGITUDE: 114 56 W

[TEMPERATURE DATA]      [PRECIPITATION DATA]       SYMBOLS USED IN COLUMN 16

AVERAGE MONTHLY: 51.1   TOTAL FOR MONTH:   1.20    1 = FOG OR MIST
DPTR FM NORMAL:   3.5   DPTR FM NORMAL:    0.28    2 = FOG REDUCING VISIBILITY
HIGHEST:    81 ON 24,20 GRTST 24HR  0.73 ON 28-29      TO 1/4 MILE OR LESS
LOWEST:     17 ON 12                               3 = THUNDER
                        SNOW, ICE PELLETS, HAIL    4 = ICE PELLETS
                        TOTAL MONTH:    M          5 = HAIL
                        GRTST 24HR    M  ON   M    6 = FREEZING RAIN OR DRIZZLE
                        GRTST DEPTH:  M  ON   M    7 = DUSTSTORM OR SANDSTORM:
                                                       VSBY 1/2 MILE OR LESS
                                                   8 = SMOKE OR HAZE
[NO. OF DAYS WITH]      [WEATHER - DAYS WITH]      9 = BLOWING SNOW
                                                   X = TORNADO
MAX 32 OR BELOW:   0    0.01 INCH OR MORE:   8
MAX 90 OR ABOVE:   0    0.10 INCH OR MORE:   3
MIN 32 OR BELOW:  18    0.50 INCH OR MORE:   1
MIN  0 OR BELOW:   0    1.00 INCH OR MORE:   0

[HDD (BASE 65) ]
TOTAL THIS MO.   412    CLEAR  (SCALE 0-3)  30
DPTR FM NORMAL  -109    PTCLDY (SCALE 4-7)   0
TOTAL FM JUL 1   751    CLOUDY (SCALE 8-10)  0
DPTR FM NORMAL  -290

[CDD (BASE 65) ]
TOTAL THIS MO.     0
DPTR FM NORMAL     0    [PRESSURE DATA]
TOTAL FM JAN 1    16    HIGHEST SLP 30.35 ON 12
DPTR FM NORMAL    13    LOWEST  SLP 29.57 ON  3

[REMARKS]
