000
CXUS54 KOUN 250700
CF6SPS
PRELIMINARY LOCAL CLIMATOLOGICAL DATA (WS FORM: F-6)

                                          STATION:   WICHITA FALLS
                                          MONTH:     SEPTEMBER
                                          YEAR:      2016
                                          LATITUDE:   33 58 N
                                          LONGITUDE:  98 29 W

  TEMPERATURE IN F:       :PCPN:    SNOW:  WIND      :SUNSHINE: SKY     :PK WND
================================================================================
1   2   3   4   5  6A  6B    7    8   9   10  11  12  13   14  15   16   17  18
                                     12Z  AVG MX 2MIN
DY MAX MIN AVG DEP HDD CDD  WTR  SNW DPTH SPD SPD DIR MIN PSBL S-S WX    SPD DR
================================================================================

 1  91  70  81   0   0  16    T  0.0    0  9.1 23  40   M    M   5        27  10
 2  88  70  79  -2   0  14 0.00  0.0    0  6.0 15  90   M    M   7        18  80
 3  93  68  81   1   0  16 0.00  0.0    0  9.9 21 140   M    M   3        25 120
 4  94  68  81   1   0  16 0.00  0.0    0 12.8 23 170   M    M   1        34 150
 5  97  73  85   5   0  20 0.00  0.0    0 15.6 26 170   M    M   0        34 190
 6  97  72  85   6   0  20 0.00  0.0    0 16.0 25 150   M    M   3        32 180
 7  97  75  86   7   0  21 0.00  0.0    0 15.4 25 190   M    M   3        34 190
 8  98  78  88   9   0  23 0.00  0.0    0 14.9 21 150   M    M   2        27 130
 9 100  77  89  11   0  24 0.00  0.0    0 15.0 25 170   M    M   3 3      31 170
10  84  65  75  -3   0  10 1.01  0.0    0 11.9 45  30   M    M   3 13     54  30
11  87  59  73  -5   0   8 0.00  0.0    0  7.7 17 200   M    M   0        22 170
12  94  62  78   1   0  13 0.00  0.0    0 12.4 23 200   M    M   2        29 200
13  93  70  82   5   0  17 0.01  0.0    0 10.2 20 140   M    M   4        25 180
14  84  70  77   1   0  12 0.14  0.0    0  7.7 15  40   M    M   5 3      18  40
15  90  68  79   3   0  14 1.80  0.0    0  4.8 23 270   M    M   4 13     33 270
16  88  67  78   2   0  13 0.70  0.0    0  6.7 30 280   M    M   3 13     38 280
17  91  68  80   5   0  15 0.00  0.0    0  4.3 13  60   M    M   2 8      20 310
18  91  63  77   2   0  12 0.55  0.0    0  8.4 48 350   M    M   1 13     57 350
19  96  73  85  11   0  20 0.00  0.0    0  3.9 14 140   M    M   0        22 140
20  96  72  84  10   0  19 0.00  0.0    0  8.4 15 150   M    M   1        20 120
21  93  71  82   8   0  17 0.00  0.0    0  8.0 15 130   M    M   3 1      17 140
22  91  66  79   6   0  14 0.00  0.0    0  8.3 18 180   M    M   1        22 210
23  90  68  79   6   0  14 0.00  0.0    0 12.0 23 150   M    M   2        28 140
24  90  69  80   8   0  15 5.43  0.0    0 13.9 36 270   M    M   4 13     47 280
================================================================================
SM 2213 1662         0 383  9.64     0.0 243.3          M       62
================================================================================
AV 92.2 69.2                              10.1 FASTST   M    M   3    MAX(MPH)
                                 MISC ---->  # 48 350               # 57  350
================================================================================
NOTES:
# LAST OF SEVERAL OCCURRENCES

COLUMN 17 PEAK WIND IN M.P.H.

PRELIMINARY LOCAL CLIMATOLOGICAL DATA (WS FORM: F-6) , PAGE 2

                                          STATION:  WICHITA FALLS
                                          MONTH:    SEPTEMBER
                                          YEAR:     2016
                                          LATITUDE:   33 58 N
                                          LONGITUDE:  98 29 W

[TEMPERATURE DATA]      [PRECIPITATION DATA]       SYMBOLS USED IN COLUMN 16

AVERAGE MONTHLY: 80.7   TOTAL FOR MONTH:   9.64    1 = FOG OR MIST
DPTR FM NORMAL:   3.9   DPTR FM NORMAL:    7.32    2 = FOG REDUCING VISIBILITY
HIGHEST:   100 ON  9    GRTST 24HR  5.43 ON 24-24      TO 1/4 MILE OR LESS
LOWEST:     59 ON 11                               3 = THUNDER
                        SNOW, ICE PELLETS, HAIL    4 = ICE PELLETS
                        TOTAL MONTH:   0.0 INCH    5 = HAIL
                        GRTST 24HR     0.0         6 = FREEZING RAIN OR DRIZZLE
                        GRTST DEPTH:   0           7 = DUSTSTORM OR SANDSTORM:
                                                       VSBY 1/2 MILE OR LESS
                                                   8 = SMOKE OR HAZE
[NO. OF DAYS WITH]      [WEATHER - DAYS WITH]      9 = BLOWING SNOW
                                                   X = TORNADO
MAX 32 OR BELOW:   0    0.01 INCH OR MORE:   7
MAX 90 OR ABOVE:  19    0.10 INCH OR MORE:   6
MIN 32 OR BELOW:   0    0.50 INCH OR MORE:   5
MIN  0 OR BELOW:   0    1.00 INCH OR MORE:   3

[HDD (BASE 65) ]
TOTAL THIS MO.     0    CLEAR  (SCALE 0-3)  16
DPTR FM NORMAL    -6    PTCLDY (SCALE 4-7)   8
TOTAL FM JUL 1     0    CLOUDY (SCALE 8-10)  0
DPTR FM NORMAL    -6

[CDD (BASE 65) ]
TOTAL THIS MO.   383
DPTR FM NORMAL    91    [PRESSURE DATA]
TOTAL FM JAN 1  2319    HIGHEST SLP M ON M
DPTR FM NORMAL    82    LOWEST  SLP 29.77 ON  8

[REMARKS]
