000
CXUS54 KLZK 251130
CF6SRC
PRELIMINARY LOCAL CLIMATOLOGICAL DATA (WS FORM: F-6)

                                          STATION:   Searcy Airport
                                          MONTH:     MAY
                                          YEAR:      2016
                                          LATITUDE:   35 12 N
                                          LONGITUDE:  91 44 W

  TEMPERATURE IN F:       :PCPN:    SNOW:  WIND      :SUNSHINE: SKY     :PK WND
================================================================================
1   2   3   4   5  6A  6B    7    8   9   10  11  12  13   14  15   16   17  18
                                     12Z  AVG MX 2MIN
DY MAX MIN AVG DEP HDD CDD  WTR  SNW DPTH SPD SPD DIR MIN PSBL S-S WX    SPD DR
================================================================================

 1  82  61  72   7   0   7    M    M    M  3.8  8 350   M    M   1 1       M  M
 2   M   M   M   M   M   M    M    M    M  6.0 12  20   M    M   7 3       M  M
 3  70  50  60  -6   5   0    M    M    M  5.1  9 350   M    M   7         M  M
 4  79  45  62  -4   3   0    M    M    M  6.6 17 330   M    M   1        20 250
 5  75  48  62  -4   3   0    M    M    M  7.3 14 360   M    M   0        18 330
 6  79  46  63  -4   2   0    M    M    M  2.0  6  99   M    M   0         M  M
 7  84  50  67   0   0   2    M    M    M  2.9  9 210   M    M   0         M  M
 8  81  54  68   1   0   3    M    M    M  6.4 14 190   M    M   1         M  M
 9   M   M   M   M   M   M    M    M    M 11.6 20 170   M    M   8 3      18 210
10  84  61  73   5   0   8    M    M    M  5.8 13 200   M    M   6 1       M  M
11  88  70  79  11   0  14    M    M    M  8.4 17 160   M    M   3 1      20 190
12  79  57  68   0   0   3    M    M    M  4.4 12 330   M    M   3 13      M  M
13  81  50  66  -3   0   1    M    M    M  2.7  7 200   M    M   0         M  M
14  70  55  63  -6   2   0    M    M    M  7.3 17 360   M    M   1        23 360
15  72  54  63  -6   2   0    M    M    M  6.7 12  60   M    M   4         M  M
16  64  55  60 -10   5   0    M    M    M  6.8 10 110   M    M  10         M  M
17  79  55  67  -3   0   2    M    M    M  8.2 18  10   M    M   8         M  M
18  66  54  60 -10   5   0    M    M    M 10.0 15  20   M    M   8         M  M
19  75  52  64  -7   1   0    M    M    M  8.0 17  60   M    M   3         M  M
20  73  55  64  -7   1   0    M    M    M  6.0 10 360   M    M   9         M  M
21  79  57  68  -3   0   3    M    M    M  4.3  9 350   M    M   4         M  M
22  84  55  70  -2   0   5    M    M    M  2.5  8  70   M    M   1         M  M
23  84  52  68  -4   0   3    M    M    M  3.8 12 170   M    M   1         M  M
24   M   M   M   M   M   M    M    M    M  5.2 14  10   M    M   6 13     29  10
================================================================================
SM 1628 1136        29  51    M     M    141.8          M       92
================================================================================
AV 77.5 54.1                               5.9 FASTST   M    M   4    MAX(MPH)
                                 MISC ---->    20   M                 29    M
================================================================================
NOTES:
# LAST OF SEVERAL OCCURRENCES

COLUMN 17 PEAK WIND IN M.P.H.

PRELIMINARY LOCAL CLIMATOLOGICAL DATA (WS FORM: F-6) , PAGE 2

                                          STATION:  Searcy Airport
                                          MONTH:    MAY
                                          YEAR:     2016
                                          LATITUDE:   35 12 N
                                          LONGITUDE:  91 44 W

[TEMPERATURE DATA]      [PRECIPITATION DATA]       SYMBOLS USED IN COLUMN 16

AVERAGE MONTHLY: 65.8   TOTAL FOR MONTH:      M    1 = FOG OR MIST
DPTR FM NORMAL:  -2.8   DPTR FM NORMAL:       M    2 = FOG REDUCING VISIBILITY
HIGHEST:    88 ON 11    GRTST 24HR    M  ON   M        TO 1/4 MILE OR LESS
LOWEST:     45 ON  4                               3 = THUNDER
                        SNOW, ICE PELLETS, HAIL    4 = ICE PELLETS
                        TOTAL MONTH:    M          5 = HAIL
                        GRTST 24HR    M  ON   M    6 = FREEZING RAIN OR DRIZZLE
                        GRTST DEPTH:  M  ON   M    7 = DUSTSTORM OR SANDSTORM:
                                                       VSBY 1/2 MILE OR LESS
                                                   8 = SMOKE OR HAZE
[NO. OF DAYS WITH]      [WEATHER - DAYS WITH]      9 = BLOWING SNOW
                                                   X = TORNADO
MAX 32 OR BELOW:   0    0.01 INCH OR MORE:   0
MAX 90 OR ABOVE:   0    0.10 INCH OR MORE:   0
MIN 32 OR BELOW:   0    0.50 INCH OR MORE:   0
MIN  0 OR BELOW:   0    1.00 INCH OR MORE:   0

[HDD (BASE 65) ]
TOTAL THIS MO.    29    CLEAR  (SCALE 0-3)  12
DPTR FM NORMAL    -3    PTCLDY (SCALE 4-7)   9
TOTAL FM JUL 1  2577    CLOUDY (SCALE 8-10)  3
DPTR FM NORMAL  -953

[CDD (BASE 65) ]
TOTAL THIS MO.    51
DPTR FM NORMAL   -68    [PRESSURE DATA]
TOTAL FM JAN 1   102    HIGHEST SLP M ON M
DPTR FM NORMAL   -69    LOWEST  SLP M ON M

[REMARKS]
