000
CXUS54 KLZK 281430
CF6SRC
PRELIMINARY LOCAL CLIMATOLOGICAL DATA (WS FORM: F-6)

                                          STATION:   Searcy Airport
                                          MONTH:     FEBRUARY
                                          YEAR:      2015
                                          LATITUDE:   35 12 N
                                          LONGITUDE:  91 44 W

  TEMPERATURE IN F:       :PCPN:    SNOW:  WIND      :SUNSHINE: SKY     :PK WND
================================================================================
1   2   3   4   5  6A  6B    7    8   9   10  11  12  13   14  15   16   17  18
                                     12Z  AVG MX 2MIN
DY MAX MIN AVG DEP HDD CDD  WTR  SNW DPTH SPD SPD DIR MIN PSBL S-S WX    SPD DR
================================================================================

 1  54  34  44   5  21   0 0.80    M    0  9.3 17 310   M    M   9 1      25 260
 2  39  25  32  -7  33   0 0.00  0.0    0  6.6 15 330   M    M   4        25 310
 3  50  20  35  -4  30   0 0.00  0.0    0  4.9 10 170   M    M   0         M  M
 4  53  27  40   0  25   0    T  0.0    0  4.7 15  10   M    M   7        25  10
 5  37  21  29 -11  36   0    T    M    0  8.7 17  10   M    M   1        21  10
 6  52  18  35  -5  30   0 0.00  0.0    0  5.8 15 180   M    M   1        21 170
 7  65  28  47   7  18   0 0.00  0.0    0  7.7 20 180   M    M   1        24 180
 8  68  46  57  17   8   0 0.00  0.0    0  7.3 13 220   M    M   5        20 210
 9  56  39  48   7  17   0 0.00  0.0    0  9.0 15 350   M    M   3        23 350
10  47  31  39  -2  26   0 0.00  0.0    0  8.2 13  40   M    M   3         M  M
11  61  27  44   3  21   0 0.00  0.0    0  5.0 16 360   M    M   0 1      35 360
12  42  29  36  -5  29   0 0.00  0.0    0 10.8 18  10   M    M   0        24 360
13  45  25  35  -7  30   0 0.00  0.0    0  4.9 10 190   M    M   1         M  M
14  71  22  47   5  18   0 0.00  0.0    0  7.7 22  60   M    M   0        31  60
15  32  21  27 -15  38   0 0.04    M    0 15.7 18  60   M    M   3        27  60
16  27  22  25 -17  40   0 0.27    M    0 10.2 15  40   M    M   7 1      20 350
17  38  13  26 -17  39   0 0.16    M    0  4.4  8 220   M    M   1 1      18 220
18  39  22  31 -12  34   0    T    M    0 10.2 16 330   M    M   1        23 290
19  26  13  20 -23  45   0 0.00  0.0    0  4.7  8 110   M    M   4         M  M
20  33  21  27 -17  38   0 0.22    T    0  7.4 10 120   M    M  10 146     M  M
21  41  32  37  -7  28   0 1.21    M    0  7.1 12  10   M    M   9 1       M  M
22  39  30  35  -9  30   0 0.03    M    0 13.0 18  20   M    M   9 1      27  30
23  30  23  27 -17  38   0 0.01    M    0 13.0 18  10   M    M   9        23  30
24  40  24  32 -13  33   0 0.04    M    0  3.5  9 210   M    M   7         M  M
25  36  24  30 -15  35   0 0.00  0.0    0  2.0  7 160   M    M   2 1       M  M
26  37  21  29 -17  36   0 0.00  0.0    0  7.8 15 360   M    M   4 1      24 340
27  28  17  23 -23  42   0 0.00  0.0    0 11.2 15  40   M    M   4        17  50
================================================================================
SM 1186  675       818   0  2.78    T    210.8          M      105
================================================================================
AV 43.9 25.0                               7.8 FASTST   M    M   4    MAX(MPH)
                                 MISC ---->    22   M               # 35  360
================================================================================
NOTES:
# LAST OF SEVERAL OCCURRENCES

COLUMN 17 PEAK WIND IN M.P.H.

PRELIMINARY LOCAL CLIMATOLOGICAL DATA (WS FORM: F-6) , PAGE 2

                                          STATION:  Searcy Airport
                                          MONTH:    FEBRUARY
                                          YEAR:     2015
                                          LATITUDE:   35 12 N
                                          LONGITUDE:  91 44 W

[TEMPERATURE DATA]      [PRECIPITATION DATA]       SYMBOLS USED IN COLUMN 16

AVERAGE MONTHLY: 34.5   TOTAL FOR MONTH:   2.78    1 = FOG OR MIST
DPTR FM NORMAL:  -7.6   DPTR FM NORMAL:   -0.74    2 = FOG REDUCING VISIBILITY
HIGHEST:    71 ON 14    GRTST 24HR  1.21 ON 21-21      TO 1/4 MILE OR LESS
LOWEST:     13 ON 19,17                            3 = THUNDER
                        SNOW, ICE PELLETS, HAIL    4 = ICE PELLETS
                        TOTAL MONTH:    T          5 = HAIL
                        GRTST 24HR    T  ON 20-20  6 = FREEZING RAIN OR DRIZZLE
                        GRTST DEPTH:   0           7 = DUSTSTORM OR SANDSTORM:
                                                       VSBY 1/2 MILE OR LESS
                                                   8 = SMOKE OR HAZE
[NO. OF DAYS WITH]      [WEATHER - DAYS WITH]      9 = BLOWING SNOW
                                                   X = TORNADO
MAX 32 OR BELOW:   5    0.01 INCH OR MORE:   9
MAX 90 OR ABOVE:   0    0.10 INCH OR MORE:   5
MIN 32 OR BELOW:  24    0.50 INCH OR MORE:   2
MIN  0 OR BELOW:   0    1.00 INCH OR MORE:   1

[HDD (BASE 65) ]
TOTAL THIS MO.   818    CLEAR  (SCALE 0-3)  14
DPTR FM NORMAL   198    PTCLDY (SCALE 4-7)   8
TOTAL FM JUL 1  2986    CLOUDY (SCALE 8-10)  5
DPTR FM NORMAL   121

[CDD (BASE 65) ]
TOTAL THIS MO.     0
DPTR FM NORMAL     0    [PRESSURE DATA]
TOTAL FM JAN 1     0    HIGHEST SLP M ON M
DPTR FM NORMAL     0    LOWEST  SLP M ON M

[REMARKS]
