000
CXUS54 KEWX 190910
CF6SSF
PRELIMINARY LOCAL CLIMATOLOGICAL DATA (WS FORM: F-6)

                                          STATION:   SAN ANTONIO STINSON FIELD
                                          MONTH:     SEPTEMBER
                                          YEAR:      2017
                                          LATITUDE:   29 19 N
                                          LONGITUDE:  98 29 W

  TEMPERATURE IN F:       :PCPN:    SNOW:  WIND      :SUNSHINE: SKY     :PK WND
================================================================================
1   2   3   4   5  6A  6B    7    8   9   10  11  12  13   14  15   16   17  18
                                     12Z  AVG MX 2MIN
DY MAX MIN AVG DEP HDD CDD  WTR  SNW DPTH SPD SPD DIR MIN PSBL S-S WX    SPD DR
================================================================================

 1  95  70  83  -1   0  18 0.00    M    M  3.9 12  90   M    M   2 1      14 130
 2  94  70  82  -2   0  17 0.00    M    M  3.7 13 140   M    M   1 1      20 140
 3  92  69  81  -3   0  16 0.00    M    M  3.6 13 130   M    M   0        20 110
 4  93  70  82  -1   0  17 0.00    M    M  4.1 15 130   M    M   3 1      18 130
 5  94  73  84   1   0  19 0.00    M    M  2.2 13 120   M    M   2 1      15 120
 6  89  64  77  -6   0  12 0.00    M    M  9.6 21  30   M    M   2        30  20
 7  87  62  75  -7   0  10 0.00    M    M  5.8 15  40   M    M   0        19  20
 8  88  61  75  -7   0  10 0.00    M    M  5.8 14 130   M    M   0        20 100
 9  89  64  77  -5   0  12 0.00    M    M  6.7 15  90   M    M   0        20  60
10  89  66  78  -4   0  13 0.00    M    M  7.8 16  60   M    M   0        23  70
11  89  66  78  -3   0  13 0.00    M    M  6.3 16  10   M    M   1        22  40
12  96  60  78  -3   0  13 0.00    M    M  3.9 13  90   M    M   0        18 330
13  97  62  80  -1   0  15 0.00    M    M  4.6 13 140   M    M   0        16 140
14  99  74  87   7   0  22 0.00    M    M  9.0 20 120   M    M   2 1      23 120
15  96  73  85   5   0  20 0.00    M    M  7.2 14 110   M    M   4 1      19 160
16  96  75  86   6   0  21 0.00    M    M  5.5 14 120   M    M   3        17 190
17  96  73  85   6   0  20 0.00    M    M  5.1 15 120   M    M   5 1      17 100
18  98  77  88   9   0  23 0.00    M    M  6.9 18 120   M    M   4        22 120
================================================================================
SM 1677 1229         0 291  0.00    M    101.7          M       29
================================================================================
AV 93.2 68.3                               5.6 FASTST   M    M   2    MAX(MPH)
                                 MISC ---->  # 21  30               # 30   20
================================================================================
NOTES:
# LAST OF SEVERAL OCCURRENCES

COLUMN 17 PEAK WIND IN M.P.H.

PRELIMINARY LOCAL CLIMATOLOGICAL DATA (WS FORM: F-6) , PAGE 2

                                          STATION:  SAN ANTONIO STINSON FIELD
                                          MONTH:    SEPTEMBER
                                          YEAR:     2017
                                          LATITUDE:   29 19 N
                                          LONGITUDE:  98 29 W

[TEMPERATURE DATA]      [PRECIPITATION DATA]       SYMBOLS USED IN COLUMN 16

AVERAGE MONTHLY: 80.7   TOTAL FOR MONTH:   0.00    1 = FOG OR MIST
DPTR FM NORMAL:  -0.9   DPTR FM NORMAL:   -1.88    2 = FOG REDUCING VISIBILITY
HIGHEST:    99 ON 14    GRTST 24HR    T  ON 31- 1      TO 1/4 MILE OR LESS
LOWEST:     60 ON 12                               3 = THUNDER
                        SNOW, ICE PELLETS, HAIL    4 = ICE PELLETS
                        TOTAL MONTH:    M          5 = HAIL
                        GRTST 24HR    M  ON   M    6 = FREEZING RAIN OR DRIZZLE
                        GRTST DEPTH:  M  ON   M    7 = DUSTSTORM OR SANDSTORM:
                                                       VSBY 1/2 MILE OR LESS
                                                   8 = SMOKE OR HAZE
[NO. OF DAYS WITH]      [WEATHER - DAYS WITH]      9 = BLOWING SNOW
                                                   X = TORNADO
MAX 32 OR BELOW:   0    0.01 INCH OR MORE:   0
MAX 90 OR ABOVE:  12    0.10 INCH OR MORE:   0
MIN 32 OR BELOW:   0    0.50 INCH OR MORE:   0
MIN  0 OR BELOW:   0    1.00 INCH OR MORE:   0

[HDD (BASE 65) ]
TOTAL THIS MO.     0    CLEAR  (SCALE 0-3)  14
DPTR FM NORMAL     0    PTCLDY (SCALE 4-7)   4
TOTAL FM JUL 1     0    CLOUDY (SCALE 8-10)  0
DPTR FM NORMAL     0

[CDD (BASE 65) ]
TOTAL THIS MO.   291
DPTR FM NORMAL    -8    [PRESSURE DATA]
TOTAL FM JAN 1  3292    HIGHEST SLP M ON M
DPTR FM NORMAL   549    LOWEST  SLP 29.70 ON 13

[REMARKS]
