000
CXUS52 KJAX 300800
CF6SSI
PRELIMINARY LOCAL CLIMATOLOGICAL DATA (WS FORM: F-6)

                                          STATION:   ST SIMONS ISLAND GA
                                          MONTH:     JULY
                                          YEAR:      2015
                                          LATITUDE:   31  9 N
                                          LONGITUDE:  81 23 W

  TEMPERATURE IN F:       :PCPN:    SNOW:  WIND      :SUNSHINE: SKY     :PK WND
================================================================================
1   2   3   4   5  6A  6B    7    8   9   10  11  12  13   14  15   16   17  18
                                     12Z  AVG MX 2MIN
DY MAX MIN AVG DEP HDD CDD  WTR  SNW DPTH SPD SPD DIR MIN PSBL S-S WX    SPD DR
================================================================================

 1  92  71  82   0   0  17 0.00  0.0    0 10.9 21 240   M    M   1        27 230
 2  93  73  83   1   0  18 0.27  0.0    0  8.6 26 230   M    M   2 13     36 230
 3  93  72  83   1   0  18 0.00  0.0    0  9.6 17 180   M    M   0        27 180
 4  91  74  83   1   0  18 0.13  0.0    0  7.7 24 220   M    M   3 138    32 200
 5  87  72  80  -2   0  15 0.25  0.0    0  5.5 17 260   M    M   2 13     23 270
 6  86  70  78  -4   0  13 0.01  0.0    0  6.6 15 130   M    M   2 38     22 210
 7  87  74  81  -2   0  16 0.00  0.0    0  6.9 17 230   M    M   0 3      22 250
 8  89  74  82  -1   0  17 0.00  0.0    0  7.3 15 140   M    M   0        20 130
 9  87  78  83   0   0  18 0.00  0.0    0  8.0 16 140   M    M   0        20 140
10  93  76  85   2   0  20 0.00  0.0    0  6.7 14 140   M    M   0        21 150
11  92  77  85   2   0  20 0.00  0.0    0  6.6 20 210   M    M   0        24 210
12  92  75  84   1   0  19 0.17  0.0    0  5.8 18 210   M    M   0 13     25 130
13  91  75  83   0   0  18 0.02  0.0    0  7.3 13 230   M    M   0 13     18 140
14  95  74  85   2   0  20 0.38  0.0    0  9.2 23 230   M    M   2 138    29 210
15  94  78  86   3   0  21    T  0.0    0 11.4 26 230   M    M   3 3      34 220
16  91  77  84   1   0  19 0.00  0.0    0  8.5 16 210   M    M   2 3      23 220
17  86  77  82  -1   0  17 0.00  0.0    0  5.6 13 130   M    M   5 1      17 110
18  87  78  83   0   0  18 0.00  0.0    0  6.1 14 130   M    M   2        22 150
19  92  76  84   1   0  19 0.52  0.0    0  6.3 21 110   M    M   1 38     24 110
20  92  75  84   1   0  19 0.40  0.0    0  9.9 16 170   M    M   1 13     23 170
21  95  76  86   3   0  21 0.14  0.0    0  9.1 22 230   M    M   2 138    30 240
22  96  77  87   4   0  22 0.00  0.0    0  9.6 18 220   M    M   0 3      24 210
23  95  74  85   2   0  20 2.18  0.0    0  8.6 26 210   M    M   1 138    45 130
24  90  74  82  -1   0  17 0.65  0.0    0  7.7 15 350   M    M   1 13     24 360
25  86  73  80  -3   0  15 0.03  0.0    0 11.6 22  50   M    M   3 12     27  60
26  88  80  84   1   0  19 0.00  0.0    0 13.1 22  50   M    M   6        27  50
27  88  79  84   1   0  19 0.00  0.0    0  8.4 16  80   M    M   4        24  80
28  88  77  83   0   0  18    T  0.0    0  6.8 17  80   M    M   3 1      21  70
29   M   M   M   M   M   M    M    M    M   M   M   M   M    M   M 1       M  M
================================================================================
SM 2536 2106         0 511  5.15     0.0 229.4          M       46
================================================================================
AV 90.6 75.2                               8.2 FASTST   M    M   2    MAX(MPH)
                                 MISC ---->  # 26 230               # 45  130
================================================================================
NOTES:
# LAST OF SEVERAL OCCURRENCES

COLUMN 17 PEAK WIND IN M.P.H.

PRELIMINARY LOCAL CLIMATOLOGICAL DATA (WS FORM: F-6) , PAGE 2

                                          STATION:  ST SIMONS ISLAND GA
                                          MONTH:    JULY
                                          YEAR:     2015
                                          LATITUDE:   31  9 N
                                          LONGITUDE:  81 23 W

[TEMPERATURE DATA]      [PRECIPITATION DATA]       SYMBOLS USED IN COLUMN 16

AVERAGE MONTHLY: 82.9   TOTAL FOR MONTH:   5.15    1 = FOG OR MIST
DPTR FM NORMAL:   0.1   DPTR FM NORMAL:    1.35    2 = FOG REDUCING VISIBILITY
HIGHEST:    96 ON 22    GRTST 24HR  2.18 ON 23-23      TO 1/4 MILE OR LESS
LOWEST:     70 ON  6                               3 = THUNDER
                        SNOW, ICE PELLETS, HAIL    4 = ICE PELLETS
                        TOTAL MONTH:   0.0 INCH    5 = HAIL
                        GRTST 24HR     0.0         6 = FREEZING RAIN OR DRIZZLE
                        GRTST DEPTH:   0           7 = DUSTSTORM OR SANDSTORM:
                                                       VSBY 1/2 MILE OR LESS
                                                   8 = SMOKE OR HAZE
[NO. OF DAYS WITH]      [WEATHER - DAYS WITH]      9 = BLOWING SNOW
                                                   X = TORNADO
MAX 32 OR BELOW:   0    0.01 INCH OR MORE:  13
MAX 90 OR ABOVE:  17    0.10 INCH OR MORE:  10
MIN 32 OR BELOW:   0    0.50 INCH OR MORE:   3
MIN  0 OR BELOW:   0    1.00 INCH OR MORE:   1

[HDD (BASE 65) ]
TOTAL THIS MO.     0    CLEAR  (SCALE 0-3)  25
DPTR FM NORMAL     0    PTCLDY (SCALE 4-7)   3
TOTAL FM JUL 1     0    CLOUDY (SCALE 8-10)  0
DPTR FM NORMAL     0

[CDD (BASE 65) ]
TOTAL THIS MO.   511
DPTR FM NORMAL    -6    [PRESSURE DATA]
TOTAL FM JAN 1  1554    HIGHEST SLP M ON M
DPTR FM NORMAL   136    LOWEST  SLP 29.84 ON M

[REMARKS]
