000
CXUS52 KJAX 230800
CF6SSI
PRELIMINARY LOCAL CLIMATOLOGICAL DATA (WS FORM: F-6)

                                          STATION:   ST SIMONS ISLAND GA
                                          MONTH:     AUGUST
                                          YEAR:      2017
                                          LATITUDE:   31  9 N
                                          LONGITUDE:  81 23 W

  TEMPERATURE IN F:       :PCPN:    SNOW:  WIND      :SUNSHINE: SKY     :PK WND
================================================================================
1   2   3   4   5  6A  6B    7    8   9   10  11  12  13   14  15   16   17  18
                                     12Z  AVG MX 2MIN
DY MAX MIN AVG DEP HDD CDD  WTR  SNW DPTH SPD SPD DIR MIN PSBL S-S WX    SPD DR
================================================================================

 1  87  72  80  -3   0  15 0.00  0.0    0  9.8 18  30   M    M   2        24  40
 2  87  74  81  -2   0  16 0.39  0.0    0  5.6 14  90   M    M   5 1      22 120
 3  86  77  82  -1   0  17 0.02  0.0    0  8.0 14 230   M    M   7 1      17 240
 4  88  76  82  -1   0  17 0.29  0.0    0  8.1 21 260   M    M   4 138    32 260
 5  91  77  84   1   0  19 0.00  0.0    0  7.6 17 230   M    M   2        21 230
 6  88  76  82  -1   0  17 0.07  0.0    0  7.1 25 240   M    M   1 13     32 230
 7  89  80  85   3   0  20 0.00  0.0    0  8.9 16 170   M    M   2 3      23 170
 8  92  75  84   2   0  19 0.54  0.0    0  7.0 20 240   M    M   3 13     24 150
 9  87  75  81  -1   0  16 0.23  0.0    0  4.3 17 330   M    M   4 13     25 310
10  88  76  82   0   0  17 0.00  0.0    0  6.6 15  70   M    M   1        18  60
11  88  79  84   2   0  19 0.00  0.0    0  6.4 14 100   M    M   1        19  70
12  91  78  85   3   0  20 0.07  0.0    0  6.8 15 180   M    M   1 138    21 180
13  90  79  85   3   0  20 0.00  0.0    0  8.4 17 170   M    M   1        25 170
14  92  79  86   4   0  21 0.29  0.0    0  7.8 22 240   M    M   1 138    26 230
15  95  78  87   5   0  22 0.00  0.0    0  8.0 13 270   M    M   1        17 260
16  96  79  88   6   0  23 0.00  0.0    0  7.5 14 180   M    M   0        20 180
17  95  80  88   6   0  23 0.69  0.0    0  5.8 14  20   M    M   2 13     16  20
18  90  79  85   3   0  20 0.00  0.0    0  7.9 15 240   M    M   2 3      19 240
19  91  78  85   3   0  20 0.02  0.0    0  6.7 15 150   M    M   2 3      19 140
20  91  79  85   3   0  20 0.00  0.0    0  7.0 17 120   M    M   2        20 130
21  85  77  81  -1   0  16 0.49  0.0    0  3.9 18  80   M    M   6 13     24  90
22  89  77  83   2   0  18    T  0.0    0  4.2 13 130   M    M   2 3      16 130
================================================================================
SM 1976 1700         0 415  3.10     0.0 153.4          M       52
================================================================================
AV 89.8 77.3                               7.0 FASTST   M    M   2    MAX(MPH)
                                 MISC ---->  # 25 240               # 32  260
================================================================================
NOTES:
# LAST OF SEVERAL OCCURRENCES

COLUMN 17 PEAK WIND IN M.P.H.

PRELIMINARY LOCAL CLIMATOLOGICAL DATA (WS FORM: F-6) , PAGE 2

                                          STATION:  ST SIMONS ISLAND GA
                                          MONTH:    AUGUST
                                          YEAR:     2017
                                          LATITUDE:   31  9 N
                                          LONGITUDE:  81 23 W

[TEMPERATURE DATA]      [PRECIPITATION DATA]       SYMBOLS USED IN COLUMN 16

AVERAGE MONTHLY: 83.6   TOTAL FOR MONTH:   3.10    1 = FOG OR MIST
DPTR FM NORMAL:   1.3   DPTR FM NORMAL:   -1.02    2 = FOG REDUCING VISIBILITY
HIGHEST:    96 ON 16    GRTST 24HR  0.69 ON 17-17      TO 1/4 MILE OR LESS
LOWEST:     72 ON  1                               3 = THUNDER
                        SNOW, ICE PELLETS, HAIL    4 = ICE PELLETS
                        TOTAL MONTH:   0.0 INCH    5 = HAIL
                        GRTST 24HR     0.0         6 = FREEZING RAIN OR DRIZZLE
                        GRTST DEPTH:   0           7 = DUSTSTORM OR SANDSTORM:
                                                       VSBY 1/2 MILE OR LESS
                                                   8 = SMOKE OR HAZE
[NO. OF DAYS WITH]      [WEATHER - DAYS WITH]      9 = BLOWING SNOW
                                                   X = TORNADO
MAX 32 OR BELOW:   0    0.01 INCH OR MORE:  11
MAX 90 OR ABOVE:  11    0.10 INCH OR MORE:   7
MIN 32 OR BELOW:   0    0.50 INCH OR MORE:   2
MIN  0 OR BELOW:   0    1.00 INCH OR MORE:   0

[HDD (BASE 65) ]
TOTAL THIS MO.     0    CLEAR  (SCALE 0-3)  17
DPTR FM NORMAL     0    PTCLDY (SCALE 4-7)   5
TOTAL FM JUL 1     0    CLOUDY (SCALE 8-10)  0
DPTR FM NORMAL     0

[CDD (BASE 65) ]
TOTAL THIS MO.   415
DPTR FM NORMAL    35    [PRESSURE DATA]
TOTAL FM JAN 1  2176    HIGHEST SLP M ON M
DPTR FM NORMAL   342    LOWEST  SLP 29.90 ON M

[REMARKS]
