000
CXUS55 KSTO 012044
CF6STO
PRELIMINARY LOCAL CLIMATOLOGICAL DATA (WS FORM: F-6)

                                          STATION:   SACRAMENTO CITY
                                          MONTH:     FEBRUARY
                                          YEAR:      2015
                                          LATITUDE:   38 36 N
                                          LONGITUDE: 121 23 W

  TEMPERATURE IN F:       :PCPN:    SNOW:  WIND      :SUNSHINE: SKY     :PK WND
================================================================================
1   2   3   4   5  6A  6B    7    8   9   10  11  12  13   14  15   16   17  18
                                     12Z  AVG MX 2MIN
DY MAX MIN AVG DEP HDD CDD  WTR  SNW DPTH SPD SPD DIR MIN PSBL S-S WX    SPD DR
================================================================================

 1  67  42  55   5  10   0 0.00  0.0    M   M   0   0   M    M   M         0   0
 2  67  45  56   6   9   0 0.00  0.0    M   M   0   0   M    M   M         0   0
 3  69  48  59   9   6   0 0.00  0.0    M   M   0   0   M    M   M         0   0
 4  68  46  57   7   8   0 0.00  0.0    M   M   0   0   M    M   M         0   0
 5  59  48  54   3  11   0 0.00  0.0    M   M   0   0   M    M   M         0   0
 6  63  53  58   7   7   0 1.07  0.0    M   M   0   0   M    M   M         0   0
 7  67  57  62  11   3   0 0.07  0.0    M   M   0   0   M    M   M         0   0
 8  64  58  61  10   4   0 1.07  0.0    M   M   0   0   M    M   M         0   0
 9  69  50  60   9   5   0 0.07  0.0    M   M   0   0   M    M   M         0   0
10  61  47  54   2  11   0 0.00  0.0    M   M   0   0   M    M   M         0   0
11  68  42  55   3  10   0 0.00  0.0    M   M   0   0   M    M   M         0   0
12  73  47  60   8   5   0 0.00  0.0    M   M   0   0   M    M   M         0   0
13  77  47  62  10   3   0 0.00  0.0    M   M   0   0   M    M   M         0   0
14  74  49  62  10   3   0 0.00  0.0    M   M   0   0   M    M   M         0   0
15  72  46  59   6   6   0 0.00  0.0    M   M   0   0   M    M   M         0   0
16  73  49  61   8   4   0 0.00  0.0    M   M   0   0   M    M   M         0   0
17  69  50  60   7   5   0 0.00  0.0    M   M   0   0   M    M   M         0   0
18  64  47  56   3   9   0 0.00  0.0    M   M   0   0   M    M   M         0   0
19  63  49  56   3   9   0 0.00  0.0    M   M   0   0   M    M   M         0   0
20  64  49  57   3   8   0 0.00  0.0    M   M   0   0   M    M   M 1       0   0
21  57  47  52  -2  13   0 0.00  0.0    M   M   0   0   M    M   M         0   0
22  68  44  56   2   9   0 0.00  0.0    M   M   0   0   M    M   M         0   0
23  65  46  56   2   9   0 0.00  0.0    M   M   0   0   M    M   M         0   0
24  68  38  53  -1  12   0 0.00  0.0    M   M   0   0   M    M   M         0   0
25  68  39  54   0  11   0 0.00  0.0    M   M   0   0   M    M   M         0   0
26  74  43  59   4   6   0 0.00  0.0    M   M   0   0   M    M   M         0   0
27  68  45  57   2   8   0 0.00  0.0    M   M   0   0   M    M   M         0   0
28  60  46  53  -2  12   0 0.00  0.0    M   M   0   0   M    M   M         0   0
================================================================================
SM 1879 1317       216   0  2.28     0.0     M          M        M
================================================================================
AV 67.1 47.0                                 M FASTST   M    M   2    MAX(MPH)
                                 MISC ---->  #  0   0               #  0    0
================================================================================
NOTES:
# LAST OF SEVERAL OCCURRENCES

COLUMN 17 PEAK WIND IN M.P.H.

PRELIMINARY LOCAL CLIMATOLOGICAL DATA (WS FORM: F-6) , PAGE 2

                                          STATION:  SACRAMENTO CITY
                                          MONTH:    FEBRUARY
                                          YEAR:     2015
                                          LATITUDE:   38 36 N
                                          LONGITUDE: 121 23 W

[TEMPERATURE DATA]      [PRECIPITATION DATA]       SYMBOLS USED IN COLUMN 16

AVERAGE MONTHLY: 57.1   TOTAL FOR MONTH:   2.28    1 = FOG OR MIST
DPTR FM NORMAL:   4.7   DPTR FM NORMAL:   -1.41    2 = FOG REDUCING VISIBILITY
HIGHEST:    77 ON 13    GRTST 24HR  1.07 ON  8- 8      TO 1/4 MILE OR LESS
LOWEST:     38 ON 24                               3 = THUNDER
                        SNOW, ICE PELLETS, HAIL    4 = ICE PELLETS
                        TOTAL MONTH:   0.0 INCH    5 = HAIL
                        GRTST 24HR     0.0         6 = FREEZING RAIN OR DRIZZLE
                        GRTST DEPTH:  M  ON   M    7 = DUSTSTORM OR SANDSTORM:
                                                       VSBY 1/2 MILE OR LESS
                                                   8 = SMOKE OR HAZE
[NO. OF DAYS WITH]      [WEATHER - DAYS WITH]      9 = BLOWING SNOW
                                                   X = TORNADO
MAX 32 OR BELOW:   0    0.01 INCH OR MORE:   4
MAX 90 OR ABOVE:   0    0.10 INCH OR MORE:   2
MIN 32 OR BELOW:   0    0.50 INCH OR MORE:   2
MIN  0 OR BELOW:   0    1.00 INCH OR MORE:   2

[HDD (BASE 65) ]
TOTAL THIS MO.   216    CLEAR  (SCALE 0-3)   0
DPTR FM NORMAL  -135    PTCLDY (SCALE 4-7)   0
TOTAL FM JUL 1  1249    CLOUDY (SCALE 8-10)  0
DPTR FM NORMAL  -578

[CDD (BASE 65) ]
TOTAL THIS MO.     0
DPTR FM NORMAL     0    [PRESSURE DATA]
TOTAL FM JAN 1     0    HIGHEST SLP M ON M
DPTR FM NORMAL     0    LOWEST  SLP 30.11 ON 27

[REMARKS]
#FINAL-02-15#
