000
CXUS53 KMPX 311000
CF6STP
PRELIMINARY LOCAL CLIMATOLOGICAL DATA (WS FORM: F-6)

                                          STATION:   ST PAUL MN
                                          MONTH:     MAY
                                          YEAR:      2016
                                          LATITUDE:   44 55 N
                                          LONGITUDE:  93  4 W

  TEMPERATURE IN F:       :PCPN:    SNOW:  WIND      :SUNSHINE: SKY     :PK WND
================================================================================
1   2   3   4   5  6A  6B    7    8   9   10  11  12  13   14  15   16   17  18
                                     12Z  AVG MX 2MIN
DY MAX MIN AVG DEP HDD CDD  WTR  SNW DPTH SPD SPD DIR MIN PSBL S-S WX    SPD DR
================================================================================

 1  63  41  52  -3  13   0 0.00    M    M  8.4 17  30   M    M   2        25  20
 2  67  38  53  -3  12   0 0.00    M    M  2.3 10 140   M    M   0        14 140
 3  71  46  59   3   6   0 0.00    M    M 10.9 29 250   M    M   1        36 240
 4  65  43  54  -2  11   0 0.00    M    M 10.5 25 330   M    M   0        32 360
 5  76  40  58   1   7   0    T    M    M  5.2 15 270   M    M   2        20 220
 6  90  54  72  15   0   7 0.00    M    M 10.5 26 350   M    M   0 8      35  10
 7  69  48  59   2   6   0 0.00    M    M 10.9 26 350   M    M   2 8      34 350
 8  73  43  58   0   7   0 0.00    M    M  4.2 12  80   M    M   0 18     17  80
 9  68  53  61   3   4   0 0.54    M    M 10.2 29 140   M    M   5 1      40 130
10  57  49  53  -5  12   0 0.35    M    M 10.3 17 120   M    M   9 1      23 360
11  56  49  53  -6  12   0 0.14    M    M  4.8 12 170   M    M  10 1      15 150
12  59  48  54  -5  11   0 0.00    M    M 10.8 21 280   M    M   7 1      26 280
13  50  40  45 -14  20   0 0.17    M    M 14.9 29 330   M    M   8 1      34 310
14  51  33  42 -18  23   0 0.00    M    M 15.2 25 310   M    M   4        35 290
15  64  33  49 -11  16   0 0.00    M    M  8.2 20 250   M    M   2        26 250
16  65  46  56  -4   9   0 0.00    M    M  6.5 15  20   M    M   2        20 350
17  65  44  55  -5  10   0 0.00    M    M  5.6 17  30   M    M   2        24  50
18  70  42  56  -5   9   0 0.00    M    M  1.6 12 120   M    M   0 18     16 180
19  73  45  59  -2   6   0 0.00    M    M  6.7 16 180   M    M   2        23 220
20  75  49  62   1   3   0 0.00    M    M  4.0 14 130   M    M   3        16 130
21  80  49  65   3   0   0 0.00    M    M  1.0  9 170   M    M   0 18     12 160
22  84  50  67   5   0   2 0.00    M    M  9.3 23 160   M    M   0        31 170
23  84  64  74  12   0   9    T    M    M 13.2 30 160   M    M   3 3      37 160
24  85  64  75  13   0  10 0.00    M    M  6.1 15 260   M    M   3        18 340
25  74  62  68   5   0   3 0.31    M    M  6.7 20 150   M    M   1 13     25 150
26  80  61  71   8   0   6 0.20    M    M  8.0 24 200   M    M   2 13     31 210
27  68  62  65   2   0   0 0.17    M    M  6.0 17 110   M    M   9 1      22 130
28  69  60  65   1   0   0 0.17    M    M  4.6 13 320   M    M   9 13     16 320
29  78  59  69   5   0   4 0.01    M    M  8.6 25 350   M    M   6 13     32 340
30  83  55  69   5   0   4 0.00    M    M  5.8 17 150   M    M   1 12     24 150
================================================================================
SM 2112 1470       197  45  2.06    M    231.0          M       95
================================================================================
AV 70.4 49.0                               7.7 FASTST   M    M   3    MAX(MPH)
                                 MISC ---->  # 30 160               # 40  130
================================================================================
NOTES:
# LAST OF SEVERAL OCCURRENCES

COLUMN 17 PEAK WIND IN M.P.H.

PRELIMINARY LOCAL CLIMATOLOGICAL DATA (WS FORM: F-6) , PAGE 2

                                          STATION:  ST PAUL MN
                                          MONTH:    MAY
                                          YEAR:     2016
                                          LATITUDE:   44 55 N
                                          LONGITUDE:  93  4 W

[TEMPERATURE DATA]      [PRECIPITATION DATA]       SYMBOLS USED IN COLUMN 16

AVERAGE MONTHLY: 59.7   TOTAL FOR MONTH:   2.06    1 = FOG OR MIST
DPTR FM NORMAL:  -0.2   DPTR FM NORMAL:   -0.91    2 = FOG REDUCING VISIBILITY
HIGHEST:    90 ON  6    GRTST 24HR  0.89 ON  9-10      TO 1/4 MILE OR LESS
LOWEST:     33 ON 15,14                            3 = THUNDER
                        SNOW, ICE PELLETS, HAIL    4 = ICE PELLETS
                        TOTAL MONTH:    M          5 = HAIL
                        GRTST 24HR    M  ON   M    6 = FREEZING RAIN OR DRIZZLE
                        GRTST DEPTH:  M  ON   M    7 = DUSTSTORM OR SANDSTORM:
                                                       VSBY 1/2 MILE OR LESS
                                                   8 = SMOKE OR HAZE
[NO. OF DAYS WITH]      [WEATHER - DAYS WITH]      9 = BLOWING SNOW
                                                   X = TORNADO
MAX 32 OR BELOW:   0    0.01 INCH OR MORE:   9
MAX 90 OR ABOVE:   1    0.10 INCH OR MORE:   8
MIN 32 OR BELOW:   0    0.50 INCH OR MORE:   1
MIN  0 OR BELOW:   0    1.00 INCH OR MORE:   0

[HDD (BASE 65) ]
TOTAL THIS MO.   197    CLEAR  (SCALE 0-3)  20
DPTR FM NORMAL     5    PTCLDY (SCALE 4-7)   6
TOTAL FM JUL 1  6325    CLOUDY (SCALE 8-10)  4
DPTR FM NORMAL  -935

[CDD (BASE 65) ]
TOTAL THIS MO.    45
DPTR FM NORMAL     5    [PRESSURE DATA]
TOTAL FM JAN 1    52    HIGHEST SLP M ON M
DPTR FM NORMAL     9    LOWEST  SLP 29.68 ON  6

[REMARKS]
