000
CXUS53 KMPX 270700
CF6STP
PRELIMINARY LOCAL CLIMATOLOGICAL DATA (WS FORM: F-6)

                                          STATION:   ST PAUL MN
                                          MONTH:     NOVEMBER
                                          YEAR:      2014
                                          LATITUDE:   44 55 N
                                          LONGITUDE:  93  4 W

  TEMPERATURE IN F:       :PCPN:    SNOW:  WIND      :SUNSHINE: SKY     :PK WND
================================================================================
1   2   3   4   5  6A  6B    7    8   9   10  11  12  13   14  15   16   17  18
                                     12Z  AVG MX 2MIN
DY MAX MIN AVG DEP HDD CDD  WTR  SNW DPTH SPD SPD DIR MIN PSBL S-S WX    SPD DR
================================================================================

 1  44  22  33 -10  32   0    M    M    M 10.0 18 150   M    M   0        24 150
 2  57  34  46   4  19   0    M    M    M 12.8 24 160   M    M   0        30 180
 3  54  41  48   6  17   0    M    M    M  7.8 20 310   M    M   6 1      25 310
 4  54  37  46   5  19   0    M    M    M 14.8 28 290   M    M   6        36 280
 5  44  32  38  -3  27   0    M    M    M  5.6 18 350   M    M   8 18     24 350
 6  44  29  37  -3  28   0    M    M    M  9.9 21 330   M    M   6        24 320
 7  48  29  39  -1  26   0    M    M    M 13.1 31 320   M    M   6 1      39 320
 8  43  35  39   0  26   0    M    M    M 16.3 32 320   M    M   7        38 340
 9  40  32  36  -2  29   0    M    M    M  6.4 16 350   M    M   8        21 340
10  32  25  29  -9  36   0    M    M    M 14.5 26 340   M    M  10 126    34 360
11  26  19  23 -14  42   0    M    M    M 15.5 28 340   M    M   9 1      34 340
12  23  16  20 -17  45   0    M    M    M  8.4 20 320   M    M   9 8      23 320
13  24  18  21 -15  44   0    M    M    M 12.9 22 310   M    M   8 1      26 310
14  23  10  17 -19  48   0    M    M    M  6.9 15 320   M    M   4        19 320
15  22   6  14 -21  51   0    M    M    M  4.7  9 150   M    M   7 1      10 140
16  22   9  16 -19  49   0    M    M    M  9.9 21 290   M    M   4 18     26 290
17  16   7  12 -22  53   0    M    M    M 17.6 25 300   M    M   4        35 290
18  18   9  14 -19  51   0    M    M    M 11.1 18 280   M    M   8 18     25 290
19  24  15  20 -13  45   0    M    M    M 15.4 31 300   M    M   8 189    39 310
20  18   5  12 -20  53   0    M    M    M 11.1 24 310   M    M   0        28 310
21  32   3  18 -14  47   0    M    M    M 10.8 22 160   M    M   1        28 160
22  37  32  35   4  30   0    M    M    M  8.6 13 180   M    M  10 18     19 140
23  47  32  40   9  25   0    M    M    M  8.1 20 310   M    M  10 12     28 310
24  32  16  24  -6  41   0    M    M    M 18.0 25 290   M    M   9 1      33 280
25  25  10  18 -12  47   0    M    M    M  6.8 15 310   M    M   6 18     19 310
26   M   M   M   M   M   M    M    M    M   M   M   M   M    M   M 18      M  M
================================================================================
SM  849  523       930   0    M     M    277.0          M      154
================================================================================
AV 34.0 20.9                              11.1 FASTST   M    M   6    MAX(MPH)
                                 MISC ---->  # 32 320               # 39  320
================================================================================
NOTES:
# LAST OF SEVERAL OCCURRENCES

COLUMN 17 PEAK WIND IN M.P.H.

PRELIMINARY LOCAL CLIMATOLOGICAL DATA (WS FORM: F-6) , PAGE 2

                                          STATION:  ST PAUL MN
                                          MONTH:    NOVEMBER
                                          YEAR:     2014
                                          LATITUDE:   44 55 N
                                          LONGITUDE:  93  4 W

[TEMPERATURE DATA]      [PRECIPITATION DATA]       SYMBOLS USED IN COLUMN 16

AVERAGE MONTHLY: 27.4   TOTAL FOR MONTH:      M    1 = FOG OR MIST
DPTR FM NORMAL:  -8.5   DPTR FM NORMAL:       M    2 = FOG REDUCING VISIBILITY
HIGHEST:    57 ON  2    GRTST 24HR  0.23 ON  9-10      TO 1/4 MILE OR LESS
LOWEST:      3 ON 21                               3 = THUNDER
                        SNOW, ICE PELLETS, HAIL    4 = ICE PELLETS
                        TOTAL MONTH:    M          5 = HAIL
                        GRTST 24HR    M  ON   M    6 = FREEZING RAIN OR DRIZZLE
                        GRTST DEPTH:  M  ON   M    7 = DUSTSTORM OR SANDSTORM:
                                                       VSBY 1/2 MILE OR LESS
                                                   8 = SMOKE OR HAZE
[NO. OF DAYS WITH]      [WEATHER - DAYS WITH]      9 = BLOWING SNOW
                                                   X = TORNADO
MAX 32 OR BELOW:  14    0.01 INCH OR MORE:   0
MAX 90 OR ABOVE:   0    0.10 INCH OR MORE:   0
MIN 32 OR BELOW:  21    0.50 INCH OR MORE:   0
MIN  0 OR BELOW:   0    1.00 INCH OR MORE:   0

[HDD (BASE 65) ]
TOTAL THIS MO.   930    CLEAR  (SCALE 0-3)   4
DPTR FM NORMAL   174    PTCLDY (SCALE 4-7)  13
TOTAL FM JUL 1  1574    CLOUDY (SCALE 8-10)  8
DPTR FM NORMAL   181

[CDD (BASE 65) ]
TOTAL THIS MO.     0
DPTR FM NORMAL     0    [PRESSURE DATA]
TOTAL FM JAN 1   656    HIGHEST SLP M ON M
DPTR FM NORMAL  -114    LOWEST  SLP 29.42 ON 23

[REMARKS]
