000
CXUS53 KLSX 231600
CF6SUS
PRELIMINARY LOCAL CLIMATOLOGICAL DATA (WS FORM: F-6)

                                          STATION:   SPIRIT OF ST LOUIS MO
                                          MONTH:     JANUARY
                                          YEAR:      2018
                                          LATITUDE:   38 39 N
                                          LONGITUDE:  90 38 W

  TEMPERATURE IN F:       :PCPN:    SNOW:  WIND      :SUNSHINE: SKY     :PK WND
================================================================================
1   2   3   4   5  6A  6B    7    8   9   10  11  12  13   14  15   16   17  18
                                     12Z  AVG MX 2MIN
DY MAX MIN AVG DEP HDD CDD  WTR  SNW DPTH SPD SPD DIR MIN PSBL S-S WX    SPD DR
================================================================================

 1  10  -6   2 -29  63   0 0.00  0.0    M  7.2 14 320   M    M   0        19 310
 2  20  -7   7 -24  58   0 0.00  0.0    M  2.4 10 260   M    M   0        15 260
 3  28  10  19 -12  46   0 0.00  0.0    M 12.5 22 310   M    M   5        30 310
 4  20   3  12 -19  53   0 0.00  0.0    M  6.7 15 340   M    M   4        22 330
 5  21   8  15 -16  50   0 0.00  0.0    M  4.7 10  50   M    M   6        14  40
 6  22   2  12 -19  53   0 0.00  0.0    M  4.1 13 110   M    M   1        17 100
 7  41  19  30  -1  35   0 0.34  0.0    M  4.9 12 180   M    M   8 1      18 160
 8  37  31  34   3  31   0 0.00  0.0    0  3.4 10 320   M    M  10 1      13 280
 9  38  31  35   4  30   0 0.00  0.0    0  4.6  9 120   M    M  10 1      14 140
10  60  38  49  18  16   0 0.00  0.0    0  9.7 22 190   M    M   9 1      36 200
11  63  17  40   9  25   0 0.14    M    0 11.9 26 320   M    M  10 146    35 300
12  19  13  16 -15  49   0    T    M    M 15.6 23 340   M    M   9        34 310
13  23  12  18 -13  47   0 0.00  0.0    0  5.5 15 330   M    M   6        21 320
14  27  11  19 -12  46   0    T    M    0  5.5 14 170   M    M   9 8      23 150
15  30   5  18 -13  47   0    T    M    M 13.3 25 300   M    M   7 1      34 290
16  11  -2   5 -26  60   0    T    M    M  9.6 20 280   M    M   6 18     25 280
17  25   0  13 -18  52   0 0.00  0.0    M  5.8 14 250   M    M   1 8      22 250
18  47  17  32   1  33   0 0.00  0.0    M  9.9 18 240   M    M   0        27 240
19  56  33  45  14  20   0 0.00  0.0    0 10.0 18 220   M    M   1        27 200
20  61  31  46  15  19   0 0.00  0.0    0  6.8 18 230   M    M   2 1      29 240
21  70  31  51  20  14   0 0.00  0.0    0  6.1 21 200   M    M   8 12     31 250
22  61  36  49  18  16   0 0.93    M    0 14.4 33 240   M    M   8 13     46 240
================================================================================
SM  790  333       863   0  1.41     0.0 174.6          M      120
================================================================================
AV 35.9 15.1                               7.9 FASTST   M    M   5    MAX(MPH)
                                 MISC ---->  # 33 240               # 46  240
================================================================================
NOTES:
# LAST OF SEVERAL OCCURRENCES

COLUMN 17 PEAK WIND IN M.P.H.

PRELIMINARY LOCAL CLIMATOLOGICAL DATA (WS FORM: F-6) , PAGE 2

                                          STATION:  SPIRIT OF ST LOUIS MO
                                          MONTH:    JANUARY
                                          YEAR:     2018
                                          LATITUDE:   38 39 N
                                          LONGITUDE:  90 38 W

[TEMPERATURE DATA]      [PRECIPITATION DATA]       SYMBOLS USED IN COLUMN 16

AVERAGE MONTHLY: 25.5   TOTAL FOR MONTH:   1.41    1 = FOG OR MIST
DPTR FM NORMAL:  -5.5   DPTR FM NORMAL:   -0.37    2 = FOG REDUCING VISIBILITY
HIGHEST:    70 ON 21    GRTST 24HR  0.93 ON 22-22      TO 1/4 MILE OR LESS
LOWEST:     -7 ON  2                               3 = THUNDER
                        SNOW, ICE PELLETS, HAIL    4 = ICE PELLETS
                        TOTAL MONTH:   0.0 INCH    5 = HAIL
                        GRTST 24HR     0.0         6 = FREEZING RAIN OR DRIZZLE
                        GRTST DEPTH:   0           7 = DUSTSTORM OR SANDSTORM:
                                                       VSBY 1/2 MILE OR LESS
                                                   8 = SMOKE OR HAZE
[NO. OF DAYS WITH]      [WEATHER - DAYS WITH]      9 = BLOWING SNOW
                                                   X = TORNADO
MAX 32 OR BELOW:  12    0.01 INCH OR MORE:   3
MAX 90 OR ABOVE:   0    0.10 INCH OR MORE:   3
MIN 32 OR BELOW:  19    0.50 INCH OR MORE:   1
MIN  0 OR BELOW:   4    1.00 INCH OR MORE:   0

[HDD (BASE 65) ]
TOTAL THIS MO.   863    CLEAR  (SCALE 0-3)   7
DPTR FM NORMAL   115    PTCLDY (SCALE 4-7)   9
TOTAL FM JUL 1  2600    CLOUDY (SCALE 8-10)  6
DPTR FM NORMAL   -30

[CDD (BASE 65) ]
TOTAL THIS MO.     0
DPTR FM NORMAL     0    [PRESSURE DATA]
TOTAL FM JAN 1     0    HIGHEST SLP M ON M
DPTR FM NORMAL     0    LOWEST  SLP 29.44 ON 22

[REMARKS]
