000
CXUS54 KEWX 260910
CF6T82
PRELIMINARY LOCAL CLIMATOLOGICAL DATA (WS FORM: F-6)

                                          STATION:   FREDERICKSBURG
                                          MONTH:     FEBRUARY
                                          YEAR:      2015
                                          LATITUDE:   30 15 N
                                          LONGITUDE:  98 55 W

  TEMPERATURE IN F:       :PCPN:    SNOW:  WIND      :SUNSHINE: SKY     :PK WND
================================================================================
1   2   3   4   5  6A  6B    7    8   9   10  11  12  13   14  15   16   17  18
                                     12Z  AVG MX 2MIN
DY MAX MIN AVG DEP HDD CDD  WTR  SNW DPTH SPD SPD DIR MIN PSBL S-S WX    SPD DR
================================================================================

 1  68  39  54   M  11   0 0.02    M    M  8.5 17  10   M    M   8        25  10
 2  54  30  42   M  23   0 0.00    M    M  7.6 14  10   M    M   0        23  10
 3  46  38  42   M  23   0 0.02    M    M  2.8  8 210   M    M   6 1       M  M
 4  59  41  50   M  15   0 0.00    M    M  5.5 12 230   M    M   8 1       M  M
 5  48  33  41   M  24   0 0.00    M    M  8.0 18  10   M    M   9 1      23  10
 6  55  39  47   M  18   0 0.00    M    M  3.7 10 200   M    M   8         M  M
 7  64  43  54   M  11   0 0.00    M    M 11.1 16 200   M    M   6        21 200
 8  80  46  63   M   2   0 0.00    M    M  8.6 13 240   M    M   3        17 250
 9  78  36  57   M   8   0 0.00    M    M  1.9 10 350   M    M   0         M  M
10  76  36  56   M   9   0 0.00    M    M  4.4 17 210   M    M   0        22 220
11  73  37  55   M  10   0 0.00    M    M  3.9 12 170   M    M   0        17 160
12  58  41  50   M  15   0 0.00    M    M  8.8 15  40   M    M   2        24  10
13  68  34  51   M  14   0 0.00    M    M  2.6  9 240   M    M   5         M  M
14  72  39  56   M   9   0 0.00    M    M  3.1  9 170   M    M   1         M  M
15  66  47  57   M   8   0 0.00    M    M  5.9 15 210   M    M   4        18 210
16  65  32  49   M  16   0 0.00    M    M 12.9 22 360   M    M   9        29 360
17  51  32  42   M  23   0 0.00    M    M 10.0 15  10   M    M   8        23  10
18  60  24  42   M  23   0 0.00    M    M  3.8 15 220   M    M   0        20 200
19  65  31  48   M  17   0 0.00    M    M  6.2 22 210   M    M   0        28 210
20  72  53  63   M   2   0 0.00    M    M 13.2 18 200   M    M   6        28 190
21  73  58  66   M   0   1 0.00    M    M  7.1 14 200   M    M   5        20 200
22   M   M   M   M   M   M 0.01    M    M  5.8 15  10   M    M   8 1      20  10
23  32  27  30   M  35   0 0.00    M    M 13.6 18  10   M    M  10 1      25  10
24  33  26  30   M  35   0 0.00    M    M  5.8 12  10   M    M  10 1       M  M
25  61  32  47   M  18   0 0.00  0.0    0  5.1 16 320   M    M   6 1      22 330
================================================================================
SM 1477  894       369   1  0.05     0.0 169.9          M      122
================================================================================
AV 61.5 37.2                               6.8 FASTST   M    M   5    MAX(MPH)
                                 MISC ---->    22   M                 29    M
================================================================================
NOTES:
# LAST OF SEVERAL OCCURRENCES

COLUMN 17 PEAK WIND IN M.P.H.

PRELIMINARY LOCAL CLIMATOLOGICAL DATA (WS FORM: F-6) , PAGE 2

                                          STATION:  FREDERICKSBURG
                                          MONTH:    FEBRUARY
                                          YEAR:     2015
                                          LATITUDE:   30 15 N
                                          LONGITUDE:  98 55 W

[TEMPERATURE DATA]      [PRECIPITATION DATA]       SYMBOLS USED IN COLUMN 16

AVERAGE MONTHLY: 49.4   TOTAL FOR MONTH:   0.05    1 = FOG OR MIST
DPTR FM NORMAL:     M   DPTR FM NORMAL:       M    2 = FOG REDUCING VISIBILITY
HIGHEST:    80 ON  8    GRTST 24HR  0.02 ON  3- 3      TO 1/4 MILE OR LESS
LOWEST:     24 ON 18                               3 = THUNDER
                        SNOW, ICE PELLETS, HAIL    4 = ICE PELLETS
                        TOTAL MONTH:   0.0 INCH    5 = HAIL
                        GRTST 24HR     0.0         6 = FREEZING RAIN OR DRIZZLE
                        GRTST DEPTH:   0           7 = DUSTSTORM OR SANDSTORM:
                                                       VSBY 1/2 MILE OR LESS
                                                   8 = SMOKE OR HAZE
[NO. OF DAYS WITH]      [WEATHER - DAYS WITH]      9 = BLOWING SNOW
                                                   X = TORNADO
MAX 32 OR BELOW:   1    0.01 INCH OR MORE:   3
MAX 90 OR ABOVE:   0    0.10 INCH OR MORE:   0
MIN 32 OR BELOW:   8    0.50 INCH OR MORE:   0
MIN  0 OR BELOW:   0    1.00 INCH OR MORE:   0

[HDD (BASE 65) ]
TOTAL THIS MO.   369    CLEAR  (SCALE 0-3)   8
DPTR FM NORMAL     M    PTCLDY (SCALE 4-7)  10
TOTAL FM JUL 1  1757    CLOUDY (SCALE 8-10)  7
DPTR FM NORMAL     M

[CDD (BASE 65) ]
TOTAL THIS MO.     1
DPTR FM NORMAL     M    [PRESSURE DATA]
TOTAL FM JAN 1     1    HIGHEST SLP M ON M
DPTR FM NORMAL     M    LOWEST  SLP M ON M

[REMARKS]
