000
CXUS54 KEWX 310910
CF6T82
PRELIMINARY LOCAL CLIMATOLOGICAL DATA (WS FORM: F-6)

                                          STATION:   FREDERICKSBURG
                                          MONTH:     MAY
                                          YEAR:      2016
                                          LATITUDE:   30 15 N
                                          LONGITUDE:  98 55 W

  TEMPERATURE IN F:       :PCPN:    SNOW:  WIND      :SUNSHINE: SKY     :PK WND
================================================================================
1   2   3   4   5  6A  6B    7    8   9   10  11  12  13   14  15   16   17  18
                                     12Z  AVG MX 2MIN
DY MAX MIN AVG DEP HDD CDD  WTR  SNW DPTH SPD SPD DIR MIN PSBL S-S WX    SPD DR
================================================================================

 1  79  58  69   M   0   4 0.00  0.0    0  6.5 15  40   M    M   5        20  40
 2  69  52  61   M   4   0 0.09    M    M 11.1 15 360   M    M  10 3      21 360
 3  74  46  60   M   5   0 0.00    M    0  4.1 10  60   M    M   3         M  M
 4  81  46  64   M   1   0 0.00    M    0  4.4 14 330   M    M   0        22 330
 5  83  45  64   M   1   0 0.00  0.0    0  2.6  8 340   M    M   0         M  M
 6  82  49  66   M   0   1 0.00  0.0    0  2.9  8 150   M    M   0         M  M
 7  80  54  67   M   0   2 0.00  0.0    0  5.8 16 190   M    M   0        21 170
 8  72  66  69   M   0   4 0.02  0.0    0 11.1 18 170   M    M   7        30 170
 9  85  67  76   M   0  11 0.00  0.0    0 11.7 17 190   M    M   7        24 210
10  90  68  79   M   0  14 0.00  0.0    0  7.5 14 200   M    M   3 18     23 170
11  84  60  72   M   0   7 0.06  0.0    0  8.7 15 210   M    M   5 3      27  70
12  82  63  73   M   0   8 0.01  0.0    0  5.3 12 160   M    M   6 1      24  30
13  83  67  75   M   0  10 0.00    M    0  3.5  8 130   M    M   7         M  M
14  79  62  71   M   0   6 0.05  0.0    0  2.2 10  30   M    M   3 138     M  M
15  71  60  66   M   0   1 0.00    M    M  4.7  8  90   M    M   9        16  80
16  77  64  71   M   0   6 0.12    M    M  4.4  8 130   M    M  10 1       M  M
17  78  67  73   M   0   8 0.00  0.0    0  6.4 10  80   M    M   9 1      16  80
18  74  60  67   M   0   2 2.15  0.0    0  9.3 16  10   M    M   9 3      23  90
19  74  57  66   M   0   1 0.99    M    0  6.4 10 100   M    M   9 13      M  M
20  80  59  70   M   0   5 0.00    M    0  3.8  8  30   M    M   6 1       M  M
21  83  67  75   M   0  10 0.00    M    0  3.9  9 160   M    M   8 1       M  M
22  82  71  77   M   0  12 0.00    M    0  5.7  9 130   M    M   9 1       M  M
23  83  70  77   M   0  12 0.00    M    0  6.5 12 130   M    M   9 1      17 150
24  81  70  76   M   0  11 0.00  0.0    0  8.7 16 170   M    M  10        23 170
25  81  73  77   M   0  12 0.00  0.0    0  7.5 10 170   M    M  10 1      18 190
26  86  75  81   M   0  16 0.00  0.0    0  8.4 17 200   M    M   8        27 200
27  84  65  75   M   0  10 1.03  0.0    0  7.5 14 150   M    M   7 3      51 280
28  89  61  75   M   0  10    M  0.0    0  5.4 14 190   M    M   7 123    20 190
29  86  65  76   M   0  11 0.66  0.0    0  8.9 17 150   M    M   5 3      29 130
30  84  60  72   M   0   7 0.68  0.0    0  5.1 16 240   M    M   3 3      23 320
================================================================================
SM 2416 1847        11 201  5.86     0.0 190.0          M      184
================================================================================
AV 80.5 61.6                               6.3 FASTST   M    M   6    MAX(MPH)
                                 MISC ---->    18   M                 51    M
================================================================================
NOTES:
# LAST OF SEVERAL OCCURRENCES

COLUMN 17 PEAK WIND IN M.P.H.

PRELIMINARY LOCAL CLIMATOLOGICAL DATA (WS FORM: F-6) , PAGE 2

                                          STATION:  FREDERICKSBURG
                                          MONTH:    MAY
                                          YEAR:     2016
                                          LATITUDE:   30 15 N
                                          LONGITUDE:  98 55 W

[TEMPERATURE DATA]      [PRECIPITATION DATA]       SYMBOLS USED IN COLUMN 16

AVERAGE MONTHLY: 71.1   TOTAL FOR MONTH:   5.86    1 = FOG OR MIST
DPTR FM NORMAL:     M   DPTR FM NORMAL:       M    2 = FOG REDUCING VISIBILITY
HIGHEST:    90 ON 10    GRTST 24HR  2.15 ON 18-18      TO 1/4 MILE OR LESS
LOWEST:     45 ON  5                               3 = THUNDER
                        SNOW, ICE PELLETS, HAIL    4 = ICE PELLETS
                        TOTAL MONTH:   0.0 INCH    5 = HAIL
                        GRTST 24HR     0.0         6 = FREEZING RAIN OR DRIZZLE
                        GRTST DEPTH:   0           7 = DUSTSTORM OR SANDSTORM:
                                                       VSBY 1/2 MILE OR LESS
                                                   8 = SMOKE OR HAZE
[NO. OF DAYS WITH]      [WEATHER - DAYS WITH]      9 = BLOWING SNOW
                                                   X = TORNADO
MAX 32 OR BELOW:   0    0.01 INCH OR MORE:  11
MAX 90 OR ABOVE:   1    0.10 INCH OR MORE:   6
MIN 32 OR BELOW:   0    0.50 INCH OR MORE:   5
MIN  0 OR BELOW:   0    1.00 INCH OR MORE:   2

[HDD (BASE 65) ]
TOTAL THIS MO.    11    CLEAR  (SCALE 0-3)   5
DPTR FM NORMAL     M    PTCLDY (SCALE 4-7)  14
TOTAL FM JUL 1  1765    CLOUDY (SCALE 8-10) 11
DPTR FM NORMAL     M

[CDD (BASE 65) ]
TOTAL THIS MO.   201
DPTR FM NORMAL     M    [PRESSURE DATA]
TOTAL FM JAN 1   323    HIGHEST SLP M ON M
DPTR FM NORMAL     M    LOWEST  SLP M ON M

[REMARKS]
