000
CXUS55 KTBW 181000
CF6TBW
PRELIMINARY LOCAL CLIMATOLOGICAL DATA (WS FORM: F-6)

                                          STATION:   Ruskin  WFO
                                          MONTH:     APRIL
                                          YEAR:      2014
                                          LATITUDE:   27 42 N
                                          LONGITUDE:  82 24 W

  TEMPERATURE IN F:       :PCPN:    SNOW:  WIND      :SUNSHINE: SKY     :PK WND
================================================================================
1   2   3   4   5  6A  6B    7    8   9   10  11  12  13   14  15   16   17  18
                                     12Z  AVG MX 2MIN
DY MAX MIN AVG DEP HDD CDD  WTR  SNW DPTH SPD SPD DIR MIN PSBL S-S WX    SPD DR
================================================================================

 1  84  52  68   M   0   3 0.00  0.0    0   M   M   M   M    M   M         M  M
 2  84  58  71   M   0   6 0.00  0.0    0   M   M   M   M    M   M         M  M
 3  83  58  71   M   0   6 0.00  0.0    0   M   M   M   M    M   M         M  M
 4  84  61  73   M   0   8 0.00  0.0    0   M   M   M   M    M   M         M  M
 5  84  61  73   M   0   8 0.00  0.0    0   M   M   M   M    M   M         M  M
 6  86  63  75   M   0  10 0.00  0.0    0   M   M   M   M    M   M         M  M
 7  87  66  77   M   0  12 0.00  0.0    0   M   M   M   M    M   M         M  M
 8  76  66  71   M   0   6 0.99  0.0    0   M   M   M   M    M   M 1       M  M
 9  71  58  65   M   0   0 0.02  0.0    0   M   M   M   M    M   M         M  M
10  80  54  67   M   0   2 0.00  0.0    0   M   M   M   M    M   M         M  M
11  84  55  70   M   0   5 0.00  0.0    M   M   M   M   M    M   M         M  M
12  86  64  75   M   0  10 0.00  0.0    M   M   M   M   M    M   M         M  M
13  86  63  75   M   0  10 0.00  0.0    M   M   M   M   M    M   M         M  M
14  86  68  77   M   0  12 0.00  0.0    0   M   M   M   M    M   M         M  M
15  83  64  74   M   0   9 0.01  0.0    0   M   M   M   M    M   M         M  M
16  78  53  66   M   0   1 0.00  0.0    M   M   M   M   M    M   M         M  M
17  83  61  72   M   0   7 0.00  0.0    M   M   M   M   M    M   M         M  M
================================================================================
SM 1405 1025         0 115  1.02     0.0     M          M        M
================================================================================
AV 82.6 60.3                                 M FASTST   M    M   5    MAX(MPH)
                                 MISC ---->     M   M                  M    M
================================================================================
NOTES:
# LAST OF SEVERAL OCCURRENCES

COLUMN 17 PEAK WIND IN M.P.H.

PRELIMINARY LOCAL CLIMATOLOGICAL DATA (WS FORM: F-6) , PAGE 2

                                          STATION:  Ruskin  WFO
                                          MONTH:    APRIL
                                          YEAR:     2014
                                          LATITUDE:   27 42 N
                                          LONGITUDE:  82 24 W

[TEMPERATURE DATA]      [PRECIPITATION DATA]       SYMBOLS USED IN COLUMN 16

AVERAGE MONTHLY: 71.5   TOTAL FOR MONTH:   1.02    1 = FOG OR MIST
DPTR FM NORMAL:     M   DPTR FM NORMAL:       M    2 = FOG REDUCING VISIBILITY
HIGHEST:    87 ON  7    GRTST 24HR  0.99 ON  8- 8      TO 1/4 MILE OR LESS
LOWEST:     52 ON  1                               3 = THUNDER
                        SNOW, ICE PELLETS, HAIL    4 = ICE PELLETS
                        TOTAL MONTH:   0.0 INCH    5 = HAIL
                        GRTST 24HR     0.0         6 = FREEZING RAIN OR DRIZZLE
                        GRTST DEPTH:   0           7 = DUSTSTORM OR SANDSTORM:
                                                       VSBY 1/2 MILE OR LESS
                                                   8 = SMOKE OR HAZE
[NO. OF DAYS WITH]      [WEATHER - DAYS WITH]      9 = BLOWING SNOW
                                                   X = TORNADO
MAX 32 OR BELOW:   0    0.01 INCH OR MORE:   3
MAX 90 OR ABOVE:   0    0.10 INCH OR MORE:   1
MIN 32 OR BELOW:   0    0.50 INCH OR MORE:   1
MIN  0 OR BELOW:   0    1.00 INCH OR MORE:   0

[HDD (BASE 65) ]
TOTAL THIS MO.     0    CLEAR  (SCALE 0-3)   0
DPTR FM NORMAL     M    PTCLDY (SCALE 4-7)   0
TOTAL FM JUL 1   423    CLOUDY (SCALE 8-10)  0
DPTR FM NORMAL     M

[CDD (BASE 65) ]
TOTAL THIS MO.   115
DPTR FM NORMAL     M    [PRESSURE DATA]
TOTAL FM JAN 1   324    HIGHEST SLP M ON M
DPTR FM NORMAL     M    LOWEST  SLP M ON M

[REMARKS]
